-- Table structure for table `ch_education`
--

CREATE TABLE `ch_education` (
  `edu_id` int(7) NOT NULL,
  `edu_name` varchar(100) NOT NULL,
  `edu_priority` int(3) NOT NULL,
  `edu_status` tinyint(2) NOT NULL
) ENGINE=InnoDB DEFAULT CHARSET=latin1;

--
-- Dumping data for table `ch_education`
--

INSERT INTO `ch_education` (`edu_id`, `edu_name`, `edu_priority`, `edu_status`) VALUES
(1, 'Diploma/Certificate', 1, 1),
(2, 'Basic/Graduation', 2, 1),
(3, 'Post Graduation', 3, 1),
(4, 'PhD/Doctorate', 4, 1),
(5, 'Other', 5, 1);

-- --------------------------------------------------------

--
-- Table structure for table `ch_edu_spec`
--

CREATE TABLE `ch_edu_spec` (
  `es_id` int(7) NOT NULL,
  `edu_id` int(7) NOT NULL,
  `es_name` varchar(200) NOT NULL,
  `es_status` tinyint(2) NOT NULL DEFAULT '1'
) ENGINE=InnoDB DEFAULT CHARSET=latin1;

--
-- Dumping data for table `ch_edu_spec`
--

INSERT INTO `ch_edu_spec` (`es_id`, `edu_id`, `es_name`, `es_status`) VALUES
(1, 2, 'Agriculture', 1),
(2, 2, 'Anthropology', 1),
(3, 2, 'Bio-Chemistry', 1),
(4, 2, 'Biology', 1),
(5, 2, 'Botany', 1),
(6, 2, 'Chemistry', 1),
(7, 2, 'Computers', 1),
(8, 2, 'Dairy Technology', 1),
(9, 2, 'Electronics', 1),
(10, 2, 'Environmental science', 1),
(11, 2, 'Food Technology', 1),
(12, 2, 'Geology', 1),
(13, 2, 'Home science', 1),
(14, 2, 'Maths', 1),
(15, 2, 'Microbiology', 1),
(16, 2, 'Nursing', 1),
(17, 2, 'Physics', 1),
(18, 2, 'Statistics', 1),
(19, 2, 'Zoology', 1),
(20, 2, 'General', 1),
(21, 2, 'Arts &amp; Humanities', 1),
(22, 2, 'Communication', 1),
(23, 2, 'Economics', 1),
(24, 2, 'English', 1),
(25, 2, 'Film', 1),
(26, 2, 'Fine arts', 1),
(27, 2, 'Hindi', 1),
(28, 2, 'History', 1),
(29, 2, 'Journalism', 1),
(30, 2, 'Political Science', 1),
(31, 2, 'PR/ Advertising', 1),
(32, 2, 'Psychology', 1),
(33, 2, 'Sanskrit', 1),
(34, 2, 'Sociology', 1);

-- --------------------------------------------------------

--
-- Table structure for table `ch_employer`
--

CREATE TABLE `ch_employer` (
  `emp_id` int(7) NOT NULL,
  `emp_comp_name` varchar(200) NOT NULL,
  `emp_fname` varchar(150) DEFAULT NULL,
  `emp_lname` varchar(150) DEFAULT NULL,
  `emp_designation` varchar(150) NOT NULL,
  `emp_ccode` varchar(10) DEFAULT NULL,
  `emp_phone` varchar(50) NOT NULL,
  `emp_email` varchar(50) NOT NULL,
  `emp_website` varchar(100) DEFAULT NULL,
  `emp_number` varchar(25) NOT NULL,
  `emp_password` varchar(100) NOT NULL,
  `emp_hash` varchar(100) NOT NULL,
  `emp_desc` text,
  `emp_type` tinyint(2) NOT NULL COMMENT '0-Company,1-Consultant',
  `emp_location` varchar(150) DEFAULT NULL,
  `emp_jobportal` varchar(100) DEFAULT NULL,
  `emp_authkey` varchar(150) NOT NULL,
  `emp_verify` tinyint(2) NOT NULL DEFAULT '0',
  `why_here` varchar(75) DEFAULT NULL,
  `emp_reg_date` date NOT NULL,
  `emp_update_date` datetime NOT NULL,
  `emp_encrypt_id` varchar(100) NOT NULL,
  `emp_status` tinyint(2) NOT NULL DEFAULT '0',
  `emp_logo` text NOT NULL
) ENGINE=InnoDB DEFAULT CHARSET=latin1;

--
-- Dumping data for table `ch_employer`
--

INSERT INTO `ch_employer` (`emp_id`, `emp_comp_name`, `emp_fname`, `emp_lname`, `emp_designation`, `emp_ccode`, `emp_phone`, `emp_email`, `emp_website`, `emp_number`, `emp_password`, `emp_hash`, `emp_desc`, `emp_type`, `emp_location`, `emp_jobportal`, `emp_authkey`, `emp_verify`, `why_here`, `emp_reg_date`, `emp_update_date`, `emp_encrypt_id`, `emp_status`, `emp_logo`) VALUES
(1, 'cityinnovates', 'Ankit', 'kumar', 'php developer', '91', '9654215063', 'ankitkumar@cityinnovates.com', 'https://cilearningschool.com/naukri/', '10~25', '25d55ad283aa400af464c76d713c07ad', '12345678', 'https://www.instagram.com/hrportal/', 1, 'India', NULL, 'f5ad7c0894fc457bc35c332f803650f4', 1, 'LinkedIn', '2020-04-13', '2020-04-13 10:07:21', 'c4ca4238a0b923820dcc509a6f75849b', 1, ''),
(2, 'Ci company', 'Pradeep', 'suhag', 'web', '91', '9992919148', 'pradeep@ci.com', 'www.ci.com', '1~3', '25d55ad283aa400af464c76d713c07ad', '12345678', 'kdlas flkd jfalfsdjnvbnvnvbn', 1, 'Noida', NULL, '2a441f037005f983b3daf691197298a1', 1, 'Ad on google', '2020-04-13', '2020-04-13 12:18:09', 'c81e728d9d4c2f636f067f89cc14862c', 1, '/home/cityeduh/public_html/naukri/company_logo/1591342396.jpg'),
(3, 'Riffre', 'Pradeep', NULL, '', NULL, '9992919148', 'pradeep@ci.commm', NULL, '', '25d55ad283aa400af464c76d713c07ad', '12345678', 'dfgdfg', 1, 'Fredabad', NULL, '6e54c914a9098ea484ac0255215c2b94', 0, NULL, '2020-06-11', '2020-06-11 11:56:22', 'eccbc87e4b5ce2fe28308fd9f2a7baf3', 0, ''),
(4, 'erteter', 'Pradeep', NULL, '', NULL, '9876543210', 'pradeep@ci.comgtyrtyr', NULL, '', '25d55ad283aa400af464c76d713c07ad', '12345678', 'fewrwerwe', 1, 'Fredabad', NULL, 'a473fce7bc6e32caca631023e8f09d0e', 0, NULL, '2020-06-29', '2020-06-29 11:08:54', 'a87ff679a2f3e71d9181a67b7542122c', 0, '/home/cityeduh/public_html/naukri/company_logo/15711377664.jpg'),
(5, 'title', ' job_location', ' job_min_exp', '', NULL, '', '', NULL, '', '', '', NULL, 0, NULL, NULL, '', 0, NULL, '0000-00-00', '0000-00-00 00:00:00', '', 0, ''),
(6, 'title', ' job_location', ' job_min_exp', '', NULL, '', '', NULL, '', '', '', NULL, 0, NULL, NULL, '', 0, NULL, '0000-00-00', '0000-00-00 00:00:00', '', 0, ''),
(7, 'title', ' job_location', ' job_min_exp', '', NULL, '', '', NULL, '', '', '', NULL, 0, NULL, NULL, '', 0, NULL, '0000-00-00', '0000-00-00 00:00:00', '', 0, ''),
(8, 'title', ' job_location', ' job_min_exp', '', NULL, '', '', NULL, '', '', '', NULL, 0, NULL, NULL, '', 0, NULL, '0000-00-00', '0000-00-00 00:00:00', '', 0, ''),
(9, 'title', ' job_location', ' job_min_exp', '', NULL, '', '', NULL, '', '', '', NULL, 0, NULL, NULL, '', 0, NULL, '0000-00-00', '0000-00-00 00:00:00', '', 0, ''),
(10, 'title', ' job_location', ' job_min_exp', '', NULL, '', '', NULL, '', '', '', NULL, 0, NULL, NULL, '', 0, NULL, '0000-00-00', '0000-00-00 00:00:00', '', 0, '');

-- --------------------------------------------------------

--
-- Table structure for table `ch_employer_wishlist`
--

CREATE TABLE `ch_employer_wishlist` (
  `id` int(11) NOT NULL,
  `employer_id` int(11) NOT NULL,
  `job_id` varchar(256) NOT NULL,
  `time` datetime NOT NULL
) ENGINE=MyISAM DEFAULT CHARSET=latin1;

-- --------------------------------------------------------

--
-- Table structure for table `ch_emppwd_reset`
--

CREATE TABLE `ch_emppwd_reset` (
  `epwd_id` int(5) NOT NULL,
  `epwd_encrypt_id` varchar(150) NOT NULL,
  `emp_id` int(7) NOT NULL,
  `epwd_vcode` varchar(250) NOT NULL,
  `epwd_otp` int(5) NOT NULL,
  `epwd_reqtime` datetime NOT NULL,
  `epwd_status` tinyint(2) NOT NULL
) ENGINE=InnoDB DEFAULT CHARSET=latin1;

--
-- Dumping data for table `ch_emppwd_reset`
--

INSERT INTO `ch_emppwd_reset` (`epwd_id`, `epwd_encrypt_id`, `emp_id`, `epwd_vcode`, `epwd_otp`, `epwd_reqtime`, `epwd_status`) VALUES
(1, 'c4ca4238a0b923820dcc509a6f75849b', 15, 'f5100388853657e022c50ba5ec83c00a', 4294, '2018-11-11 06:51:38', 0),
(2, 'c81e728d9d4c2f636f067f89cc14862c', 5, '4ffc9a6110906dee810aa9179a79b589', 11, '2019-01-27 22:37:43', 0),
(3, 'eccbc87e4b5ce2fe28308fd9f2a7baf3', 74, '3626131d032cffe4163397bd247e7c64', 3346, '2019-01-30 04:17:28', 0),
(4, 'a87ff679a2f3e71d9181a67b7542122c', 100, '51039a24485a529721acba5e20fde459', 7447, '2019-04-02 02:51:21', 2),
(5, 'e4da3b7fbbce2345d7772b0674a318d5', 100, '2e5155cc85add40be55803a4d7c8ed3f', 7650, '2019-04-04 06:50:20', 0),
(6, '1679091c5a880faf6fb5e6087eb1b2dc', 33, 'd2555ea878c91dd6accbc09584a3e101', 4434, '2019-04-09 06:32:34', 1),
(7, '8f14e45fceea167a5a36dedd4bea2543', 119, 'ea81b420356ae192d2e243b9f4242899', 9104, '2019-07-10 04:03:23', 1),
(8, 'c9f0f895fb98ab9159f51fd0297e236d', 10, '5656ddc30849c6c605a38ff326eea734', 5801, '2019-10-23 00:05:40', 2),
(9, '45c48cce2e2d7fbdea1afc51c7c6ad26', 126, 'bcfd7678ec10e916abe2a8fb913c71ca', 5172, '2019-10-26 01:36:08', 1),
(10, 'd3d9446802a44259755d38e6d163e820', 10, 'bd533e5b912283cad36193043c2358b8', 2877, '2019-12-04 01:04:58', 2),
(11, '6512bd43d9caa6e02c990b0a82652dca', 10, '14d6493cfaed7776720d17fe9b1b5a8e', 2388, '2019-12-04 01:05:33', 0);

-- --------------------------------------------------------

--
-- Table structure for table `ch_emp_alerts`
--

CREATE TABLE `ch_emp_alerts` (
  `ea_id` int(11) NOT NULL,
  `ea_enc` varchar(200) DEFAULT NULL,
  `ea_type` varchar(50) NOT NULL,
  `ea_ref_id` varchar(100) NOT NULL,
  `ea_createdOn` datetime NOT NULL DEFAULT CURRENT_TIMESTAMP,
  `ea_createdBy` varchar(20) NOT NULL,
  `ea_status` tinyint(1) NOT NULL DEFAULT '1'
) ENGINE=InnoDB DEFAULT CHARSET=latin1;

--
-- Dumping data for table `ch_emp_alerts`
--

INSERT INTO `ch_emp_alerts` (`ea_id`, `ea_enc`, `ea_type`, `ea_ref_id`, `ea_createdOn`, `ea_createdBy`, `ea_status`) VALUES
(6, 'EMP_PCK_34k7_20181221140801', 'Package expired', '20', '2018-12-21 14:08:01', '19', 1),
(7, 'EMP_PCK_4gdF_20181221140801', 'Package expired', '22', '2018-12-21 14:08:01', '21', 0),
(8, 'EMP_PCK_vkns_20181222070002', 'Package expired', '20', '2018-12-22 07:00:02', '19', 1),
(9, 'EMP_PCK_GQos_20181222070002', 'Package expired', '22', '2018-12-22 07:00:02', '21', 0),
(14, 'EMP_PCK_kVog_20181223070002', 'Package expired', '20', '2018-12-23 07:00:02', '19', 1),
(15, 'EMP_PCK_zYs8_20181223070002', 'Package expired', '23', '2018-12-23 07:00:02', '22', 1),
(24, 'EMP_PCK_JaIp_20181224070002', 'Package expired', '23', '2018-12-24 07:00:02', '22', 1),
(25, 'EMP_PCK_OIg7_20181224070002', 'Package expired', '24', '2018-12-24 07:00:02', '23', 1),
(26, 'EMP_PCK_lDER_20181224070002', 'Package expired', '25', '2018-12-24 07:00:02', '24', 1),
(27, 'EMP_PCK_andE_20181224070002', 'Package expired', '26', '2018-12-24 07:00:02', '25', 1),
(57, 'CAN_APPL20181224170514', 'job apply', '327', '2018-12-24 17:05:14', '61', 1),
(58, 'CAN_APPL20181224194850', 'job apply', '328', '2018-12-24 19:48:50', '58', 1),
(59, 'EMP_PCK_LgMX_20181225070001', 'Package expired', '23', '2018-12-25 07:00:01', '22', 1),
(60, 'EMP_PCK_0Usv_20181225070001', 'Package expired', '24', '2018-12-25 07:00:01', '23', 1),
(61, 'EMP_PCK_96BE_20181225070001', 'Package expired', '25', '2018-12-25 07:00:01', '24', 1),
(62, 'EMP_PCK_6tNT_20181225070001', 'Package expired', '26', '2018-12-25 07:00:01', '25', 1),
(63, 'EMP_PCK_Asmj_20181225070001', 'Package expired', '27', '2018-12-25 07:00:01', '26', 1),
(64, 'CAN_APPL20181225081135', 'job apply', '329', '2018-12-25 08:11:35', '61', 1),
(65, 'CAN_APPL20181225124536', 'job apply', '330', '2018-12-25 12:45:36', '34', 1),
(66, 'CAN_APPL20181225124938', 'job apply', '331', '2018-12-25 12:49:38', '61', 1),
(67, 'CAN_APPL20181225130841', 'job apply', '332', '2018-12-25 13:08:41', '61', 1),
(68, 'CAN_APPL20181225164115', 'job apply', '333', '2018-12-25 16:41:15', '10', 0),
(69, 'CAN_APPL20181225205538', 'job apply', '334', '2018-12-25 20:55:38', '61', 1),
(70, 'EMP_PCK_o2C0_20181226070002', 'Package expired', '24', '2018-12-26 07:00:02', '23', 1),
(71, 'EMP_PCK_9BCe_20181226070002', 'Package expired', '25', '2018-12-26 07:00:02', '24', 1),
(72, 'EMP_PCK_Y3bh_20181226070002', 'Package expired', '26', '2018-12-26 07:00:02', '25', 1),
(73, 'EMP_PCK_zsVQ_20181226070002', 'Package expired', '27', '2018-12-26 07:00:02', '26', 1),
(74, 'EMP_PCK_tBIs_20181226070002', 'Package expired', '29', '2018-12-26 07:00:02', '28', 1),
(75, 'CAN_APPL20181226133154', 'job apply', '335', '2018-12-26 13:31:54', '10', 0),
(76, 'CAN_APPL20181226230856', 'job apply', '336', '2018-12-26 23:08:56', '22', 1),
(77, 'EMP_PCK_1MSC_20181227070002', 'Package expired', '27', '2018-12-27 07:00:02', '26', 1),
(78, 'EMP_PCK_HMBh_20181227070002', 'Package expired', '29', '2018-12-27 07:00:02', '28', 1),
(79, 'EMP_PCK_9FV4_20181227070002', 'Package expired', '30', '2018-12-27 07:00:02', '29', 1),
(80, 'EMP_PCK_xaVf_20181227070002', 'Package expired', '31', '2018-12-27 07:00:02', '30', 1),
(81, 'CAN_APPL20181227143258', 'job apply', '337', '2018-12-27 14:32:58', '10', 0),
(82, 'EMP_PCK_NRHu_20181228070001', 'Package expired', '29', '2018-12-28 07:00:01', '28', 1),
(83, 'EMP_PCK_TJMV_20181228070001', 'Package expired', '30', '2018-12-28 07:00:01', '29', 1),
(84, 'EMP_PCK_zOBQ_20181228070001', 'Package expired', '31', '2018-12-28 07:00:01', '30', 1),
(85, 'EMP_PCK_dvoW_20181228070001', 'Package expired', '32', '2018-12-28 07:00:01', '31', 1),
(86, 'EMP_PCK_iRsb_20181228070001', 'Package expired', '33', '2018-12-28 07:00:01', '32', 1),
(87, 'EMP_PCK_8BEc_20181228070001', 'Package expired', '34', '2018-12-28 07:00:01', '33', 1),
(88, 'EMP_PCK_R2wc_20181229070002', 'Package expired', '30', '2018-12-29 07:00:02', '29', 1),
(89, 'EMP_PCK_6SVt_20181229070002', 'Package expired', '31', '2018-12-29 07:00:02', '30', 1),
(90, 'EMP_PCK_5UWS_20181229070002', 'Package expired', '32', '2018-12-29 07:00:02', '31', 1),
(91, 'EMP_PCK_cIE0_20181229070002', 'Package expired', '33', '2018-12-29 07:00:02', '32', 1),
(92, 'EMP_PCK_Ng5K_20181229070002', 'Package expired', '34', '2018-12-29 07:00:02', '33', 1),
(93, 'CAN_APPL20181229103834', 'job apply', '338', '2018-12-29 10:38:34', '10', 0),
(94, 'CAN_APPL20181229125536', 'job apply', '339', '2018-12-29 12:55:36', '10', 0),
(95, 'CAN_APPL20181229141516', 'job apply', '340', '2018-12-29 14:15:16', '10', 0),
(96, 'EMP_PCK_JvSs_20181230070002', 'Package expired', '32', '2018-12-30 07:00:02', '31', 1),
(97, 'EMP_PCK_wZzR_20181230070002', 'Package expired', '33', '2018-12-30 07:00:02', '32', 1),
(98, 'EMP_PCK_FXjg_20181230070002', 'Package expired', '34', '2018-12-30 07:00:02', '33', 1),
(99, 'CAN_APPL20181230123747', 'job apply', '341', '2018-12-30 12:37:47', '10', 0),
(100, 'CAN_APPL20181230125823', 'job apply', '342', '2018-12-30 12:58:23', '61', 1),
(101, 'CAN_APPL20181230131742', 'job apply', '343', '2018-12-30 13:17:42', '63', 1),
(102, 'CAN_APPL20181230132507', 'job apply', '344', '2018-12-30 13:25:07', '63', 0),
(103, 'CAN_APPL20181230134536', 'job apply', '345', '2018-12-30 13:45:36', '10', 0),
(104, 'CAN_APPL20181231074612', 'job apply', '346', '2018-12-31 07:46:12', '10', 0),
(105, 'CAN_APPL20181231171229', 'job apply', '347', '2018-12-31 17:12:29', '10', 0),
(106, 'CAN_APPL20181231171759', 'job apply', '348', '2018-12-31 17:17:59', '63', 1),
(107, 'EMP_PCK_OvzB_20190101070002', 'Package expired', '35', '2019-01-01 07:00:02', '34', 1),
(108, 'EMP_PCK_tM4f_20190101070002', 'Package expired', '36', '2019-01-01 07:00:02', '35', 1),
(109, 'EMP_PCK_BWn5_20190101070002', 'Package expired', '37', '2019-01-01 07:00:02', '36', 1),
(110, 'EMP_PCK_3JRh_20190101070002', 'Package expired', '38', '2019-01-01 07:00:02', '37', 1),
(111, 'EMP_PCK_YsRo_20190101070002', 'Package expired', '39', '2019-01-01 07:00:02', '38', 1),
(112, 'EMP_PCK_prQd_20190102070001', 'Package expired', '35', '2019-01-02 07:00:01', '34', 1),
(113, 'EMP_PCK_iDct_20190102070001', 'Package expired', '36', '2019-01-02 07:00:01', '35', 1),
(114, 'EMP_PCK_t8KT_20190102070001', 'Package expired', '37', '2019-01-02 07:00:01', '36', 1),
(115, 'EMP_PCK_SVvs_20190102070001', 'Package expired', '38', '2019-01-02 07:00:01', '37', 1),
(116, 'EMP_PCK_HVJy_20190102070001', 'Package expired', '39', '2019-01-02 07:00:01', '38', 1),
(117, 'EMP_PCK_5O3i_20190102070001', 'Package expired', '40', '2019-01-02 07:00:01', '39', 1),
(118, 'EMP_PCK_fghq_20190102070001', 'Package expired', '41', '2019-01-02 07:00:01', '40', 1),
(119, 'EMP_PCK_FTcK_20190102070001', 'Package expired', '42', '2019-01-02 07:00:01', '41', 1),
(120, 'CAN_APPL20190102074848', 'job apply', '349', '2019-01-02 07:48:48', '63', 1),
(121, 'CAN_APPL20190102092425', 'job apply', '350', '2019-01-02 09:24:25', '10', 0),
(122, 'CAN_APPL20190102102217', 'job apply', '351', '2019-01-02 10:22:17', '63', 1),
(123, 'CAN_APPL20190102102839', 'job apply', '352', '2019-01-02 10:28:39', '10', 0),
(124, 'CAN_APPL20190102112828', 'job apply', '353', '2019-01-02 11:28:28', '63', 1),
(125, 'CAN_APPL20190102125313', 'job apply', '354', '2019-01-02 12:53:13', '63', 1),
(126, 'CAN_APPL20190102134739', 'job apply', '355', '2019-01-02 13:47:39', '63', 1),
(127, 'CAN_APPL20190102135905', 'job apply', '356', '2019-01-02 13:59:05', '10', 0),
(128, 'CAN_APPL20190102140126', 'job apply', '357', '2019-01-02 14:01:26', '10', 1),
(129, 'CAN_APPL20190102141431', 'job apply', '358', '2019-01-02 14:14:31', '10', 0),
(130, 'CAN_APPL20190102141653', 'job apply', '359', '2019-01-02 14:16:53', '10', 0),
(131, 'CAN_APPL20190102143729', 'job apply', '360', '2019-01-02 14:37:29', '63', 1),
(132, 'CAN_APPL20190102150531', 'job apply', '361', '2019-01-02 15:05:31', '63', 1),
(133, 'CAN_APPL20190102161142', 'job apply', '362', '2019-01-02 16:11:42', '10', 1),
(134, 'CAN_APPL20190102183811', 'job apply', '363', '2019-01-02 18:38:11', '10', 1),
(135, 'CAN_APPL20190102191629', 'job apply', '364', '2019-01-02 19:16:29', '63', 1),
(136, 'CAN_APPL20190102193520', 'job apply', '365', '2019-01-02 19:35:20', '10', 0),
(137, 'CAN_APPL20190102204607', 'job apply', '366', '2019-01-02 20:46:07', '63', 1),
(138, 'CAN_APPL20190103051946', 'job apply', '367', '2019-01-03 05:19:46', '10', 1),
(139, 'CAN_APPL20190103052516', 'job apply', '368', '2019-01-03 05:25:16', '63', 1),
(140, 'EMP_PCK_7yLj_20190103070002', 'Package expired', '35', '2019-01-03 07:00:02', '34', 1),
(141, 'EMP_PCK_KbAs_20190103070002', 'Package expired', '36', '2019-01-03 07:00:02', '35', 1),
(142, 'EMP_PCK_Uqzp_20190103070002', 'Package expired', '37', '2019-01-03 07:00:02', '36', 1),
(143, 'EMP_PCK_HFqj_20190103070002', 'Package expired', '38', '2019-01-03 07:00:02', '37', 1),
(144, 'EMP_PCK_BtPS_20190103070002', 'Package expired', '39', '2019-01-03 07:00:02', '38', 1),
(145, 'EMP_PCK_RIAN_20190103070002', 'Package expired', '40', '2019-01-03 07:00:02', '39', 1),
(146, 'EMP_PCK_d25a_20190103070002', 'Package expired', '41', '2019-01-03 07:00:02', '40', 1),
(147, 'EMP_PCK_h7S5_20190103070002', 'Package expired', '42', '2019-01-03 07:00:02', '41', 1),
(148, 'EMP_PCK_GNF5_20190103070002', 'Package expired', '43', '2019-01-03 07:00:02', '42', 1),
(149, 'EMP_PCK_TzmI_20190103070002', 'Package expired', '44', '2019-01-03 07:00:02', '43', 1),
(150, 'VRD_CV_20190103072727', 'Verified cv', '33', '2019-01-03 07:27:27', '63', 1),
(151, 'VRD_CV_20190103072803', 'Verified cv', '34', '2019-01-03 07:28:03', '63', 1),
(152, 'VRD_CV_20190103072840', 'Verified cv', '35', '2019-01-03 07:28:40', '63', 1),
(153, 'VRD_CV_20190103081329', 'Verified cv', '36', '2019-01-03 08:13:29', '23', 1),
(154, 'VRD_CV_20190103081405', 'Verified cv', '37', '2019-01-03 08:14:05', '23', 1),
(155, 'CAN_APPL20190103081505', 'job apply', '369', '2019-01-03 08:15:05', '63', 1),
(156, 'CAN_APPL20190103083229', 'job apply', '370', '2019-01-03 08:32:29', '10', 1),
(157, 'VRD_CV_20190103140624', 'Verified cv', '38', '2019-01-03 14:06:24', '63', 1),
(158, 'CAN_APPL20190103160106', 'job apply', '371', '2019-01-03 16:01:06', '63', 1),
(159, 'CAN_APPL20190103163716', 'job apply', '372', '2019-01-03 16:37:16', '10', 1),
(160, 'CAN_APPL20190103203907', 'job apply', '373', '2019-01-03 20:39:07', '10', 1),
(161, 'CAN_APPL20190103213331', 'job apply', '374', '2019-01-03 21:33:31', '63', 1),
(162, 'CAN_APPL20190104061800', 'job apply', '375', '2019-01-04 06:18:00', '10', 1),
(163, 'EMP_PCK_9JLr_20190104070002', 'Package expired', '40', '2019-01-04 07:00:02', '39', 1),
(164, 'EMP_PCK_W2i1_20190104070002', 'Package expired', '41', '2019-01-04 07:00:02', '40', 1),
(165, 'EMP_PCK_UAXp_20190104070002', 'Package expired', '42', '2019-01-04 07:00:02', '41', 1),
(166, 'EMP_PCK_m4pV_20190104070002', 'Package expired', '43', '2019-01-04 07:00:02', '42', 1),
(167, 'EMP_PCK_u5aN_20190104070002', 'Package expired', '44', '2019-01-04 07:00:02', '43', 1),
(168, 'CAN_APPL20190104175530', 'job apply', '376', '2019-01-04 17:55:30', '63', 1),
(169, 'CAN_APPL20190105064223', 'job apply', '377', '2019-01-05 06:42:23', '57', 1),
(170, 'EMP_PCK_tl7f_20190105070002', 'Package expired', '43', '2019-01-05 07:00:02', '42', 1),
(171, 'EMP_PCK_ZM7C_20190105070002', 'Package expired', '44', '2019-01-05 07:00:02', '43', 1),
(172, 'CAN_APPL20190105112437', 'job apply', '378', '2019-01-05 11:24:37', '10', 1),
(173, 'CAN_APPL20190105131352', 'job apply', '379', '2019-01-05 13:13:52', '63', 1),
(174, 'CAN_APPL20190106084608', 'job apply', '380', '2019-01-06 08:46:08', '10', 1),
(175, 'CAN_APPL20190106092427', 'job apply', '381', '2019-01-06 09:24:27', '10', 1),
(176, 'CAN_APPL20190106095158', 'job apply', '382', '2019-01-06 09:51:58', '10', 1),
(177, 'CAN_APPL20190106095450', 'job apply', '383', '2019-01-06 09:54:50', '10', 1),
(178, 'CAN_APPL20190106100908', 'job apply', '384', '2019-01-06 10:09:08', '10', 1),
(179, 'CAN_APPL20190106101253', 'job apply', '385', '2019-01-06 10:12:53', '10', 1),
(180, 'CAN_APPL20190106101359', 'job apply', '386', '2019-01-06 10:13:59', '10', 1),
(181, 'CAN_APPL20190106102332', 'job apply', '387', '2019-01-06 10:23:32', '10', 1),
(182, 'CAN_APPL20190106103059', 'job apply', '388', '2019-01-06 10:30:59', '10', 1),
(183, 'CAN_APPL20190106104417', 'job apply', '389', '2019-01-06 10:44:17', '10', 1),
(184, 'CAN_APPL20190106104520', 'job apply', '390', '2019-01-06 10:45:20', '57', 1),
(185, 'CAN_APPL20190106105813', 'job apply', '391', '2019-01-06 10:58:13', '10', 1),
(186, 'CAN_APPL20190106110354', 'job apply', '392', '2019-01-06 11:03:54', '10', 1),
(187, 'CAN_APPL20190106110433', 'job apply', '393', '2019-01-06 11:04:33', '10', 1),
(188, 'CAN_APPL20190106111813', 'job apply', '394', '2019-01-06 11:18:13', '10', 1),
(189, 'CAN_APPL20190106125546', 'job apply', '395', '2019-01-06 12:55:46', '10', 1),
(190, 'CAN_APPL20190106130756', 'job apply', '396', '2019-01-06 13:07:56', '10', 1),
(191, 'CAN_APPL20190106132305', 'job apply', '397', '2019-01-06 13:23:05', '10', 1),
(192, 'CAN_APPL20190107004228', 'job apply', '398', '2019-01-07 00:42:28', '10', 1),
(193, 'CAN_APPL20190107052107', 'job apply', '399', '2019-01-07 05:21:07', '71', 1),
(194, 'CAN_APPL20190107062721', 'job apply', '400', '2019-01-07 06:27:21', '10', 1),
(195, 'CAN_APPL20190107063710', 'job apply', '401', '2019-01-07 06:37:10', '10', 1),
(196, 'EMP_PCK_8XxN_20190107070002', 'Package expired', '45', '2019-01-07 07:00:02', '44', 1),
(197, 'EMP_PCK_sfZ8_20190107070002', 'Package expired', '46', '2019-01-07 07:00:02', '45', 1),
(198, 'CAN_APPL20190107083752', 'job apply', '402', '2019-01-07 08:37:52', '10', 1),
(199, 'CAN_APPL20190107102819', 'job apply', '403', '2019-01-07 10:28:19', '69', 1),
(200, 'CAN_APPL20190107120027', 'job apply', '404', '2019-01-07 12:00:27', '10', 1),
(201, 'CAN_APPL20190107120136', 'job apply', '405', '2019-01-07 12:01:36', '10', 1),
(202, 'CAN_APPL20190107120222', 'job apply', '406', '2019-01-07 12:02:22', '10', 1),
(203, 'CAN_APPL20190107120305', 'job apply', '407', '2019-01-07 12:03:05', '10', 1),
(204, 'CAN_APPL20190107120353', 'job apply', '408', '2019-01-07 12:03:53', '10', 1),
(205, 'CAN_APPL20190107121412', 'job apply', '409', '2019-01-07 12:14:12', '61', 1),
(206, 'CAN_APPL20190107135939', 'job apply', '410', '2019-01-07 13:59:39', '10', 1),
(207, 'CAN_APPL20190107142711', 'job apply', '411', '2019-01-07 14:27:11', '10', 1),
(208, 'EMP_PCK_uFdW_20190108070002', 'Package expired', '45', '2019-01-08 07:00:02', '44', 1),
(209, 'EMP_PCK_cbko_20190108070002', 'Package expired', '46', '2019-01-08 07:00:02', '45', 1),
(210, 'EMP_PCK_sI1H_20190108070002', 'Package expired', '47', '2019-01-08 07:00:02', '46', 1),
(211, 'EMP_PCK_bqal_20190108070002', 'Package expired', '48', '2019-01-08 07:00:02', '47', 1),
(212, 'EMP_PCK_jsQP_20190108070002', 'Package expired', '49', '2019-01-08 07:00:02', '48', 1),
(213, 'CAN_APPL20190108124428', 'job apply', '412', '2019-01-08 12:44:28', '23', 1),
(214, 'EMP_PCK_gEup_20190109070002', 'Package expired', '45', '2019-01-09 07:00:02', '44', 1),
(215, 'EMP_PCK_8vK6_20190109070002', 'Package expired', '46', '2019-01-09 07:00:02', '45', 1),
(216, 'EMP_PCK_foWK_20190109070002', 'Package expired', '47', '2019-01-09 07:00:02', '46', 1),
(217, 'EMP_PCK_BXJa_20190109070002', 'Package expired', '48', '2019-01-09 07:00:02', '47', 1),
(218, 'EMP_PCK_tjNX_20190109070002', 'Package expired', '49', '2019-01-09 07:00:02', '48', 1),
(219, 'CAN_APPL20190109101713', 'job apply', '413', '2019-01-09 10:17:13', '10', 1),
(220, 'CAN_APPL20190109101744', 'job apply', '414', '2019-01-09 10:17:44', '10', 1),
(221, 'EMP_PCK_jtzg_20190110070002', 'Package expired', '47', '2019-01-10 07:00:02', '46', 1),
(222, 'EMP_PCK_Ccvp_20190110070002', 'Package expired', '48', '2019-01-10 07:00:02', '47', 1),
(223, 'EMP_PCK_5Mdv_20190110070002', 'Package expired', '49', '2019-01-10 07:00:02', '48', 1),
(224, 'EMP_PCK_F41A_20190110070002', 'Package expired', '50', '2019-01-10 07:00:02', '49', 1),
(225, 'VRD_CV_20190110073638', 'Verified cv', '39', '2019-01-10 07:36:38', '69', 1),
(226, 'VRD_CV_20190110073738', 'Verified cv', '40', '2019-01-10 07:37:38', '69', 1),
(227, 'VRD_CV_20190110073823', 'Verified cv', '41', '2019-01-10 07:38:23', '69', 1),
(228, 'VRD_CV_20190110073849', 'Verified cv', '42', '2019-01-10 07:38:49', '69', 1),
(229, 'VRD_CV_20190110073917', 'Verified cv', '43', '2019-01-10 07:39:18', '69', 1),
(230, 'VRD_CV_20190110094935', 'Verified cv', '44', '2019-01-10 09:49:35', '23', 1),
(231, 'VRD_CV_20190110094944', 'Verified cv', '45', '2019-01-10 09:49:44', '23', 1),
(232, 'EMP_PCK_1oHp_20190111070003', 'Package expired', '50', '2019-01-11 07:00:03', '49', 1),
(233, 'EMP_PCK_WgUO_20190112070002', 'Package expired', '50', '2019-01-12 07:00:02', '49', 1),
(234, 'EMP_PCK_3nX9_20190112070002', 'Package expired', '51', '2019-01-12 07:00:02', '50', 1),
(235, 'CAN_APPL20190112153132', 'job apply', '415', '2019-01-12 15:31:32', '10', 1),
(236, 'CAN_APPL20190112161604', 'job apply', '416', '2019-01-12 16:16:04', '10', 1),
(237, 'EMP_PCK_7LcD_20190113070002', 'Package expired', '51', '2019-01-13 07:00:02', '50', 1),
(238, 'CAN_APPL20190113143542', 'job apply', '417', '2019-01-13 14:35:42', '10', 1),
(239, 'EMP_PCK_6rf4_20190114070002', 'Package expired', '51', '2019-01-14 07:00:02', '50', 1),
(240, 'CAN_APPL20190114090137', 'job apply', '418', '2019-01-14 09:01:37', '10', 1),
(241, 'CAN_APPL20190114092520', 'job apply', '419', '2019-01-14 09:25:20', '77', 1),
(242, 'CAN_APPL20190114110055', 'job apply', '420', '2019-01-14 11:00:55', '10', 1),
(243, 'CAN_APPL20190114122121', 'job apply', '421', '2019-01-14 12:21:21', '10', 1),
(244, 'CAN_APPL20190114130312', 'job apply', '422', '2019-01-14 13:03:12', '10', 1),
(245, 'CAN_APPL20190114131821', 'job apply', '423', '2019-01-14 13:18:21', '10', 1),
(246, 'CAN_APPL20190115070440', 'job apply', '424', '2019-01-15 07:04:40', '10', 1),
(247, 'CAN_APPL20190115112208', 'job apply', '425', '2019-01-15 11:22:08', '34', 1),
(248, 'CAN_APPL20190115112942', 'job apply', '426', '2019-01-15 11:29:42', '34', 1),
(249, 'CAN_APPL20190115131256', 'job apply', '427', '2019-01-15 13:12:56', '10', 1),
(250, 'CAN_APPL20190115132336', 'job apply', '428', '2019-01-15 13:23:36', '10', 1),
(251, 'CAN_APPL20190115134153', 'job apply', '429', '2019-01-15 13:41:53', '10', 1),
(252, 'CAN_APPL20190115135056', 'job apply', '430', '2019-01-15 13:50:56', '10', 1),
(253, 'CAN_APPL20190115135936', 'job apply', '431', '2019-01-15 13:59:36', '73', 1),
(254, 'CAN_APPL20190115141919', 'job apply', '432', '2019-01-15 14:19:19', '79', 1),
(255, 'CAN_APPL20190115145621', 'job apply', '433', '2019-01-15 14:56:21', '10', 1),
(256, 'CAN_APPL20190115174604', 'job apply', '434', '2019-01-15 17:46:04', '10', 1),
(257, 'VRD_CV_20190116062857', 'Verified cv', '46', '2019-01-16 06:28:57', '73', 1),
(258, 'VRD_CV_20190116064804', 'Verified cv', '47', '2019-01-16 06:48:04', '73', 1),
(259, 'VRD_CV_20190116065017', 'Verified cv', '48', '2019-01-16 06:50:17', '73', 1),
(260, 'EMP_PCK_VAtZ_20190116070002', 'Package expired', '52', '2019-01-16 07:00:02', '51', 1),
(261, 'CAN_APPL20190116100416', 'job apply', '435', '2019-01-16 10:04:16', '77', 1),
(262, 'CAN_APPL20190116105453', 'job apply', '436', '2019-01-16 10:54:53', '10', 1),
(263, 'CAN_APPL20190116120143', 'job apply', '437', '2019-01-16 12:01:43', '10', 1),
(264, 'CAN_APPL20190116193849', 'job apply', '438', '2019-01-16 19:38:49', '10', 1),
(265, 'EMP_PCK_Zj1g_20190117070002', 'Package expired', '52', '2019-01-17 07:00:02', '51', 1),
(266, 'EMP_PCK_2Vaw_20190117070002', 'Package expired', '53', '2019-01-17 07:00:02', '52', 1),
(267, 'EMP_PCK_7uo4_20190117070002', 'Package expired', '54', '2019-01-17 07:00:02', '53', 1),
(268, 'CAN_APPL20190117093734', 'job apply', '439', '2019-01-17 09:37:34', '10', 1),
(269, 'VRD_CV_20190117124752', 'Verified cv', '49', '2019-01-17 12:47:52', '71', 1),
(270, 'CAN_APPL20190117194516', 'job apply', '440', '2019-01-17 19:45:16', '10', 1),
(271, 'EMP_PCK_vBmA_20190118070002', 'Package expired', '52', '2019-01-18 07:00:02', '51', 1),
(272, 'EMP_PCK_sKAE_20190118070002', 'Package expired', '53', '2019-01-18 07:00:02', '52', 1),
(273, 'EMP_PCK_T6HU_20190118070002', 'Package expired', '54', '2019-01-18 07:00:02', '53', 1),
(274, 'CAN_APPL20190119014107', 'job apply', '441', '2019-01-19 01:41:07', '80', 1),
(275, 'CAN_APPL20190119063907', 'job apply', '442', '2019-01-19 06:39:07', '80', 1),
(276, 'EMP_PCK_auvN_20190119070003', 'Package expired', '53', '2019-01-19 07:00:03', '52', 1),
(277, 'EMP_PCK_R8ST_20190119070003', 'Package expired', '54', '2019-01-19 07:00:03', '53', 1),
(278, 'CAN_APPL20190119102654', 'job apply', '443', '2019-01-19 10:26:54', '10', 1),
(279, 'EMP_PCK_oSqd_20190121070002', 'Package expired', '55', '2019-01-21 07:00:02', '54', 1),
(280, 'EMP_PCK_MNsf_20190121070002', 'Package expired', '56', '2019-01-21 07:00:02', '55', 1),
(281, 'CAN_APPL20190121073217', 'job apply', '444', '2019-01-21 07:32:17', '10', 1),
(282, 'CAN_APPL20190121105436', 'job apply', '445', '2019-01-21 10:54:36', '10', 1),
(283, 'CAN_APPL20190121143325', 'job apply', '446', '2019-01-21 14:33:25', '10', 1),
(284, 'CAN_APPL20190121143527', 'job apply', '447', '2019-01-21 14:35:27', '10', 1),
(285, 'EMP_PCK_mwbD_20190122070002', 'Package expired', '55', '2019-01-22 07:00:02', '54', 1),
(286, 'EMP_PCK_Wgxh_20190122070002', 'Package expired', '56', '2019-01-22 07:00:02', '55', 1),
(287, 'EMP_PCK_bY08_20190122070002', 'Package expired', '57', '2019-01-22 07:00:02', '5', 1),
(288, 'EMP_PCK_abw3_20190122070002', 'Package expired', '59', '2019-01-22 07:00:02', '56', 1),
(289, 'CAN_APPL20190122112535', 'job apply', '448', '2019-01-22 11:25:35', '80', 1),
(290, 'EMP_PCK_L49z_20190123070003', 'Package expired', '55', '2019-01-23 07:00:03', '54', 1),
(291, 'EMP_PCK_UulG_20190123070003', 'Package expired', '56', '2019-01-23 07:00:03', '55', 1),
(292, 'EMP_PCK_p9tI_20190123070003', 'Package expired', '57', '2019-01-23 07:00:03', '5', 1),
(293, 'EMP_PCK_mtaK_20190123070003', 'Package expired', '59', '2019-01-23 07:00:03', '56', 1),
(294, 'EMP_PCK_X3HP_20190123070003', 'Package expired', '60', '2019-01-23 07:00:03', '57', 1),
(295, 'CAN_APPL20190126095908', 'job apply', '449', '2019-01-26 09:59:08', '71', 1),
(296, 'EMP_PCK_TAG0_20190126230002', 'Package expired', '62', '2019-01-26 23:00:02', '59', 1),
(297, 'CAN_APPL20190127005936', 'job apply', '450', '2019-01-27 00:59:36', '82', 0),
(298, 'EMP_PCK_vQnb_20190127230002', 'Package expired', '62', '2019-01-27 23:00:02', '59', 1),
(299, 'EMP_PCK_2BFW_20190127230002', 'Package expired', '63', '2019-01-27 23:00:02', '60', 1),
(300, 'EMP_PCK_KWhz_20190128230002', 'Package expired', '62', '2019-01-28 23:00:02', '59', 1),
(301, 'EMP_PCK_yd7m_20190128230002', 'Package expired', '63', '2019-01-28 23:00:02', '60', 1),
(302, 'CAN_APPL20190129085259', 'job apply', '451', '2019-01-29 08:52:59', '10', 1),
(303, 'EMP_PCK_v3TP_20190129230003', 'Package expired', '63', '2019-01-29 23:00:03', '60', 1),
(304, 'CAN_APPL20190130081309', 'job apply', '452', '2019-01-30 08:13:09', '10', 1),
(305, 'EMP_PCK_yCd5_20190130230002', 'Package expired', '64', '2019-01-30 23:00:02', '61', 1),
(306, 'CAN_APPL20190131080153', 'job apply', '453', '2019-01-31 08:01:53', '10', 1),
(307, 'EMP_PCK_IRuB_20190131230002', 'Package expired', '64', '2019-01-31 23:00:02', '61', 1),
(308, 'EMP_PCK_MH91_20190201230002', 'Package expired', '64', '2019-02-01 23:00:02', '61', 1),
(309, 'CAN_APPL20190203004433', 'job apply', '454', '2019-02-03 00:44:33', '10', 1),
(310, 'CAN_APPL20190203005053', 'job apply', '455', '2019-02-03 00:50:53', '21', 0),
(311, 'CAN_APPL20190203030618', 'job apply', '456', '2019-02-03 03:06:18', '10', 1),
(312, 'CAN_APPL20190203031437', 'job apply', '457', '2019-02-03 03:14:37', '10', 1),
(313, 'CAN_APPL20190203033728', 'job apply', '458', '2019-02-03 03:37:28', '10', 1),
(314, 'CAN_APPL20190203104610', 'job apply', '459', '2019-02-03 10:46:10', '32', 1),
(315, 'CAN_APPL20190203144604', 'job apply', '460', '2019-02-03 14:46:04', '10', 1),
(316, 'CAN_APPL20190203234640', 'job apply', '461', '2019-02-03 23:46:40', '82', 0),
(317, 'CAN_APPL20190204030636', 'job apply', '462', '2019-02-04 03:06:36', '10', 1),
(318, 'CAN_APPL20190204125734', 'job apply', '463', '2019-02-04 12:57:34', '10', 1),
(319, 'CAN_APPL20190205092127', 'job apply', '464', '2019-02-05 09:21:27', '80', 1),
(320, 'CAN_APPL20190205114645', 'job apply', '465', '2019-02-05 11:46:45', '10', 1),
(321, 'CAN_APPL20190205145918', 'job apply', '466', '2019-02-05 14:59:18', '10', 1),
(322, 'CAN_APPL20190205152712', 'job apply', '467', '2019-02-05 15:27:12', '72', 1),
(323, 'EMP_PCK_JE3o_20190205230003', 'Package expired', '65', '2019-02-05 23:00:03', '62', 1),
(324, 'EMP_PCK_KX2E_20190205230003', 'Package expired', '58', '2019-02-05 23:00:03', '5', 1),
(325, 'CAN_APPL20190205231825', 'job apply', '468', '2019-02-05 23:18:25', '10', 1),
(326, 'CAN_APPL20190206023757', 'job apply', '469', '2019-02-06 02:37:57', '49', 1),
(327, 'CAN_APPL20190206130239', 'job apply', '470', '2019-02-06 13:02:39', '10', 1),
(328, 'CAN_APPL20190206212815', 'job apply', '471', '2019-02-06 21:28:15', '10', 1),
(329, 'EMP_PCK_yhBX_20190206230003', 'Package expired', '65', '2019-02-06 23:00:03', '62', 1),
(330, 'EMP_PCK_Nt71_20190206230003', 'Package expired', '58', '2019-02-06 23:00:03', '5', 1),
(331, 'CAN_APPL20190206233323', 'job apply', '472', '2019-02-06 23:33:23', '10', 1),
(332, 'EMP_PCK_Fvqd_20190207230003', 'Package expired', '65', '2019-02-07 23:00:03', '62', 1),
(333, 'EMP_PCK_rC6j_20190207230003', 'Package expired', '66', '2019-02-07 23:00:03', '63', 1),
(334, 'EMP_PCK_DsAf_20190207230003', 'Package expired', '58', '2019-02-07 23:00:03', '5', 1),
(335, 'CAN_APPL20190208065635', 'job apply', '473', '2019-02-08 06:56:35', '10', 1),
(336, 'EMP_PCK_rgnu_20190208230002', 'Package expired', '66', '2019-02-08 23:00:02', '63', 1),
(337, 'EMP_PCK_Pt7Q_20190208230002', 'Package expired', '67', '2019-02-08 23:00:02', '64', 1),
(338, 'CAN_APPL20190209013031', 'job apply', '474', '2019-02-09 01:30:31', '10', 1),
(339, 'CAN_APPL20190209052251', 'job apply', '475', '2019-02-09 05:22:51', '10', 1),
(340, 'CAN_APPL20190209091233', 'job apply', '476', '2019-02-09 09:12:33', '60', 1),
(341, 'CAN_APPL20190209104110', 'job apply', '477', '2019-02-09 10:41:10', '10', 1),
(342, 'EMP_PCK_sadZ_20190209230003', 'Package expired', '66', '2019-02-09 23:00:03', '63', 1),
(343, 'EMP_PCK_7ubB_20190209230003', 'Package expired', '67', '2019-02-09 23:00:03', '64', 1),
(344, 'CAN_APPL20190210035232', 'job apply', '478', '2019-02-10 03:52:32', '10', 1),
(345, 'CAN_APPL20190210045211', 'job apply', '479', '2019-02-10 04:52:11', '77', 1),
(346, 'EMP_PCK_vYEx_20190210230002', 'Package expired', '67', '2019-02-10 23:00:02', '64', 1),
(347, 'EMP_PCK_rD54_20190210230002', 'Package expired', '68', '2019-02-10 23:00:02', '65', 1),
(348, 'EMP_PCK_EwZX_20190210230002', 'Package expired', '69', '2019-02-10 23:00:02', '66', 1),
(349, 'CAN_APPL20190210231005', 'job apply', '480', '2019-02-10 23:10:05', '47', 1),
(350, 'CAN_APPL20190210233159', 'job apply', '481', '2019-02-10 23:31:59', '66', 1),
(351, 'CAN_APPL20190210235737', 'job apply', '482', '2019-02-10 23:57:37', '59', 1),
(352, 'CAN_APPL20190211000816', 'job apply', '483', '2019-02-11 00:08:16', '10', 1),
(353, 'CAN_APPL20190211005425', 'job apply', '484', '2019-02-11 00:54:25', '10', 1),
(354, 'CAN_APPL20190211010428', 'job apply', '485', '2019-02-11 01:04:28', '10', 1),
(355, 'CAN_APPL20190211021828', 'job apply', '486', '2019-02-11 02:18:28', '10', 1),
(356, 'CAN_APPL20190211034444', 'job apply', '487', '2019-02-11 03:44:44', '66', 1),
(357, 'CAN_APPL20190211041815', 'job apply', '488', '2019-02-11 04:18:15', '66', 1),
(358, 'CAN_APPL20190211174000', 'job apply', '489', '2019-02-11 17:40:00', '10', 1),
(359, 'CAN_APPL20190211222050', 'job apply', '490', '2019-02-11 22:20:50', '10', 1),
(360, 'CAN_APPL20190211225518', 'job apply', '491', '2019-02-11 22:55:18', '10', 1),
(361, 'EMP_PCK_UCpv_20190211230003', 'Package expired', '68', '2019-02-11 23:00:03', '65', 1),
(362, 'EMP_PCK_BThw_20190211230003', 'Package expired', '69', '2019-02-11 23:00:03', '66', 1),
(363, 'CAN_APPL20190212000015', 'job apply', '492', '2019-02-12 00:00:15', '10', 1),
(364, 'CAN_APPL20190212102031', 'job apply', '493', '2019-02-12 10:20:31', '10', 1),
(365, 'EMP_PCK_yInc_20190212230002', 'Package expired', '68', '2019-02-12 23:00:02', '65', 1),
(366, 'EMP_PCK_Aeiy_20190212230002', 'Package expired', '69', '2019-02-12 23:00:02', '66', 1),
(367, 'CAN_APPL20190212234117', 'job apply', '494', '2019-02-12 23:41:17', '10', 1),
(368, 'CAN_APPL20190213001045', 'job apply', '495', '2019-02-13 00:10:45', '10', 1),
(369, 'CAN_APPL20190213004632', 'job apply', '496', '2019-02-13 00:46:32', '10', 1),
(370, 'CAN_APPL20190213005227', 'job apply', '497', '2019-02-13 00:52:27', '10', 1),
(371, 'CAN_APPL20190213015730', 'job apply', '498', '2019-02-13 01:57:30', '10', 1),
(372, 'CAN_APPL20190213022427', 'job apply', '499', '2019-02-13 02:24:27', '10', 1),
(373, 'CAN_APPL20190213022658', 'job apply', '500', '2019-02-13 02:26:58', '10', 1),
(374, 'CAN_APPL20190213023135', 'job apply', '501', '2019-02-13 02:31:35', '10', 1),
(375, 'CAN_APPL20190213025127', 'job apply', '502', '2019-02-13 02:51:27', '10', 1),
(376, 'CAN_APPL20190213033939', 'job apply', '503', '2019-02-13 03:39:39', '10', 1),
(377, 'CAN_APPL20190213045233', 'job apply', '504', '2019-02-13 04:52:33', '10', 1),
(378, 'CAN_APPL20190213065840', 'job apply', '505', '2019-02-13 06:58:40', '10', 1),
(379, 'CAN_APPL20190213111341', 'job apply', '506', '2019-02-13 11:13:41', '10', 1),
(380, 'CAN_APPL20190213125926', 'job apply', '507', '2019-02-13 12:59:26', '10', 1),
(381, 'CAN_APPL20190213212907', 'job apply', '508', '2019-02-13 21:29:07', '10', 1),
(382, 'EMP_PCK_uJDL_20190213230002', 'Package expired', '70', '2019-02-13 23:00:02', '67', 1),
(383, 'CAN_APPL20190213230355', 'job apply', '509', '2019-02-13 23:03:55', '10', 1),
(384, 'CAN_APPL20190214020253', 'job apply', '510', '2019-02-14 02:02:53', '10', 1),
(385, 'CAN_APPL20190214022421', 'job apply', '511', '2019-02-14 02:24:21', '59', 1),
(386, 'CAN_APPL20190214044421', 'job apply', '512', '2019-02-14 04:44:21', '10', 1),
(387, 'CAN_APPL20190214044532', 'job apply', '513', '2019-02-14 04:45:32', '10', 1),
(388, 'CAN_APPL20190214045000', 'job apply', '514', '2019-02-14 04:50:00', '10', 1),
(389, 'CAN_APPL20190214050005', 'job apply', '515', '2019-02-14 05:00:05', '10', 1),
(390, 'CAN_APPL20190214070150', 'job apply', '516', '2019-02-14 07:01:50', '10', 1),
(391, 'CAN_APPL20190214080933', 'job apply', '517', '2019-02-14 08:09:33', '72', 1),
(392, 'CAN_APPL20190214081609', 'job apply', '518', '2019-02-14 08:16:09', '10', 1),
(393, 'CAN_APPL20190214200952', 'job apply', '519', '2019-02-14 20:09:52', '10', 1),
(394, 'EMP_PCK_Ht4w_20190214230002', 'Package expired', '70', '2019-02-14 23:00:02', '67', 1),
(395, 'EMP_PCK_F4oQ_20190214230002', 'Package expired', '71', '2019-02-14 23:00:02', '68', 1),
(396, 'EMP_PCK_79w2_20190214230002', 'Package expired', '72', '2019-02-14 23:00:02', '69', 1),
(397, 'CAN_APPL20190215135018', 'job apply', '520', '2019-02-15 13:50:18', '10', 1),
(398, 'EMP_PCK_b3ot_20190215230003', 'Package expired', '70', '2019-02-15 23:00:03', '67', 1),
(399, 'EMP_PCK_UJCX_20190215230003', 'Package expired', '71', '2019-02-15 23:00:03', '68', 1),
(400, 'EMP_PCK_8QC6_20190215230003', 'Package expired', '72', '2019-02-15 23:00:03', '69', 1),
(401, 'CAN_APPL20190216002904', 'job apply', '521', '2019-02-16 00:29:04', '10', 1),
(402, 'CAN_APPL20190216004848', 'job apply', '522', '2019-02-16 00:48:48', '10', 1),
(403, 'CAN_APPL20190216015323', 'job apply', '523', '2019-02-16 01:53:23', '10', 1),
(404, 'CAN_APPL20190216040323', 'job apply', '524', '2019-02-16 04:03:23', '10', 1),
(405, 'CAN_APPL20190216053814', 'job apply', '525', '2019-02-16 05:38:14', '10', 1),
(406, 'CAN_APPL20190216085309', 'job apply', '526', '2019-02-16 08:53:09', '10', 1),
(407, 'CAN_APPL20190216091833', 'job apply', '527', '2019-02-16 09:18:33', '10', 1),
(408, 'CAN_APPL20190216091958', 'job apply', '528', '2019-02-16 09:19:58', '10', 1),
(409, 'CAN_APPL20190216101301', 'job apply', '529', '2019-02-16 10:13:01', '10', 1),
(410, 'CAN_APPL20190216153844', 'job apply', '530', '2019-02-16 15:38:44', '10', 1),
(411, 'CAN_APPL20190216224934', 'job apply', '531', '2019-02-16 22:49:34', '10', 1),
(412, 'EMP_PCK_oaA8_20190216230002', 'Package expired', '71', '2019-02-16 23:00:02', '68', 1),
(413, 'EMP_PCK_gKBN_20190216230002', 'Package expired', '72', '2019-02-16 23:00:02', '69', 1),
(414, 'EMP_PCK_CwFd_20190216230002', 'Package expired', '73', '2019-02-16 23:00:02', '70', 1),
(415, 'EMP_PCK_ke3d_20190216230002', 'Package expired', '74', '2019-02-16 23:00:02', '71', 1),
(416, 'CAN_APPL20190216233255', 'job apply', '532', '2019-02-16 23:32:55', '10', 1),
(417, 'CAN_APPL20190216235453', 'job apply', '533', '2019-02-16 23:54:53', '10', 1),
(418, 'CAN_APPL20190217001006', 'job apply', '534', '2019-02-17 00:10:06', '10', 1),
(419, 'CAN_APPL20190217001750', 'job apply', '535', '2019-02-17 00:17:50', '32', 1),
(420, 'CAN_APPL20190217020318', 'job apply', '536', '2019-02-17 02:03:18', '10', 1),
(421, 'CAN_APPL20190217021641', 'job apply', '537', '2019-02-17 02:16:41', '10', 1),
(422, 'CAN_APPL20190217022848', 'job apply', '538', '2019-02-17 02:28:48', '10', 1),
(423, 'CAN_APPL20190217024231', 'job apply', '539', '2019-02-17 02:42:31', '79', 1),
(424, 'CAN_APPL20190217040617', 'job apply', '540', '2019-02-17 04:06:17', '10', 1),
(425, 'CAN_APPL20190217040646', 'job apply', '541', '2019-02-17 04:06:46', '10', 1),
(426, 'CAN_APPL20190217051229', 'job apply', '542', '2019-02-17 05:12:29', '10', 1),
(427, 'CAN_APPL20190217052300', 'job apply', '543', '2019-02-17 05:23:00', '10', 1),
(428, 'CAN_APPL20190217054246', 'job apply', '544', '2019-02-17 05:42:46', '10', 1),
(429, 'CAN_APPL20190217061137', 'job apply', '545', '2019-02-17 06:11:37', '10', 1),
(430, 'CAN_APPL20190217073313', 'job apply', '546', '2019-02-17 07:33:13', '10', 1),
(431, 'CAN_APPL20190217085005', 'job apply', '547', '2019-02-17 08:50:05', '10', 1),
(432, 'CAN_APPL20190217102124', 'job apply', '548', '2019-02-17 10:21:24', '10', 1),
(433, 'CAN_APPL20190217121507', 'job apply', '549', '2019-02-17 12:15:07', '10', 1),
(434, 'CAN_APPL20190217203135', 'job apply', '550', '2019-02-17 20:31:35', '10', 1),
(435, 'CAN_APPL20190217213738', 'job apply', '551', '2019-02-17 21:37:38', '10', 1),
(436, 'EMP_PCK_yxj0_20190217230002', 'Package expired', '73', '2019-02-17 23:00:02', '70', 1),
(437, 'EMP_PCK_zVCT_20190217230002', 'Package expired', '74', '2019-02-17 23:00:02', '71', 1),
(438, 'EMP_PCK_sVI3_20190217230003', 'Package expired', '75', '2019-02-17 23:00:03', '72', 1),
(439, 'CAN_APPL20190218000026', 'job apply', '552', '2019-02-18 00:00:26', '10', 1),
(440, 'CAN_APPL20190218000219', 'job apply', '553', '2019-02-18 00:02:19', '10', 1),
(441, 'CAN_APPL20190218120516', 'job apply', '554', '2019-02-18 12:05:16', '10', 1),
(442, 'CAN_APPL20190218125127', 'job apply', '555', '2019-02-18 12:51:27', '71', 1),
(443, 'CAN_APPL20190218130252', 'job apply', '556', '2019-02-18 13:02:52', '10', 1),
(444, 'CAN_APPL20190218140849', 'job apply', '557', '2019-02-18 14:08:49', '10', 1),
(445, 'CAN_APPL20190218180032', 'job apply', '558', '2019-02-18 18:00:32', '10', 1),
(446, 'CAN_APPL20190218192638', 'job apply', '559', '2019-02-18 19:26:38', '10', 1),
(447, 'CAN_APPL20190218202453', 'job apply', '560', '2019-02-18 20:24:53', '10', 1),
(448, 'EMP_PCK_ZcRC_20190218230002', 'Package expired', '73', '2019-02-18 23:00:02', '70', 1),
(449, 'EMP_PCK_E5Xs_20190218230002', 'Package expired', '74', '2019-02-18 23:00:02', '71', 1),
(450, 'EMP_PCK_Zfbj_20190218230002', 'Package expired', '75', '2019-02-18 23:00:02', '72', 1),
(451, 'EMP_PCK_PMDs_20190218230002', 'Package expired', '76', '2019-02-18 23:00:02', '73', 1),
(452, 'CAN_APPL20190219001624', 'job apply', '561', '2019-02-19 00:16:24', '10', 1),
(453, 'CAN_APPL20190219010722', 'job apply', '562', '2019-02-19 01:07:22', '10', 1),
(454, 'CAN_APPL20190219011132', 'job apply', '563', '2019-02-19 01:11:32', '10', 1),
(455, 'CAN_APPL20190219020745', 'job apply', '564', '2019-02-19 02:07:45', '10', 1),
(456, 'CAN_APPL20190219021219', 'job apply', '565', '2019-02-19 02:12:19', '10', 1),
(457, 'CAN_APPL20190219030412', 'job apply', '566', '2019-02-19 03:04:12', '10', 1),
(458, 'CAN_APPL20190219031417', 'job apply', '567', '2019-02-19 03:14:17', '59', 1),
(459, 'CAN_APPL20190219081854', 'job apply', '568', '2019-02-19 08:18:54', '61', 1),
(460, 'CAN_APPL20190219100155', 'job apply', '569', '2019-02-19 10:01:55', '10', 1),
(461, 'CAN_APPL20190219201242', 'job apply', '570', '2019-02-19 20:12:42', '10', 1),
(462, 'EMP_PCK_1DCO_20190219230002', 'Package expired', '75', '2019-02-19 23:00:02', '72', 1),
(463, 'EMP_PCK_70Fb_20190219230002', 'Package expired', '76', '2019-02-19 23:00:02', '73', 1),
(464, 'EMP_PCK_t2Ym_20190219230002', 'Package expired', '77', '2019-02-19 23:00:02', '74', 1),
(465, 'CAN_APPL20190219235012', 'job apply', '571', '2019-02-19 23:50:12', '10', 1),
(466, 'CAN_APPL20190220031857', 'job apply', '572', '2019-02-20 03:18:57', '10', 1),
(467, 'CAN_APPL20190220053641', 'job apply', '573', '2019-02-20 05:36:41', '10', 1),
(468, 'CAN_APPL20190220062047', 'job apply', '574', '2019-02-20 06:20:47', '10', 1),
(469, 'CAN_APPL20190220065639', 'job apply', '575', '2019-02-20 06:56:39', '10', 1),
(470, 'CAN_APPL20190220075035', 'job apply', '576', '2019-02-20 07:50:35', '10', 1),
(471, 'CAN_APPL20190220090654', 'job apply', '577', '2019-02-20 09:06:54', '10', 1),
(472, 'CAN_APPL20190220124425', 'job apply', '578', '2019-02-20 12:44:25', '10', 1),
(473, 'CAN_APPL20190220132925', 'job apply', '579', '2019-02-20 13:29:25', '59', 1),
(474, 'CAN_APPL20190220203331', 'job apply', '580', '2019-02-20 20:33:31', '77', 1),
(475, 'EMP_PCK_lP0d_20190220230002', 'Package expired', '76', '2019-02-20 23:00:02', '73', 1),
(476, 'EMP_PCK_lsDW_20190220230002', 'Package expired', '77', '2019-02-20 23:00:02', '74', 1),
(477, 'CAN_APPL20190221001936', 'job apply', '581', '2019-02-21 00:19:36', '10', 1),
(478, 'CAN_APPL20190221002938', 'job apply', '582', '2019-02-21 00:29:38', '10', 1),
(479, 'CAN_APPL20190221041158', 'job apply', '583', '2019-02-21 04:11:58', '10', 1),
(480, 'EMP_PCK_QtZC_20190221230003', 'Package expired', '77', '2019-02-21 23:00:03', '74', 1),
(481, 'EMP_PCK_B9n3_20190221230003', 'Package expired', '78', '2019-02-21 23:00:03', '77', 1),
(482, 'EMP_PCK_EVcA_20190221230003', 'Package expired', '79', '2019-02-21 23:00:03', '78', 1),
(483, 'CAN_APPL20190222134143', 'job apply', '584', '2019-02-22 13:41:43', '10', 1),
(484, 'CAN_APPL20190222165445', 'job apply', '585', '2019-02-22 16:54:45', '10', 1),
(485, 'CAN_APPL20190222193327', 'job apply', '586', '2019-02-22 19:33:27', '10', 1),
(486, 'EMP_PCK_ZobD_20190222230002', 'Package expired', '78', '2019-02-22 23:00:02', '77', 1),
(487, 'EMP_PCK_bc4f_20190222230002', 'Package expired', '79', '2019-02-22 23:00:02', '78', 1),
(488, 'CAN_APPL20190223075933', 'job apply', '587', '2019-02-23 07:59:33', '10', 1),
(489, 'CAN_APPL20190223215411', 'job apply', '588', '2019-02-23 21:54:11', '10', 1),
(490, 'CAN_APPL20190223220950', 'job apply', '589', '2019-02-23 22:09:50', '10', 1),
(491, 'EMP_PCK_y1px_20190223230002', 'Package expired', '78', '2019-02-23 23:00:02', '77', 1),
(492, 'EMP_PCK_1ub0_20190223230002', 'Package expired', '79', '2019-02-23 23:00:02', '78', 1),
(493, 'EMP_PCK_Gcu8_20190223230002', 'Package expired', '80', '2019-02-23 23:00:02', '79', 1),
(494, 'CAN_APPL20190223232040', 'job apply', '590', '2019-02-23 23:20:40', '10', 1),
(495, 'CAN_APPL20190223232445', 'job apply', '591', '2019-02-23 23:24:45', '10', 1),
(496, 'CAN_APPL20190223232922', 'job apply', '592', '2019-02-23 23:29:22', '10', 1),
(497, 'CAN_APPL20190224002201', 'job apply', '593', '2019-02-24 00:22:01', '10', 1),
(498, 'CAN_APPL20190224020746', 'job apply', '594', '2019-02-24 02:07:46', '10', 1),
(499, 'CAN_APPL20190224025308', 'job apply', '595', '2019-02-24 02:53:08', '10', 1),
(500, 'CAN_APPL20190224034628', 'job apply', '596', '2019-02-24 03:46:28', '10', 1),
(501, 'CAN_APPL20190224051727', 'job apply', '597', '2019-02-24 05:17:27', '10', 1),
(502, 'CAN_APPL20190224053917', 'job apply', '598', '2019-02-24 05:39:17', '10', 1),
(503, 'CAN_APPL20190224055711', 'job apply', '599', '2019-02-24 05:57:11', '10', 1),
(504, 'CAN_APPL20190224090429', 'job apply', '600', '2019-02-24 09:04:29', '10', 1),
(505, 'CAN_APPL20190224094559', 'job apply', '601', '2019-02-24 09:45:59', '10', 1),
(506, 'CAN_APPL20190224095233', 'job apply', '602', '2019-02-24 09:52:33', '10', 1),
(507, 'CAN_APPL20190224100916', 'job apply', '603', '2019-02-24 10:09:16', '10', 1),
(508, 'CAN_APPL20190224101004', 'job apply', '604', '2019-02-24 10:10:04', '10', 1),
(509, 'CAN_APPL20190224101040', 'job apply', '605', '2019-02-24 10:10:40', '10', 1),
(510, 'CAN_APPL20190224103748', 'job apply', '606', '2019-02-24 10:37:48', '10', 1),
(511, 'CAN_APPL20190224103756', 'job apply', '607', '2019-02-24 10:37:56', '10', 1),
(512, 'CAN_APPL20190224222024', 'job apply', '608', '2019-02-24 22:20:24', '10', 1),
(513, 'EMP_PCK_cBxV_20190224230003', 'Package expired', '80', '2019-02-24 23:00:03', '79', 1),
(514, 'CAN_APPL20190225004258', 'job apply', '609', '2019-02-25 00:42:58', '10', 1),
(515, 'CAN_APPL20190225011437', 'job apply', '610', '2019-02-25 01:14:37', '10', 1),
(516, 'CAN_APPL20190225025001', 'job apply', '611', '2019-02-25 02:50:01', '59', 1),
(517, 'CAN_APPL20190225031336', 'job apply', '612', '2019-02-25 03:13:36', '10', 1),
(518, 'CAN_APPL20190225043552', 'job apply', '613', '2019-02-25 04:35:52', '10', 1),
(519, 'CAN_APPL20190225044027', 'job apply', '614', '2019-02-25 04:40:27', '10', 1),
(520, 'CAN_APPL20190225051957', 'job apply', '615', '2019-02-25 05:19:57', '49', 1),
(521, 'CAN_APPL20190225223717', 'job apply', '616', '2019-02-25 22:37:17', '10', 1),
(522, 'CAN_APPL20190225224339', 'job apply', '617', '2019-02-25 22:43:39', '10', 1),
(523, 'CAN_APPL20190225225335', 'job apply', '618', '2019-02-25 22:53:35', '10', 1),
(524, 'CAN_APPL20190225225859', 'job apply', '619', '2019-02-25 22:58:59', '10', 1),
(525, 'EMP_PCK_Yh7k_20190225230003', 'Package expired', '80', '2019-02-25 23:00:03', '79', 1),
(526, 'CAN_APPL20190226012957', 'job apply', '620', '2019-02-26 01:29:57', '10', 1),
(527, 'CAN_APPL20190226031625', 'job apply', '621', '2019-02-26 03:16:25', '10', 1),
(528, 'CAN_APPL20190226032211', 'job apply', '622', '2019-02-26 03:22:11', '10', 1),
(529, 'CAN_APPL20190226032330', 'job apply', '623', '2019-02-26 03:23:30', '10', 1),
(530, 'CAN_APPL20190226034126', 'job apply', '624', '2019-02-26 03:41:26', '10', 1),
(531, 'CAN_APPL20190226044332', 'job apply', '625', '2019-02-26 04:43:32', '10', 1),
(532, 'CAN_APPL20190226045229', 'job apply', '626', '2019-02-26 04:52:29', '10', 1),
(533, 'CAN_APPL20190226050622', 'job apply', '627', '2019-02-26 05:06:22', '10', 1),
(534, 'CAN_APPL20190226065742', 'job apply', '628', '2019-02-26 06:57:42', '10', 1),
(535, 'CAN_APPL20190226070728', 'job apply', '629', '2019-02-26 07:07:28', '10', 1),
(536, 'CAN_APPL20190226075153', 'job apply', '630', '2019-02-26 07:51:53', '10', 1),
(537, 'CAN_APPL20190226082203', 'job apply', '631', '2019-02-26 08:22:03', '10', 1),
(538, 'CAN_APPL20190226082549', 'job apply', '632', '2019-02-26 08:25:49', '10', 1),
(539, 'CAN_APPL20190226102007', 'job apply', '633', '2019-02-26 10:20:07', '10', 1),
(540, 'CAN_APPL20190226115551', 'job apply', '634', '2019-02-26 11:55:51', '10', 1),
(541, 'CAN_APPL20190226122545', 'job apply', '635', '2019-02-26 12:25:45', '10', 1),
(542, 'CAN_APPL20190226140428', 'job apply', '636', '2019-02-26 14:04:28', '10', 1),
(543, 'CAN_APPL20190226194013', 'job apply', '637', '2019-02-26 19:40:13', '10', 1),
(544, 'CAN_APPL20190226211204', 'job apply', '638', '2019-02-26 21:12:04', '10', 1),
(545, 'EMP_PCK_avtj_20190226230003', 'Package expired', '81', '2019-02-26 23:00:03', '80', 1),
(546, 'CAN_APPL20190226232443', 'job apply', '639', '2019-02-26 23:24:43', '10', 1),
(547, 'CAN_APPL20190226232952', 'job apply', '640', '2019-02-26 23:29:52', '10', 1),
(548, 'CAN_APPL20190226234758', 'job apply', '641', '2019-02-26 23:47:58', '10', 1),
(549, 'CAN_APPL20190227003212', 'job apply', '642', '2019-02-27 00:32:12', '10', 1),
(550, 'CAN_APPL20190227013214', 'job apply', '643', '2019-02-27 01:32:14', '28', 1),
(551, 'CAN_APPL20190227015416', 'job apply', '644', '2019-02-27 01:54:16', '10', 1),
(552, 'CAN_APPL20190227050608', 'job apply', '645', '2019-02-27 05:06:08', '10', 1),
(553, 'CAN_APPL20190227064206', 'job apply', '646', '2019-02-27 06:42:06', '10', 1),
(554, 'CAN_APPL20190227065917', 'job apply', '647', '2019-02-27 06:59:17', '10', 1),
(555, 'CAN_APPL20190227071844', 'job apply', '648', '2019-02-27 07:18:44', '10', 1),
(556, 'CAN_APPL20190227101235', 'job apply', '649', '2019-02-27 10:12:35', '59', 1),
(557, 'CAN_APPL20190227132327', 'job apply', '650', '2019-02-27 13:23:27', '10', 1),
(558, 'CAN_APPL20190227182700', 'job apply', '651', '2019-02-27 18:27:00', '10', 1),
(559, 'EMP_PCK_JYHN_20190227230002', 'Package expired', '81', '2019-02-27 23:00:02', '80', 1),
(560, 'CAN_APPL20190227231651', 'job apply', '652', '2019-02-27 23:16:51', '10', 1),
(561, 'CAN_APPL20190227234557', 'job apply', '653', '2019-02-27 23:45:57', '10', 1),
(562, 'CAN_APPL20190228001440', 'job apply', '654', '2019-02-28 00:14:40', '10', 1),
(563, 'CAN_APPL20190228001746', 'job apply', '655', '2019-02-28 00:17:46', '10', 1),
(564, 'CAN_APPL20190228004930', 'job apply', '656', '2019-02-28 00:49:30', '10', 1),
(565, 'CAN_APPL20190228014908', 'job apply', '657', '2019-02-28 01:49:08', '47', 1),
(566, 'CAN_APPL20190228060049', 'job apply', '658', '2019-02-28 06:00:49', '10', 1),
(567, 'CAN_APPL20190228072453', 'job apply', '659', '2019-02-28 07:24:53', '10', 1),
(568, 'CAN_APPL20190228093901', 'job apply', '660', '2019-02-28 09:39:01', '61', 1),
(569, 'CAN_APPL20190228105034', 'job apply', '661', '2019-02-28 10:50:34', '10', 1),
(570, 'CAN_APPL20190228220156', 'job apply', '662', '2019-02-28 22:01:56', '10', 1),
(571, 'CAN_APPL20190228220325', 'job apply', '663', '2019-02-28 22:03:25', '10', 1),
(572, 'EMP_PCK_APgS_20190228230002', 'Package expired', '81', '2019-02-28 23:00:02', '80', 1),
(573, 'CAN_APPL20190301110023', 'job apply', '664', '2019-03-01 11:00:23', '10', 1),
(574, 'CAN_APPL20190301214946', 'job apply', '665', '2019-03-01 21:49:46', '10', 1),
(575, 'CAN_APPL20190301215005', 'job apply', '666', '2019-03-01 21:50:05', '10', 1),
(576, 'CAN_APPL20190301215024', 'job apply', '667', '2019-03-01 21:50:24', '10', 1),
(577, 'CAN_APPL20190301215044', 'job apply', '668', '2019-03-01 21:50:44', '10', 1),
(578, 'CAN_APPL20190301215103', 'job apply', '669', '2019-03-01 21:51:03', '10', 1),
(579, 'CAN_APPL20190301215247', 'job apply', '670', '2019-03-01 21:52:47', '10', 1),
(580, 'CAN_APPL20190301215341', 'job apply', '671', '2019-03-01 21:53:41', '10', 1),
(581, 'CAN_APPL20190301215355', 'job apply', '672', '2019-03-01 21:53:55', '10', 1),
(582, 'CAN_APPL20190301220113', 'job apply', '673', '2019-03-01 22:01:13', '10', 1),
(583, 'EMP_PCK_8yIX_20190301230002', 'Package expired', '82', '2019-03-01 23:00:02', '81', 1),
(584, 'CAN_APPL20190301234004', 'job apply', '674', '2019-03-01 23:40:04', '10', 1),
(585, 'CAN_APPL20190302023132', 'job apply', '675', '2019-03-02 02:31:32', '10', 1),
(586, 'CAN_APPL20190302035439', 'job apply', '676', '2019-03-02 03:54:39', '10', 1),
(587, 'CAN_APPL20190302040508', 'job apply', '677', '2019-03-02 04:05:08', '10', 1),
(588, 'CAN_APPL20190302041147', 'job apply', '678', '2019-03-02 04:11:47', '10', 1),
(589, 'CAN_APPL20190302044134', 'job apply', '679', '2019-03-02 04:41:34', '10', 1),
(590, 'CAN_APPL20190302060321', 'job apply', '680', '2019-03-02 06:03:21', '47', 1),
(591, 'CAN_APPL20190302063616', 'job apply', '681', '2019-03-02 06:36:16', '10', 1),
(592, 'CAN_APPL20190302102119', 'job apply', '682', '2019-03-02 10:21:19', '10', 1),
(593, 'CAN_APPL20190302111158', 'job apply', '683', '2019-03-02 11:11:58', '10', 1),
(594, 'EMP_PCK_Mo6N_20190302230003', 'Package expired', '82', '2019-03-02 23:00:03', '81', 1),
(595, 'CAN_APPL20190303000127', 'job apply', '684', '2019-03-03 00:01:27', '10', 1),
(596, 'CAN_APPL20190303004022', 'job apply', '685', '2019-03-03 00:40:22', '10', 1),
(597, 'CAN_APPL20190303020248', 'job apply', '686', '2019-03-03 02:02:48', '10', 1),
(598, 'CAN_APPL20190303021529', 'job apply', '687', '2019-03-03 02:15:29', '10', 1),
(599, 'CAN_APPL20190303023346', 'job apply', '688', '2019-03-03 02:33:46', '10', 1),
(600, 'CAN_APPL20190303050409', 'job apply', '689', '2019-03-03 05:04:09', '10', 1),
(601, 'CAN_APPL20190303050753', 'job apply', '690', '2019-03-03 05:07:53', '10', 1),
(602, 'CAN_APPL20190303055038', 'job apply', '691', '2019-03-03 05:50:38', '10', 1),
(603, 'CAN_APPL20190303062119', 'job apply', '692', '2019-03-03 06:21:19', '10', 1),
(604, 'CAN_APPL20190303063353', 'job apply', '693', '2019-03-03 06:33:53', '10', 1),
(605, 'CAN_APPL20190303063602', 'job apply', '694', '2019-03-03 06:36:02', '10', 1),
(606, 'CAN_APPL20190303100647', 'job apply', '695', '2019-03-03 10:06:47', '10', 1),
(607, 'CAN_APPL20190303104228', 'job apply', '696', '2019-03-03 10:42:28', '10', 1),
(608, 'CAN_APPL20190303124106', 'job apply', '697', '2019-03-03 12:41:06', '10', 1),
(609, 'CAN_APPL20190303222304', 'job apply', '698', '2019-03-03 22:23:04', '10', 1),
(610, 'CAN_APPL20190303224345', 'job apply', '699', '2019-03-03 22:43:45', '10', 1),
(611, 'CAN_APPL20190303225234', 'job apply', '700', '2019-03-03 22:52:34', '10', 1),
(612, 'EMP_PCK_hXCs_20190303230003', 'Package expired', '82', '2019-03-03 23:00:03', '81', 1),
(613, 'EMP_PCK_zU4j_20190303230003', 'Package expired', '83', '2019-03-03 23:00:03', '82', 1),
(614, 'CAN_APPL20190304002048', 'job apply', '701', '2019-03-04 00:20:48', '10', 1),
(615, 'CAN_APPL20190304021028', 'job apply', '702', '2019-03-04 02:10:28', '10', 1),
(616, 'CAN_APPL20190304021617', 'job apply', '703', '2019-03-04 02:16:17', '10', 1),
(617, 'CAN_APPL20190304040844', 'job apply', '704', '2019-03-04 04:08:44', '10', 1),
(618, 'CAN_APPL20190304050610', 'job apply', '705', '2019-03-04 05:06:10', '10', 1),
(619, 'CAN_APPL20190304061518', 'job apply', '706', '2019-03-04 06:15:18', '10', 1),
(620, 'CAN_APPL20190304062207', 'job apply', '707', '2019-03-04 06:22:07', '10', 1),
(621, 'CAN_APPL20190304073912', 'job apply', '708', '2019-03-04 07:39:12', '10', 1),
(622, 'CAN_APPL20190304090303', 'job apply', '709', '2019-03-04 09:03:03', '57', 1),
(623, 'CAN_APPL20190304092917', 'job apply', '710', '2019-03-04 09:29:17', '10', 1),
(624, 'CAN_APPL20190304093134', 'job apply', '711', '2019-03-04 09:31:34', '10', 1),
(625, 'CAN_APPL20190304095355', 'job apply', '712', '2019-03-04 09:53:55', '10', 1),
(626, 'CAN_APPL20190304121800', 'job apply', '713', '2019-03-04 12:18:00', '10', 1);
INSERT INTO `ch_emp_alerts` (`ea_id`, `ea_enc`, `ea_type`, `ea_ref_id`, `ea_createdOn`, `ea_createdBy`, `ea_status`) VALUES
(627, 'CAN_APPL20190304122112', 'job apply', '714', '2019-03-04 12:21:12', '10', 1),
(628, 'CAN_APPL20190304160258', 'job apply', '715', '2019-03-04 16:02:58', '10', 1),
(629, 'EMP_PCK_otNx_20190304230002', 'Package expired', '83', '2019-03-04 23:00:02', '82', 1),
(630, 'CAN_APPL20190304234028', 'job apply', '716', '2019-03-04 23:40:28', '10', 1),
(631, 'CAN_APPL20190305000701', 'job apply', '717', '2019-03-05 00:07:01', '10', 1),
(632, 'CAN_APPL20190305002440', 'job apply', '718', '2019-03-05 00:24:40', '66', 1),
(633, 'CAN_APPL20190305005544', 'job apply', '719', '2019-03-05 00:55:44', '73', 1),
(634, 'CAN_APPL20190305014159', 'job apply', '720', '2019-03-05 01:41:59', '10', 1),
(635, 'CAN_APPL20190305015341', 'job apply', '721', '2019-03-05 01:53:41', '10', 1),
(636, 'CAN_APPL20190305031357', 'job apply', '722', '2019-03-05 03:13:57', '10', 1),
(637, 'CAN_APPL20190305032512', 'job apply', '723', '2019-03-05 03:25:12', '10', 1),
(638, 'CAN_APPL20190305040604', 'job apply', '724', '2019-03-05 04:06:04', '10', 1),
(639, 'CAN_APPL20190305044243', 'job apply', '725', '2019-03-05 04:42:43', '10', 1),
(640, 'CAN_APPL20190305045424', 'job apply', '726', '2019-03-05 04:54:24', '10', 1),
(641, 'CAN_APPL20190305060956', 'job apply', '727', '2019-03-05 06:09:56', '10', 1),
(642, 'CAN_APPL20190305082453', 'job apply', '728', '2019-03-05 08:24:53', '10', 1),
(643, 'CAN_APPL20190305144313', 'job apply', '729', '2019-03-05 14:43:13', '10', 1),
(644, 'CAN_APPL20190305145710', 'job apply', '730', '2019-03-05 14:57:10', '10', 1),
(645, 'CAN_APPL20190305170750', 'job apply', '731', '2019-03-05 17:07:50', '10', 1),
(646, 'CAN_APPL20190305182609', 'job apply', '732', '2019-03-05 18:26:09', '10', 1),
(647, 'EMP_PCK_w5LK_20190305230003', 'Package expired', '83', '2019-03-05 23:00:03', '82', 1),
(648, 'CAN_APPL20190305230345', 'job apply', '733', '2019-03-05 23:03:45', '10', 1),
(649, 'CAN_APPL20190306011644', 'job apply', '734', '2019-03-06 01:16:44', '10', 1),
(650, 'CAN_APPL20190306054115', 'job apply', '735', '2019-03-06 05:41:15', '10', 1),
(651, 'CAN_APPL20190306065954', 'job apply', '736', '2019-03-06 06:59:54', '10', 1),
(652, 'CAN_APPL20190306075052', 'job apply', '737', '2019-03-06 07:50:52', '63', 1),
(653, 'CAN_APPL20190306075821', 'job apply', '738', '2019-03-06 07:58:21', '10', 1),
(654, 'CAN_APPL20190306075939', 'job apply', '739', '2019-03-06 07:59:39', '10', 1),
(655, 'CAN_APPL20190306103233', 'job apply', '740', '2019-03-06 10:32:33', '10', 1),
(656, 'CAN_APPL20190306211644', 'job apply', '741', '2019-03-06 21:16:44', '10', 1),
(657, 'CAN_APPL20190307003922', 'job apply', '742', '2019-03-07 00:39:22', '10', 1),
(658, 'CAN_APPL20190307034656', 'job apply', '743', '2019-03-07 03:46:56', '10', 1),
(659, 'CAN_APPL20190307043848', 'job apply', '744', '2019-03-07 04:38:48', '10', 1),
(660, 'CAN_APPL20190307122121', 'job apply', '745', '2019-03-07 12:21:21', '10', 1),
(661, 'CAN_APPL20190308001329', 'job apply', '746', '2019-03-08 00:13:29', '10', 1),
(662, 'CAN_APPL20190308223448', 'job apply', '747', '2019-03-08 22:34:48', '10', 1),
(663, 'CAN_APPL20190309004407', 'job apply', '748', '2019-03-09 00:44:07', '10', 1),
(664, 'CAN_APPL20190309053912', 'job apply', '749', '2019-03-09 05:39:12', '10', 1),
(665, 'CAN_APPL20190309142156', 'job apply', '750', '2019-03-09 14:21:56', '10', 1),
(666, 'CAN_APPL20190309221807', 'job apply', '751', '2019-03-09 22:18:07', '10', 1),
(667, 'CAN_APPL20190309223854', 'job apply', '752', '2019-03-09 22:38:54', '80', 1),
(668, 'CAN_APPL20190309230313', 'job apply', '753', '2019-03-09 23:03:13', '10', 1),
(669, 'CAN_APPL20190310001554', 'job apply', '754', '2019-03-10 00:15:54', '10', 1),
(670, 'CAN_APPL20190310013927', 'job apply', '755', '2019-03-10 01:39:27', '10', 1),
(671, 'CAN_APPL20190310031431', 'job apply', '756', '2019-03-10 03:14:31', '10', 1),
(672, 'CAN_APPL20190310032440', 'job apply', '757', '2019-03-10 03:24:40', '10', 1),
(673, 'CAN_APPL20190310034035', 'job apply', '758', '2019-03-10 03:40:35', '10', 1),
(674, 'CAN_APPL20190310035033', 'job apply', '759', '2019-03-10 03:50:33', '10', 1),
(675, 'CAN_APPL20190310040921', 'job apply', '760', '2019-03-10 04:09:21', '10', 1),
(676, 'CAN_APPL20190310043200', 'job apply', '761', '2019-03-10 04:32:00', '80', 1),
(677, 'CAN_APPL20190310051942', 'job apply', '762', '2019-03-10 05:19:42', '10', 1),
(678, 'CAN_APPL20190310053524', 'job apply', '763', '2019-03-10 05:35:24', '10', 1),
(679, 'CAN_APPL20190310054911', 'job apply', '764', '2019-03-10 05:49:11', '71', 1),
(680, 'CAN_APPL20190310061937', 'job apply', '765', '2019-03-10 06:19:37', '10', 1),
(681, 'CAN_APPL20190310074849', 'job apply', '766', '2019-03-10 07:48:49', '10', 1),
(682, 'CAN_APPL20190310091138', 'job apply', '767', '2019-03-10 09:11:38', '10', 1),
(683, 'CAN_APPL20190310105357', 'job apply', '768', '2019-03-10 10:53:57', '10', 1),
(684, 'CAN_APPL20190310105844', 'job apply', '769', '2019-03-10 10:58:44', '59', 1),
(685, 'CAN_APPL20190310130530', 'job apply', '770', '2019-03-10 13:05:30', '10', 1),
(686, 'CAN_APPL20190310223802', 'job apply', '771', '2019-03-10 22:38:02', '38', 1),
(687, 'CAN_APPL20190311035353', 'job apply', '772', '2019-03-11 03:53:53', '10', 1),
(688, 'CAN_APPL20190311035420', 'job apply', '773', '2019-03-11 03:54:20', '10', 1),
(689, 'CAN_APPL20190311080710', 'job apply', '774', '2019-03-11 08:07:10', '10', 1),
(690, 'EMP_PCK_kh1Z_20190312000002', 'Package expired', '84', '2019-03-12 00:00:02', '83', 1),
(691, 'CAN_APPL20190312024319', 'job apply', '775', '2019-03-12 02:43:19', '10', 1),
(692, 'CAN_APPL20190312025832', 'job apply', '776', '2019-03-12 02:58:32', '10', 1),
(693, 'CAN_APPL20190312030208', 'job apply', '777', '2019-03-12 03:02:08', '10', 1),
(694, 'CAN_APPL20190312074537', 'job apply', '778', '2019-03-12 07:45:37', '10', 1),
(695, 'CAN_APPL20190312174058', 'job apply', '779', '2019-03-12 17:40:58', '10', 1),
(696, 'EMP_PCK_vNdp_20190313000002', 'Package expired', '84', '2019-03-13 00:00:02', '83', 1),
(697, 'CAN_APPL20190313002913', 'job apply', '780', '2019-03-13 00:29:13', '10', 1),
(698, 'CAN_APPL20190313003058', 'job apply', '781', '2019-03-13 00:30:58', '10', 1),
(699, 'CAN_APPL20190313012714', 'job apply', '782', '2019-03-13 01:27:14', '10', 1),
(700, 'CAN_APPL20190313021527', 'job apply', '783', '2019-03-13 02:15:27', '10', 1),
(701, 'CAN_APPL20190313023848', 'job apply', '784', '2019-03-13 02:38:48', '10', 1),
(702, 'CAN_APPL20190313025248', 'job apply', '785', '2019-03-13 02:52:48', '10', 1),
(703, 'CAN_APPL20190313060748', 'job apply', '786', '2019-03-13 06:07:48', '10', 1),
(704, 'CAN_APPL20190313064751', 'job apply', '787', '2019-03-13 06:47:51', '10', 1),
(705, 'CAN_APPL20190313065847', 'job apply', '788', '2019-03-13 06:58:47', '10', 1),
(706, 'CAN_APPL20190313221540', 'job apply', '789', '2019-03-13 22:15:40', '10', 1),
(707, 'CAN_APPL20190313233153', 'job apply', '790', '2019-03-13 23:31:53', '10', 1),
(708, 'EMP_PCK_vZyi_20190314000002', 'Package expired', '84', '2019-03-14 00:00:02', '83', 1),
(709, 'CAN_APPL20190314010556', 'job apply', '791', '2019-03-14 01:05:56', '10', 1),
(710, 'CAN_APPL20190314021009', 'job apply', '792', '2019-03-14 02:10:09', '34', 1),
(711, 'CAN_APPL20190314034643', 'job apply', '793', '2019-03-14 03:46:43', '10', 1),
(712, 'CAN_APPL20190314041156', 'job apply', '794', '2019-03-14 04:11:56', '10', 1),
(713, 'CAN_APPL20190314042316', 'job apply', '795', '2019-03-14 04:23:16', '10', 1),
(714, 'CAN_APPL20190314072223', 'job apply', '796', '2019-03-14 07:22:23', '10', 1),
(715, 'CAN_APPL20190314232014', 'job apply', '797', '2019-03-14 23:20:14', '10', 1),
(716, 'CAN_APPL20190315035557', 'job apply', '798', '2019-03-15 03:55:57', '10', 1),
(717, 'CAN_APPL20190315050431', 'job apply', '799', '2019-03-15 05:04:31', '10', 1),
(718, 'CAN_APPL20190315171823', 'job apply', '800', '2019-03-15 17:18:23', '10', 1),
(719, 'CAN_APPL20190316014058', 'job apply', '801', '2019-03-16 01:40:58', '10', 1),
(720, 'CAN_APPL20190316035444', 'job apply', '802', '2019-03-16 03:54:44', '10', 1),
(721, 'CAN_APPL20190316050328', 'job apply', '803', '2019-03-16 05:03:28', '10', 1),
(722, 'CAN_APPL20190316053109', 'job apply', '804', '2019-03-16 05:31:09', '10', 1),
(723, 'CAN_APPL20190316070443', 'job apply', '805', '2019-03-16 07:04:43', '10', 1),
(724, 'CAN_APPL20190316085724', 'job apply', '806', '2019-03-16 08:57:24', '10', 1),
(725, 'CAN_APPL20190316094309', 'job apply', '807', '2019-03-16 09:43:09', '10', 1),
(726, 'CAN_APPL20190316130335', 'job apply', '808', '2019-03-16 13:03:35', '10', 1),
(727, 'CAN_APPL20190316221048', 'job apply', '809', '2019-03-16 22:10:48', '32', 1),
(728, 'EMP_PCK_6mQr_20190317000001', 'Package expired', '85', '2019-03-17 00:00:01', '58', 1),
(729, 'EMP_PCK_kJLR_20190317000001', 'Package expired', '86', '2019-03-17 00:00:01', '58', 1),
(730, 'EMP_PCK_43m1_20190317000001', 'Package expired', '87', '2019-03-17 00:00:01', '84', 1),
(731, 'CAN_APPL20190317010006', 'job apply', '810', '2019-03-17 01:00:06', '10', 1),
(732, 'CAN_APPL20190317014722', 'job apply', '811', '2019-03-17 01:47:22', '10', 1),
(733, 'CAN_APPL20190317021156', 'job apply', '812', '2019-03-17 02:11:56', '10', 1),
(734, 'CAN_APPL20190317023836', 'job apply', '813', '2019-03-17 02:38:36', '10', 1),
(735, 'CAN_APPL20190317040505', 'job apply', '814', '2019-03-17 04:05:05', '10', 1),
(736, 'CAN_APPL20190317042037', 'job apply', '815', '2019-03-17 04:20:37', '10', 1),
(737, 'VRD_CV_20190317064209', 'Verified cv', '50', '2019-03-17 06:42:09', '79', 1),
(738, 'CAN_APPL20190317071521', 'job apply', '816', '2019-03-17 07:15:21', '10', 1),
(739, 'CAN_APPL20190317113451', 'job apply', '817', '2019-03-17 11:34:51', '10', 1),
(740, 'CAN_APPL20190317161647', 'job apply', '818', '2019-03-17 16:16:47', '10', 1),
(741, 'EMP_PCK_fSA5_20190318000002', 'Package expired', '85', '2019-03-18 00:00:02', '58', 1),
(742, 'EMP_PCK_20Nq_20190318000002', 'Package expired', '86', '2019-03-18 00:00:02', '58', 1),
(743, 'EMP_PCK_UBp4_20190318000002', 'Package expired', '87', '2019-03-18 00:00:02', '84', 1),
(744, 'CAN_APPL20190318031325', 'job apply', '819', '2019-03-18 03:13:25', '10', 1),
(745, 'CAN_APPL20190318060406', 'job apply', '820', '2019-03-18 06:04:06', '10', 1),
(746, 'CAN_APPL20190318061210', 'job apply', '821', '2019-03-18 06:12:10', '10', 1),
(747, 'CAN_APPL20190318065513', 'job apply', '822', '2019-03-18 06:55:13', '10', 1),
(748, 'CAN_APPL20190318082744', 'job apply', '823', '2019-03-18 08:27:44', '10', 1),
(749, 'CAN_APPL20190318111815', 'job apply', '824', '2019-03-18 11:18:15', '10', 1),
(750, 'CAN_APPL20190318112000', 'job apply', '825', '2019-03-18 11:20:00', '10', 1),
(751, 'CAN_APPL20190318112352', 'job apply', '826', '2019-03-18 11:23:52', '10', 1),
(752, 'CAN_APPL20190318113646', 'job apply', '827', '2019-03-18 11:36:46', '10', 1),
(753, 'CAN_APPL20190318114930', 'job apply', '828', '2019-03-18 11:49:30', '10', 1),
(754, 'CAN_APPL20190318152603', 'job apply', '829', '2019-03-18 15:26:03', '10', 1),
(755, 'CAN_APPL20190318191816', 'job apply', '830', '2019-03-18 19:18:16', '10', 1),
(756, 'CAN_APPL20190318220829', 'job apply', '831', '2019-03-18 22:08:29', '10', 1),
(757, 'EMP_PCK_XWoP_20190319000002', 'Package expired', '85', '2019-03-19 00:00:02', '58', 1),
(758, 'EMP_PCK_DICy_20190319000002', 'Package expired', '86', '2019-03-19 00:00:02', '58', 1),
(759, 'EMP_PCK_D3gZ_20190319000002', 'Package expired', '87', '2019-03-19 00:00:02', '84', 1),
(760, 'CAN_APPL20190319002241', 'job apply', '832', '2019-03-19 00:22:41', '10', 1),
(761, 'CAN_APPL20190319012206', 'job apply', '833', '2019-03-19 01:22:06', '97', 1),
(762, 'CAN_APPL20190319012813', 'job apply', '834', '2019-03-19 01:28:13', '10', 1),
(763, 'VRD_CV_20190319015926', 'Verified cv', '51', '2019-03-19 01:59:26', '97', 0),
(764, 'VRD_CV_20190319020321', 'Verified cv', '52', '2019-03-19 02:03:21', '97', 0),
(765, 'CAN_APPL20190319022345', 'job apply', '835', '2019-03-19 02:23:45', '97', 1),
(766, 'CAN_APPL20190319030857', 'job apply', '836', '2019-03-19 03:08:57', '10', 1),
(767, 'CAN_APPL20190319031252', 'job apply', '837', '2019-03-19 03:12:52', '10', 1),
(768, 'CAN_APPL20190319031354', 'job apply', '838', '2019-03-19 03:13:54', '10', 1),
(769, 'CAN_APPL20190319033044', 'job apply', '839', '2019-03-19 03:30:44', '10', 1),
(770, 'CAN_APPL20190319035721', 'job apply', '840', '2019-03-19 03:57:21', '10', 1),
(771, 'CAN_APPL20190319045512', 'job apply', '841', '2019-03-19 04:55:12', '10', 1),
(772, 'CAN_APPL20190319064101', 'job apply', '842', '2019-03-19 06:41:01', '10', 1),
(773, 'CAN_APPL20190319075745', 'job apply', '843', '2019-03-19 07:57:45', '10', 1),
(774, 'CAN_APPL20190319080024', 'job apply', '844', '2019-03-19 08:00:24', '10', 1),
(775, 'CAN_APPL20190319234502', 'job apply', '845', '2019-03-19 23:45:02', '10', 1),
(776, 'CAN_APPL20190319235745', 'job apply', '846', '2019-03-19 23:57:45', '10', 1),
(777, 'CAN_APPL20190320001234', 'job apply', '847', '2019-03-20 00:12:34', '10', 1),
(778, 'CAN_APPL20190320031353', 'job apply', '848', '2019-03-20 03:13:53', '10', 1),
(779, 'CAN_APPL20190320032125', 'job apply', '849', '2019-03-20 03:21:25', '10', 1),
(780, 'CAN_APPL20190320041646', 'job apply', '850', '2019-03-20 04:16:46', '80', 1),
(781, 'CAN_APPL20190320052937', 'job apply', '851', '2019-03-20 05:29:37', '10', 1),
(782, 'CAN_APPL20190320055557', 'job apply', '852', '2019-03-20 05:55:57', '10', 1),
(783, 'CAN_APPL20190320153723', 'job apply', '853', '2019-03-20 15:37:23', '10', 1),
(784, 'EMP_PCK_mTQc_20190321000003', 'Package expired', '88', '2019-03-21 00:00:03', '85', 1),
(785, 'CAN_APPL20190321002456', 'job apply', '854', '2019-03-21 00:24:56', '10', 1),
(786, 'CAN_APPL20190321054307', 'job apply', '855', '2019-03-21 05:43:07', '10', 1),
(787, 'CAN_APPL20190321060236', 'job apply', '856', '2019-03-21 06:02:36', '10', 1),
(788, 'CAN_APPL20190321084108', 'job apply', '857', '2019-03-21 08:41:08', '10', 1),
(789, 'CAN_APPL20190321084403', 'job apply', '858', '2019-03-21 08:44:03', '10', 1),
(790, 'CAN_APPL20190321090856', 'job apply', '859', '2019-03-21 09:08:56', '10', 1),
(791, 'CAN_APPL20190321110526', 'job apply', '860', '2019-03-21 11:05:26', '97', 1),
(792, 'CAN_APPL20190321111447', 'job apply', '861', '2019-03-21 11:14:47', '10', 1),
(793, 'CAN_APPL20190321140102', 'job apply', '862', '2019-03-21 14:01:02', '10', 1),
(794, 'EMP_PCK_86gd_20190322000002', 'Package expired', '88', '2019-03-22 00:00:02', '85', 1),
(795, 'CAN_APPL20190322003450', 'job apply', '863', '2019-03-22 00:34:50', '10', 1),
(796, 'CAN_APPL20190322012746', 'job apply', '864', '2019-03-22 01:27:46', '10', 1),
(797, 'CAN_APPL20190322063622', 'job apply', '865', '2019-03-22 06:36:22', '10', 1),
(798, 'EMP_PCK_Isca_20190323000002', 'Package expired', '88', '2019-03-23 00:00:02', '85', 1),
(799, 'CAN_APPL20190323002416', 'job apply', '866', '2019-03-23 00:24:16', '10', 1),
(800, 'CAN_APPL20190323010824', 'job apply', '867', '2019-03-23 01:08:24', '10', 1),
(801, 'CAN_APPL20190323011713', 'job apply', '868', '2019-03-23 01:17:13', '10', 1),
(802, 'CAN_APPL20190323061607', 'job apply', '869', '2019-03-23 06:16:07', '10', 1),
(803, 'CAN_APPL20190323082136', 'job apply', '870', '2019-03-23 08:21:36', '10', 1),
(804, 'CAN_APPL20190323091428', 'job apply', '871', '2019-03-23 09:14:28', '10', 1),
(805, 'CAN_APPL20190323102831', 'job apply', '872', '2019-03-23 10:28:31', '10', 1),
(806, 'CAN_APPL20190323103929', 'job apply', '873', '2019-03-23 10:39:29', '10', 1),
(807, 'CAN_APPL20190323110237', 'job apply', '874', '2019-03-23 11:02:37', '10', 1),
(808, 'CAN_APPL20190323115738', 'job apply', '875', '2019-03-23 11:57:38', '10', 1),
(809, 'CAN_APPL20190323124422', 'job apply', '876', '2019-03-23 12:44:22', '10', 1),
(810, 'CAN_APPL20190323152848', 'job apply', '877', '2019-03-23 15:28:48', '10', 1),
(811, 'CAN_APPL20190323152856', 'job apply', '878', '2019-03-23 15:28:56', '10', 1),
(812, 'CAN_APPL20190323223719', 'job apply', '879', '2019-03-23 22:37:19', '10', 1),
(813, 'EMP_PCK_M9ci_20190324000003', 'Package expired', '89', '2019-03-24 00:00:03', '86', 1),
(814, 'CAN_APPL20190324000604', 'job apply', '880', '2019-03-24 00:06:04', '10', 1),
(815, 'CAN_APPL20190324010529', 'job apply', '881', '2019-03-24 01:05:29', '10', 1),
(816, 'CAN_APPL20190324053810', 'job apply', '882', '2019-03-24 05:38:10', '10', 1),
(817, 'CAN_APPL20190324053941', 'job apply', '883', '2019-03-24 05:39:41', '10', 1),
(818, 'CAN_APPL20190324055342', 'job apply', '884', '2019-03-24 05:53:42', '10', 1),
(819, 'CAN_APPL20190324063209', 'job apply', '885', '2019-03-24 06:32:09', '10', 1),
(820, 'CAN_APPL20190324072545', 'job apply', '886', '2019-03-24 07:25:45', '10', 1),
(821, 'CAN_APPL20190324103254', 'job apply', '887', '2019-03-24 10:32:54', '10', 1),
(822, 'CAN_APPL20190324140331', 'job apply', '888', '2019-03-24 14:03:31', '10', 1),
(823, 'CAN_APPL20190324143400', 'job apply', '889', '2019-03-24 14:34:00', '10', 1),
(824, 'CAN_APPL20190324193305', 'job apply', '890', '2019-03-24 19:33:05', '10', 1),
(825, 'CAN_APPL20190324203303', 'job apply', '891', '2019-03-24 20:33:03', '10', 1),
(826, 'CAN_APPL20190324212533', 'job apply', '892', '2019-03-24 21:25:33', '10', 1),
(827, 'EMP_PCK_jR4a_20190325000003', 'Package expired', '89', '2019-03-25 00:00:03', '86', 1),
(828, 'CAN_APPL20190325033628', 'job apply', '893', '2019-03-25 03:36:28', '10', 1),
(829, 'CAN_APPL20190325043030', 'job apply', '894', '2019-03-25 04:30:30', '10', 1),
(830, 'CAN_APPL20190325052915', 'job apply', '895', '2019-03-25 05:29:15', '10', 1),
(831, 'CAN_APPL20190325070903', 'job apply', '896', '2019-03-25 07:09:03', '10', 1),
(832, 'CAN_APPL20190325072317', 'job apply', '897', '2019-03-25 07:23:17', '10', 1),
(833, 'CAN_APPL20190325231507', 'job apply', '898', '2019-03-25 23:15:07', '10', 1),
(834, 'CAN_APPL20190325233255', 'job apply', '899', '2019-03-25 23:32:55', '97', 1),
(835, 'CAN_APPL20190326013934', 'job apply', '900', '2019-03-26 01:39:34', '10', 1),
(836, 'CAN_APPL20190326021009', 'job apply', '901', '2019-03-26 02:10:09', '10', 1),
(837, 'CAN_APPL20190326034238', 'job apply', '902', '2019-03-26 03:42:38', '10', 1),
(838, 'CAN_APPL20190326040624', 'job apply', '903', '2019-03-26 04:06:24', '10', 1),
(839, 'CAN_APPL20190326041011', 'job apply', '904', '2019-03-26 04:10:11', '10', 1),
(840, 'CAN_APPL20190326041203', 'job apply', '905', '2019-03-26 04:12:03', '10', 1),
(841, 'CAN_APPL20190326042041', 'job apply', '906', '2019-03-26 04:20:41', '10', 1),
(842, 'CAN_APPL20190326052247', 'job apply', '907', '2019-03-26 05:22:47', '10', 1),
(843, 'CAN_APPL20190326110241', 'job apply', '908', '2019-03-26 11:02:41', '10', 1),
(844, 'CAN_APPL20190326222342', 'job apply', '909', '2019-03-26 22:23:42', '10', 1),
(845, 'EMP_PCK_6puw_20190327000003', 'Package expired', '90', '2019-03-27 00:00:03', '87', 1),
(846, 'CAN_APPL20190327020015', 'job apply', '910', '2019-03-27 02:00:15', '10', 1),
(847, 'CAN_APPL20190327024510', 'job apply', '911', '2019-03-27 02:45:10', '10', 1),
(848, 'CAN_APPL20190327033738', 'job apply', '912', '2019-03-27 03:37:38', '10', 1),
(849, 'CAN_APPL20190327034806', 'job apply', '913', '2019-03-27 03:48:06', '10', 1),
(850, 'CAN_APPL20190327050256', 'job apply', '914', '2019-03-27 05:02:56', '10', 1),
(851, 'CAN_APPL20190327052244', 'job apply', '915', '2019-03-27 05:22:44', '10', 1),
(852, 'CAN_APPL20190327071733', 'job apply', '916', '2019-03-27 07:17:33', '10', 1),
(853, 'CAN_APPL20190327231729', 'job apply', '917', '2019-03-27 23:17:29', '10', 1),
(854, 'EMP_PCK_6QPI_20190328000003', 'Package expired', '90', '2019-03-28 00:00:03', '87', 1),
(855, 'CAN_APPL20190328004223', 'job apply', '918', '2019-03-28 00:42:23', '10', 1),
(856, 'CAN_APPL20190328010708', 'job apply', '919', '2019-03-28 01:07:08', '10', 1),
(857, 'CAN_APPL20190328061812', 'job apply', '920', '2019-03-28 06:18:12', '10', 1),
(858, 'CAN_APPL20190328222122', 'job apply', '921', '2019-03-28 22:21:22', '10', 1),
(859, 'CAN_APPL20190328222332', 'job apply', '922', '2019-03-28 22:23:32', '10', 1),
(860, 'EMP_PCK_tui1_20190329000002', 'Package expired', '90', '2019-03-29 00:00:02', '87', 1),
(861, 'CAN_APPL20190330025439', 'job apply', '923', '2019-03-30 02:54:39', '10', 1),
(862, 'CAN_APPL20190330094802', 'job apply', '924', '2019-03-30 09:48:02', '47', 1),
(863, 'CAN_APPL20190330232147', 'job apply', '925', '2019-03-30 23:21:47', '10', 1),
(864, 'CAN_APPL20190331023117', 'job apply', '926', '2019-03-31 02:31:17', '10', 1),
(865, 'CAN_APPL20190331024728', 'job apply', '927', '2019-03-31 02:47:28', '10', 1),
(866, 'CAN_APPL20190331033013', 'job apply', '928', '2019-03-31 03:30:13', '10', 1),
(867, 'CAN_APPL20190331033132', 'job apply', '929', '2019-03-31 03:31:32', '10', 1),
(868, 'CAN_APPL20190331033346', 'job apply', '930', '2019-03-31 03:33:46', '10', 1),
(869, 'CAN_APPL20190331033502', 'job apply', '931', '2019-03-31 03:35:02', '10', 1),
(870, 'CAN_APPL20190331033939', 'job apply', '932', '2019-03-31 03:39:39', '10', 1),
(871, 'CAN_APPL20190331034006', 'job apply', '933', '2019-03-31 03:40:06', '10', 1),
(872, 'CAN_APPL20190331034201', 'job apply', '934', '2019-03-31 03:42:01', '10', 1),
(873, 'CAN_APPL20190331034229', 'job apply', '935', '2019-03-31 03:42:29', '10', 1),
(874, 'CAN_APPL20190331034255', 'job apply', '936', '2019-03-31 03:42:55', '10', 1),
(875, 'CAN_APPL20190331034656', 'job apply', '937', '2019-03-31 03:46:56', '10', 1),
(876, 'CAN_APPL20190331052401', 'job apply', '938', '2019-03-31 05:24:01', '97', 1),
(877, 'CAN_APPL20190331054533', 'job apply', '939', '2019-03-31 05:45:33', '10', 1),
(878, 'CAN_APPL20190331064556', 'job apply', '940', '2019-03-31 06:45:56', '10', 1),
(879, 'CAN_APPL20190331135507', 'job apply', '941', '2019-03-31 13:55:07', '10', 1),
(880, 'CAN_APPL20190401001627', 'job apply', '942', '2019-04-01 00:16:27', '10', 1),
(881, 'CAN_APPL20190401004120', 'job apply', '943', '2019-04-01 00:41:20', '10', 1),
(882, 'CAN_APPL20190401022713', 'job apply', '944', '2019-04-01 02:27:13', '10', 1),
(883, 'VRD_CV_20190401024726', 'Verified cv', '53', '2019-04-01 02:47:26', '97', 1),
(884, 'VRD_CV_20190401024730', 'Verified cv', '54', '2019-04-01 02:47:30', '97', 1),
(885, 'VRD_CV_20190401025152', 'Verified cv', '55', '2019-04-01 02:51:52', '97', 1),
(886, 'CAN_APPL20190401025848', 'job apply', '945', '2019-04-01 02:58:48', '10', 1),
(887, 'CAN_APPL20190401044441', 'job apply', '946', '2019-04-01 04:44:41', '10', 1),
(888, 'CAN_APPL20190401075814', 'job apply', '947', '2019-04-01 07:58:14', '10', 1),
(889, 'CAN_APPL20190401082734', 'job apply', '948', '2019-04-01 08:27:34', '101', 1),
(890, 'CAN_APPL20190401092923', 'job apply', '949', '2019-04-01 09:29:23', '10', 1),
(891, 'CAN_APPL20190401102842', 'job apply', '950', '2019-04-01 10:28:42', '101', 1),
(892, 'CAN_APPL20190401151552', 'job apply', '951', '2019-04-01 15:15:52', '10', 1),
(893, 'CAN_APPL20190401232634', 'job apply', '952', '2019-04-01 23:26:34', '10', 1),
(894, 'CAN_APPL20190402012044', 'job apply', '953', '2019-04-02 01:20:44', '101', 1),
(895, 'CAN_APPL20190402013715', 'job apply', '954', '2019-04-02 01:37:15', '10', 1),
(896, 'CAN_APPL20190402014111', 'job apply', '955', '2019-04-02 01:41:11', '10', 1),
(897, 'CAN_APPL20190402025042', 'job apply', '956', '2019-04-02 02:50:42', '10', 1),
(898, 'CAN_APPL20190402025718', 'job apply', '957', '2019-04-02 02:57:18', '10', 1),
(899, 'CAN_APPL20190402045218', 'job apply', '958', '2019-04-02 04:52:18', '101', 1),
(900, 'CAN_APPL20190402080401', 'job apply', '959', '2019-04-02 08:04:01', '10', 1),
(901, 'CAN_APPL20190402080532', 'job apply', '960', '2019-04-02 08:05:32', '10', 1),
(902, 'CAN_APPL20190402081621', 'job apply', '961', '2019-04-02 08:16:21', '10', 1),
(903, 'CAN_APPL20190402082634', 'job apply', '962', '2019-04-02 08:26:34', '101', 1),
(904, 'CAN_APPL20190402121725', 'job apply', '963', '2019-04-02 12:17:25', '10', 1),
(905, 'CAN_APPL20190402125457', 'job apply', '964', '2019-04-02 12:54:57', '10', 1),
(906, 'CAN_APPL20190403004052', 'job apply', '965', '2019-04-03 00:40:52', '10', 1),
(907, 'CAN_APPL20190403010724', 'job apply', '966', '2019-04-03 01:07:24', '101', 1),
(908, 'CAN_APPL20190403012633', 'job apply', '967', '2019-04-03 01:26:33', '10', 1),
(909, 'CAN_APPL20190403032409', 'job apply', '968', '2019-04-03 03:24:09', '10', 1),
(910, 'CAN_APPL20190403035840', 'job apply', '969', '2019-04-03 03:58:40', '10', 1),
(911, 'CAN_APPL20190403065820', 'job apply', '970', '2019-04-03 06:58:20', '10', 1),
(912, 'CAN_APPL20190404003958', 'job apply', '971', '2019-04-04 00:39:58', '10', 1),
(913, 'CAN_APPL20190404021604', 'job apply', '972', '2019-04-04 02:16:04', '10', 1),
(914, 'CAN_APPL20190404055831', 'job apply', '973', '2019-04-04 05:58:31', '104', 1),
(915, 'CAN_APPL20190404095842', 'job apply', '974', '2019-04-04 09:58:42', '10', 1),
(916, 'CAN_APPL20190405002809', 'job apply', '975', '2019-04-05 00:28:09', '10', 1),
(917, 'CAN_APPL20190405014812', 'job apply', '976', '2019-04-05 01:48:12', '10', 1),
(918, 'CAN_APPL20190405090842', 'job apply', '977', '2019-04-05 09:08:42', '10', 1),
(919, 'CAN_APPL20190406032235', 'job apply', '978', '2019-04-06 03:22:35', '10', 1),
(920, 'CAN_APPL20190406034214', 'job apply', '979', '2019-04-06 03:42:14', '10', 1),
(921, 'CAN_APPL20190406042517', 'job apply', '980', '2019-04-06 04:25:17', '99', 1),
(922, 'CAN_APPL20190406091208', 'job apply', '981', '2019-04-06 09:12:08', '104', 1),
(923, 'CAN_APPL20190406142829', 'job apply', '982', '2019-04-06 14:28:29', '102', 1),
(924, 'CAN_APPL20190407004534', 'job apply', '983', '2019-04-07 00:45:34', '99', 1),
(925, 'CAN_APPL20190407004602', 'job apply', '984', '2019-04-07 00:46:02', '101', 1),
(926, 'CAN_APPL20190407022956', 'job apply', '985', '2019-04-07 02:29:56', '10', 1),
(927, 'CAN_APPL20190407040643', 'job apply', '986', '2019-04-07 04:06:43', '99', 1),
(928, 'CAN_APPL20190407052710', 'job apply', '987', '2019-04-07 05:27:10', '10', 1),
(929, 'CAN_APPL20190407054525', 'job apply', '988', '2019-04-07 05:45:25', '10', 1),
(930, 'CAN_APPL20190407075737', 'job apply', '989', '2019-04-07 07:57:37', '99', 1),
(931, 'CAN_APPL20190408003433', 'job apply', '990', '2019-04-08 00:34:33', '10', 1),
(932, 'CAN_APPL20190408011237', 'job apply', '991', '2019-04-08 01:12:37', '10', 1),
(933, 'CAN_APPL20190408013402', 'job apply', '992', '2019-04-08 01:34:02', '99', 1),
(934, 'CAN_APPL20190408062830', 'job apply', '993', '2019-04-08 06:28:30', '10', 1),
(935, 'CAN_APPL20190408235657', 'job apply', '994', '2019-04-08 23:56:57', '10', 1),
(936, 'EMP_PCK_3pB8_20190409000002', 'Package expired', '91', '2019-04-09 00:00:02', '88', 1),
(937, 'CAN_APPL20190409000416', 'job apply', '995', '2019-04-09 00:04:16', '10', 1),
(938, 'CAN_APPL20190409005432', 'job apply', '996', '2019-04-09 00:54:32', '10', 1),
(939, 'CAN_APPL20190409011519', 'job apply', '997', '2019-04-09 01:15:19', '47', 1),
(940, 'CAN_APPL20190409032137', 'job apply', '998', '2019-04-09 03:21:37', '10', 1),
(941, 'CAN_APPL20190409032214', 'job apply', '999', '2019-04-09 03:22:14', '10', 1),
(942, 'CAN_APPL20190409033659', 'job apply', '1000', '2019-04-09 03:36:59', '10', 1),
(943, 'CAN_APPL20190409060236', 'job apply', '1001', '2019-04-09 06:02:36', '10', 1),
(944, 'CAN_APPL20190409095734', 'job apply', '1002', '2019-04-09 09:57:34', '10', 1),
(945, 'CAN_APPL20190409105638', 'job apply', '1003', '2019-04-09 10:56:38', '10', 1),
(946, 'CAN_APPL20190409150653', 'job apply', '1004', '2019-04-09 15:06:53', '10', 1),
(947, 'EMP_PCK_NhX3_20190410000003', 'Package expired', '91', '2019-04-10 00:00:03', '88', 1),
(948, 'CAN_APPL20190410014423', 'job apply', '1005', '2019-04-10 01:44:23', '10', 1),
(949, 'CAN_APPL20190410024049', 'job apply', '1006', '2019-04-10 02:40:49', '10', 1),
(950, 'CAN_APPL20190410035058', 'job apply', '1007', '2019-04-10 03:50:58', '10', 1),
(951, 'CAN_APPL20190410040531', 'job apply', '1008', '2019-04-10 04:05:31', '10', 1),
(952, 'CAN_APPL20190410054623', 'job apply', '1009', '2019-04-10 05:46:23', '10', 1),
(953, 'CAN_APPL20190410065553', 'job apply', '1010', '2019-04-10 06:55:53', '105', 1),
(954, 'CAN_APPL20190410071638', 'job apply', '1011', '2019-04-10 07:16:38', '10', 1),
(955, 'CAN_APPL20190410081300', 'job apply', '1012', '2019-04-10 08:13:00', '10', 1),
(956, 'CAN_APPL20190410092810', 'job apply', '1013', '2019-04-10 09:28:10', '10', 1),
(957, 'CAN_APPL20190410231011', 'job apply', '1014', '2019-04-10 23:10:11', '107', 1),
(958, 'CAN_APPL20190410234352', 'job apply', '1015', '2019-04-10 23:43:52', '80', 1),
(959, 'EMP_PCK_D9wo_20190411000003', 'Package expired', '91', '2019-04-11 00:00:03', '88', 1),
(960, 'CAN_APPL20190411025819', 'job apply', '1016', '2019-04-11 02:58:19', '10', 1),
(961, 'CAN_APPL20190411025931', 'job apply', '1017', '2019-04-11 02:59:31', '10', 1),
(962, 'CAN_APPL20190411030707', 'job apply', '1018', '2019-04-11 03:07:07', '10', 1),
(963, 'CAN_APPL20190411044816', 'job apply', '1019', '2019-04-11 04:48:16', '66', 1),
(964, 'CAN_APPL20190412063156', 'job apply', '1020', '2019-04-12 06:31:56', '99', 1),
(965, 'CAN_APPL20190412122112', 'job apply', '1021', '2019-04-12 12:21:12', '10', 1),
(966, 'CAN_APPL20190413002844', 'job apply', '1022', '2019-04-13 00:28:44', '99', 1),
(967, 'CAN_APPL20190413042613', 'job apply', '1023', '2019-04-13 04:26:13', '10', 1),
(968, 'CAN_APPL20190413072126', 'job apply', '1024', '2019-04-13 07:21:26', '10', 1),
(969, 'CAN_APPL20190413090601', 'job apply', '1025', '2019-04-13 09:06:01', '10', 1),
(970, 'CAN_APPL20190413090724', 'job apply', '1026', '2019-04-13 09:07:24', '10', 1),
(971, 'CAN_APPL20190413091526', 'job apply', '1027', '2019-04-13 09:15:26', '10', 1),
(972, 'CAN_APPL20190413130111', 'job apply', '1028', '2019-04-13 13:01:11', '10', 1),
(973, 'CAN_APPL20190413235729', 'job apply', '1029', '2019-04-13 23:57:29', '10', 1),
(974, 'CAN_APPL20190414004352', 'job apply', '1030', '2019-04-14 00:43:52', '102', 1),
(975, 'CAN_APPL20190414011221', 'job apply', '1031', '2019-04-14 01:12:21', '10', 1),
(976, 'CAN_APPL20190414044917', 'job apply', '1032', '2019-04-14 04:49:17', '10', 1),
(977, 'CAN_APPL20190414051036', 'job apply', '1033', '2019-04-14 05:10:36', '10', 1),
(978, 'CAN_APPL20190414051938', 'job apply', '1034', '2019-04-14 05:19:38', '10', 1),
(979, 'CAN_APPL20190414060640', 'job apply', '1035', '2019-04-14 06:06:40', '10', 1),
(980, 'CAN_APPL20190414070610', 'job apply', '1036', '2019-04-14 07:06:10', '33', 1),
(981, 'CAN_APPL20190415021422', 'job apply', '1037', '2019-04-15 02:14:22', '99', 1),
(982, 'CAN_APPL20190415030042', 'job apply', '1038', '2019-04-15 03:00:42', '10', 1),
(983, 'CAN_APPL20190415235308', 'job apply', '1039', '2019-04-15 23:53:08', '10', 1),
(984, 'CAN_APPL20190416000501', 'job apply', '1040', '2019-04-16 00:05:01', '10', 1),
(985, 'CAN_APPL20190416004508', 'job apply', '1041', '2019-04-16 00:45:08', '33', 1),
(986, 'CAN_APPL20190416022401', 'job apply', '1042', '2019-04-16 02:24:01', '107', 1),
(987, 'CAN_APPL20190416023820', 'job apply', '1043', '2019-04-16 02:38:20', '10', 1),
(988, 'CAN_APPL20190416040210', 'job apply', '1044', '2019-04-16 04:02:10', '47', 1),
(989, 'CAN_APPL20190416080024', 'job apply', '1045', '2019-04-16 08:00:24', '107', 1),
(990, 'CAN_APPL20190416115240', 'job apply', '1046', '2019-04-16 11:52:40', '107', 1),
(991, 'CAN_APPL20190416132651', 'job apply', '1047', '2019-04-16 13:26:51', '10', 1),
(992, 'CAN_APPL20190416215357', 'job apply', '1048', '2019-04-16 21:53:57', '33', 1),
(993, 'CAN_APPL20190417014009', 'job apply', '1049', '2019-04-17 01:40:09', '10', 1),
(994, 'CAN_APPL20190417014457', 'job apply', '1050', '2019-04-17 01:44:57', '107', 1),
(995, 'CAN_APPL20190417015836', 'job apply', '1051', '2019-04-17 01:58:36', '10', 1),
(996, 'CAN_APPL20190417024334', 'job apply', '1052', '2019-04-17 02:43:34', '10', 1),
(997, 'CAN_APPL20190417034346', 'job apply', '1053', '2019-04-17 03:43:46', '33', 1),
(998, 'CAN_APPL20190417035200', 'job apply', '1054', '2019-04-17 03:52:00', '10', 1),
(999, 'CAN_APPL20190417052147', 'job apply', '1055', '2019-04-17 05:21:47', '107', 1),
(1000, 'CAN_APPL20190417071110', 'job apply', '1056', '2019-04-17 07:11:10', '10', 1),
(1001, 'CAN_APPL20190417092612', 'job apply', '1057', '2019-04-17 09:26:12', '10', 1),
(1002, 'EMP_PCK_Iv8Y_20190418000003', 'Package expired', '92', '2019-04-18 00:00:03', '89', 1),
(1003, 'CAN_APPL20190418001713', 'job apply', '1058', '2019-04-18 00:17:13', '10', 1),
(1004, 'CAN_APPL20190418012705', 'job apply', '1059', '2019-04-18 01:27:05', '10', 1),
(1005, 'CAN_APPL20190418014148', 'job apply', '1060', '2019-04-18 01:41:48', '10', 1),
(1006, 'CAN_APPL20190418014824', 'job apply', '1061', '2019-04-18 01:48:24', '10', 1),
(1007, 'CAN_APPL20190418032623', 'job apply', '1062', '2019-04-18 03:26:23', '10', 1),
(1008, 'CAN_APPL20190418045232', 'job apply', '1063', '2019-04-18 04:52:32', '10', 1),
(1009, 'CAN_APPL20190418060955', 'job apply', '1064', '2019-04-18 06:09:55', '10', 1),
(1010, 'CAN_APPL20190418062051', 'job apply', '1065', '2019-04-18 06:20:51', '10', 1),
(1011, 'CAN_APPL20190418070929', 'job apply', '1066', '2019-04-18 07:09:29', '99', 1),
(1012, 'CAN_APPL20190418103020', 'job apply', '1067', '2019-04-18 10:30:21', '10', 1),
(1013, 'CAN_APPL20190418111849', 'job apply', '1068', '2019-04-18 11:18:49', '10', 1),
(1014, 'CAN_APPL20190418123827', 'job apply', '1069', '2019-04-18 12:38:27', '10', 1),
(1015, 'CAN_APPL20190418225450', 'job apply', '1070', '2019-04-18 22:54:50', '10', 1),
(1016, 'EMP_PCK_FWEr_20190419000029', 'Package expired', '92', '2019-04-19 00:00:29', '89', 1),
(1017, 'CAN_APPL20190419081830', 'job apply', '1071', '2019-04-19 08:18:30', '10', 1),
(1018, 'EMP_PCK_GAT8_20190420000003', 'Package expired', '92', '2019-04-20 00:00:03', '89', 1),
(1019, 'CAN_APPL20190420003235', 'job apply', '1072', '2019-04-20 00:32:35', '10', 1),
(1020, 'CAN_APPL20190420004801', 'job apply', '1073', '2019-04-20 00:48:01', '10', 1),
(1021, 'CAN_APPL20190420035636', 'job apply', '1074', '2019-04-20 03:56:36', '99', 1),
(1022, 'CAN_APPL20190420041154', 'job apply', '1075', '2019-04-20 04:11:54', '10', 1),
(1023, 'CAN_APPL20190420051835', 'job apply', '1076', '2019-04-20 05:18:35', '10', 1),
(1024, 'CAN_APPL20190420061900', 'job apply', '1077', '2019-04-20 06:19:00', '107', 1),
(1025, 'CAN_APPL20190420074513', 'job apply', '1078', '2019-04-20 07:45:13', '10', 1),
(1026, 'CAN_APPL20190420124202', 'job apply', '1079', '2019-04-20 12:42:02', '71', 1),
(1027, 'CAN_APPL20190420124243', 'job apply', '1080', '2019-04-20 12:42:43', '10', 1),
(1028, 'CAN_APPL20190420231750', 'job apply', '1081', '2019-04-20 23:17:50', '10', 1),
(1029, 'CAN_APPL20190421001206', 'job apply', '1082', '2019-04-21 00:12:06', '10', 1),
(1030, 'CAN_APPL20190421021735', 'job apply', '1083', '2019-04-21 02:17:35', '99', 1),
(1031, 'CAN_APPL20190421033623', 'job apply', '1084', '2019-04-21 03:36:23', '107', 1),
(1032, 'CAN_APPL20190421040201', 'job apply', '1085', '2019-04-21 04:02:01', '10', 1),
(1033, 'CAN_APPL20190421060309', 'job apply', '1086', '2019-04-21 06:03:09', '99', 1),
(1034, 'CAN_APPL20190421080741', 'job apply', '1087', '2019-04-21 08:07:41', '107', 1),
(1035, 'CAN_APPL20190421081949', 'job apply', '1088', '2019-04-21 08:19:49', '10', 1),
(1036, 'CAN_APPL20190422012805', 'job apply', '1089', '2019-04-22 01:28:05', '10', 1),
(1037, 'CAN_APPL20190422014447', 'job apply', '1090', '2019-04-22 01:44:47', '80', 1),
(1038, 'CAN_APPL20190422050621', 'job apply', '1091', '2019-04-22 05:06:21', '107', 1),
(1039, 'CAN_APPL20190422052830', 'job apply', '1092', '2019-04-22 05:28:30', '102', 1),
(1040, 'CAN_APPL20190422055137', 'job apply', '1093', '2019-04-22 05:51:37', '104', 1),
(1041, 'CAN_APPL20190422091213', 'job apply', '1094', '2019-04-22 09:12:13', '10', 1),
(1042, 'CAN_APPL20190422091334', 'job apply', '1095', '2019-04-22 09:13:34', '10', 1),
(1043, 'CAN_APPL20190422120028', 'job apply', '1096', '2019-04-22 12:00:28', '107', 1),
(1044, 'CAN_APPL20190422125326', 'job apply', '1097', '2019-04-22 12:53:26', '10', 1),
(1045, 'CAN_APPL20190422134949', 'job apply', '1098', '2019-04-22 13:49:49', '107', 1),
(1046, 'CAN_APPL20190422153604', 'job apply', '1099', '2019-04-22 15:36:04', '10', 1),
(1047, 'CAN_APPL20190422190938', 'job apply', '1100', '2019-04-22 19:09:38', '34', 1),
(1048, 'CAN_APPL20190422215149', 'job apply', '1101', '2019-04-22 21:51:49', '10', 1),
(1049, 'CAN_APPL20190422222925', 'job apply', '1102', '2019-04-22 22:29:25', '10', 1),
(1050, 'CAN_APPL20190422235856', 'job apply', '1103', '2019-04-22 23:58:56', '10', 1),
(1051, 'CAN_APPL20190423014320', 'job apply', '1104', '2019-04-23 01:43:20', '10', 1),
(1052, 'VRD_CV_20190423015800', 'Verified cv', '56', '2019-04-23 01:58:00', '101', 1),
(1053, 'CAN_APPL20190423015942', 'job apply', '1105', '2019-04-23 01:59:42', '10', 1),
(1054, 'CAN_APPL20190423020724', 'job apply', '1106', '2019-04-23 02:07:24', '101', 1),
(1055, 'CAN_APPL20190423021319', 'job apply', '1107', '2019-04-23 02:13:19', '10', 1),
(1056, 'CAN_APPL20190423022142', 'job apply', '1108', '2019-04-23 02:21:42', '10', 1),
(1057, 'CAN_APPL20190423025154', 'job apply', '1109', '2019-04-23 02:51:54', '10', 1),
(1058, 'CAN_APPL20190423030652', 'job apply', '1110', '2019-04-23 03:06:52', '10', 1),
(1059, 'CAN_APPL20190423032231', 'job apply', '1111', '2019-04-23 03:22:31', '99', 1),
(1060, 'CAN_APPL20190423040612', 'job apply', '1112', '2019-04-23 04:06:12', '10', 1),
(1061, 'CAN_APPL20190423082054', 'job apply', '1113', '2019-04-23 08:20:54', '10', 1),
(1062, 'CAN_APPL20190423153224', 'job apply', '1114', '2019-04-23 15:32:24', '10', 1),
(1063, 'CAN_APPL20190424003855', 'job apply', '1115', '2019-04-24 00:38:55', '10', 1),
(1064, 'CAN_APPL20190424013359', 'job apply', '1116', '2019-04-24 01:33:59', '10', 1),
(1065, 'CAN_APPL20190424055219', 'job apply', '1117', '2019-04-24 05:52:19', '10', 1),
(1066, 'CAN_APPL20190424055625', 'job apply', '1118', '2019-04-24 05:56:25', '10', 1),
(1067, 'CAN_APPL20190424070057', 'job apply', '1119', '2019-04-24 07:00:57', '10', 1),
(1068, 'CAN_APPL20190424082834', 'job apply', '1120', '2019-04-24 08:28:34', '107', 1),
(1069, 'CAN_APPL20190424094109', 'job apply', '1121', '2019-04-24 09:41:09', '10', 1),
(1070, 'CAN_APPL20190424100555', 'job apply', '1122', '2019-04-24 10:05:55', '10', 1),
(1071, 'CAN_APPL20190424100956', 'job apply', '1123', '2019-04-24 10:09:56', '107', 1),
(1072, 'CAN_APPL20190424111107', 'job apply', '1124', '2019-04-24 11:11:07', '10', 1),
(1073, 'CAN_APPL20190424120820', 'job apply', '1125', '2019-04-24 12:08:20', '10', 1),
(1074, 'CAN_APPL20190424233811', 'job apply', '1126', '2019-04-24 23:38:11', '10', 1),
(1075, 'CAN_APPL20190425004021', 'job apply', '1127', '2019-04-25 00:40:21', '10', 1),
(1076, 'CAN_APPL20190425043042', 'job apply', '1128', '2019-04-25 04:30:42', '10', 1),
(1077, 'CAN_APPL20190425043643', 'job apply', '1129', '2019-04-25 04:36:43', '10', 1),
(1078, 'CAN_APPL20190425062404', 'job apply', '1130', '2019-04-25 06:24:04', '10', 1),
(1079, 'CAN_APPL20190425064734', 'job apply', '1131', '2019-04-25 06:47:34', '10', 1),
(1080, 'CAN_APPL20190425093731', 'job apply', '1132', '2019-04-25 09:37:31', '10', 1),
(1081, 'CAN_APPL20190425114216', 'job apply', '1133', '2019-04-25 11:42:16', '10', 1),
(1082, 'VRD_CV_20190425232949', 'Verified cv', '57', '2019-04-25 23:29:49', '10', 1),
(1083, 'CAN_APPL20190426051852', 'job apply', '1134', '2019-04-26 05:18:52', '10', 1),
(1084, 'CAN_APPL20190426052633', 'job apply', '1135', '2019-04-26 05:26:33', '112', 1),
(1085, 'CAN_APPL20190426072623', 'job apply', '1136', '2019-04-26 07:26:23', '10', 1),
(1086, 'CAN_APPL20190426234159', 'job apply', '1137', '2019-04-26 23:41:59', '10', 1),
(1087, 'CAN_APPL20190427000821', 'job apply', '1138', '2019-04-27 00:08:21', '10', 1),
(1088, 'CAN_APPL20190427114804', 'job apply', '1139', '2019-04-27 11:48:04', '10', 1),
(1089, 'EMP_PCK_AzUT_20190428000002', 'Package expired', '93', '2019-04-28 00:00:02', '90', 1),
(1090, 'EMP_PCK_XO0e_20190428000002', 'Package expired', '94', '2019-04-28 00:00:02', '91', 1),
(1091, 'CAN_APPL20190428004059', 'job apply', '1140', '2019-04-28 00:40:59', '10', 1),
(1092, 'CAN_APPL20190428021224', 'job apply', '1141', '2019-04-28 02:12:24', '102', 1),
(1093, 'CAN_APPL20190428022343', 'job apply', '1142', '2019-04-28 02:23:43', '112', 1),
(1094, 'CAN_APPL20190428025951', 'job apply', '1143', '2019-04-28 02:59:51', '10', 1),
(1095, 'CAN_APPL20190428045445', 'job apply', '1144', '2019-04-28 04:54:45', '10', 1),
(1096, 'CAN_APPL20190428051557', 'job apply', '1145', '2019-04-28 05:15:57', '10', 1),
(1097, 'CAN_APPL20190428054900', 'job apply', '1146', '2019-04-28 05:49:00', '10', 1),
(1098, 'CAN_APPL20190428090620', 'job apply', '1147', '2019-04-28 09:06:20', '112', 1),
(1099, 'CAN_APPL20190428230310', 'job apply', '1148', '2019-04-28 23:03:10', '10', 1),
(1100, 'CAN_APPL20190428235026', 'job apply', '1149', '2019-04-28 23:50:26', '10', 1),
(1101, 'EMP_PCK_Ja4E_20190429000002', 'Package expired', '93', '2019-04-29 00:00:02', '90', 1),
(1102, 'EMP_PCK_MKBI_20190429000002', 'Package expired', '94', '2019-04-29 00:00:02', '91', 1),
(1103, 'EMP_PCK_i6AY_20190429000002', 'Package expired', '95', '2019-04-29 00:00:02', '92', 1),
(1104, 'EMP_PCK_Kb4U_20190429000002', 'Package expired', '96', '2019-04-29 00:00:02', '93', 1),
(1105, 'EMP_PCK_atfj_20190429000002', 'Package expired', '97', '2019-04-29 00:00:02', '94', 1),
(1106, 'EMP_PCK_EYNi_20190429000002', 'Package expired', '98', '2019-04-29 00:00:02', '95', 1),
(1107, 'CAN_APPL20190429002422', 'job apply', '1150', '2019-04-29 00:24:22', '10', 1),
(1108, 'CAN_APPL20190429010506', 'job apply', '1151', '2019-04-29 01:05:06', '10', 1),
(1109, 'CAN_APPL20190429010610', 'job apply', '1152', '2019-04-29 01:06:10', '104', 1),
(1110, 'CAN_APPL20190429010809', 'job apply', '1153', '2019-04-29 01:08:09', '10', 1),
(1111, 'CAN_APPL20190429013039', 'job apply', '1154', '2019-04-29 01:30:39', '112', 1),
(1112, 'CAN_APPL20190429020942', 'job apply', '1155', '2019-04-29 02:09:42', '10', 1),
(1113, 'CAN_APPL20190429025659', 'job apply', '1156', '2019-04-29 02:56:59', '10', 1),
(1114, 'CAN_APPL20190429041628', 'job apply', '1157', '2019-04-29 04:16:28', '107', 1),
(1115, 'CAN_APPL20190429060427', 'job apply', '1158', '2019-04-29 06:04:27', '28', 1),
(1116, 'CAN_APPL20190429065612', 'job apply', '1159', '2019-04-29 06:56:12', '10', 1),
(1117, 'CAN_APPL20190429085820', 'job apply', '1160', '2019-04-29 08:58:20', '10', 1),
(1118, 'CAN_APPL20190429190246', 'job apply', '1161', '2019-04-29 19:02:46', '10', 1),
(1119, 'CAN_APPL20190429233328', 'job apply', '1162', '2019-04-29 23:33:28', '10', 1),
(1120, 'EMP_PCK_FTM4_20190430000002', 'Package expired', '93', '2019-04-30 00:00:02', '90', 1),
(1121, 'EMP_PCK_WtZC_20190430000002', 'Package expired', '94', '2019-04-30 00:00:02', '91', 1),
(1122, 'EMP_PCK_ISpY_20190430000002', 'Package expired', '95', '2019-04-30 00:00:02', '92', 1),
(1123, 'EMP_PCK_nkxS_20190430000002', 'Package expired', '96', '2019-04-30 00:00:02', '93', 1),
(1124, 'EMP_PCK_QDjc_20190430000002', 'Package expired', '97', '2019-04-30 00:00:02', '94', 1),
(1125, 'EMP_PCK_u4UI_20190430000002', 'Package expired', '98', '2019-04-30 00:00:02', '95', 1),
(1126, 'EMP_PCK_eu8q_20190430000002', 'Package expired', '99', '2019-04-30 00:00:02', '96', 1),
(1127, 'CAN_APPL20190430000213', 'job apply', '1163', '2019-04-30 00:02:13', '10', 1),
(1128, 'CAN_APPL20190430010741', 'job apply', '1164', '2019-04-30 01:07:41', '10', 1),
(1129, 'CAN_APPL20190430021215', 'job apply', '1165', '2019-04-30 02:12:15', '10', 1),
(1130, 'CAN_APPL20190430035835', 'job apply', '1166', '2019-04-30 03:58:35', '10', 1),
(1131, 'CAN_APPL20190430041815', 'job apply', '1167', '2019-04-30 04:18:15', '10', 1),
(1132, 'CAN_APPL20190430044506', 'job apply', '1168', '2019-04-30 04:45:06', '103', 1),
(1133, 'CAN_APPL20190430081416', 'job apply', '1169', '2019-04-30 08:14:16', '10', 1),
(1134, 'CAN_APPL20190430101012', 'job apply', '1170', '2019-04-30 10:10:12', '10', 1),
(1135, 'CAN_APPL20190430104915', 'job apply', '1171', '2019-04-30 10:49:15', '10', 1),
(1136, 'CAN_APPL20190430130807', 'job apply', '1172', '2019-04-30 13:08:07', '47', 1),
(1137, 'CAN_APPL20190430150545', 'job apply', '1173', '2019-04-30 15:05:45', '10', 1),
(1138, 'CAN_APPL20190430172304', 'job apply', '1174', '2019-04-30 17:23:04', '10', 1),
(1139, 'CAN_APPL20190430210903', 'job apply', '1175', '2019-04-30 21:09:03', '10', 1),
(1140, 'CAN_APPL20190430234923', 'job apply', '1176', '2019-04-30 23:49:23', '10', 1),
(1141, 'EMP_PCK_AckC_20190501000002', 'Package expired', '95', '2019-05-01 00:00:02', '92', 1),
(1142, 'EMP_PCK_0ONc_20190501000002', 'Package expired', '96', '2019-05-01 00:00:02', '93', 1),
(1143, 'EMP_PCK_L4C7_20190501000002', 'Package expired', '97', '2019-05-01 00:00:02', '94', 1),
(1144, 'EMP_PCK_jl2t_20190501000002', 'Package expired', '98', '2019-05-01 00:00:02', '95', 1),
(1145, 'EMP_PCK_3OSl_20190501000002', 'Package expired', '99', '2019-05-01 00:00:02', '96', 1),
(1146, 'EMP_PCK_D6Jo_20190501000002', 'Package expired', '100', '2019-05-01 00:00:02', '97', 1),
(1147, 'CAN_APPL20190501010814', 'job apply', '1177', '2019-05-01 01:08:14', '10', 1),
(1148, 'CAN_APPL20190501013949', 'job apply', '1178', '2019-05-01 01:39:49', '10', 1),
(1149, 'CAN_APPL20190501031522', 'job apply', '1179', '2019-05-01 03:15:22', '10', 1),
(1150, 'CAN_APPL20190501041759', 'job apply', '1180', '2019-05-01 04:17:59', '10', 1),
(1151, 'CAN_APPL20190501050232', 'job apply', '1181', '2019-05-01 05:02:32', '10', 1),
(1152, 'CAN_APPL20190501223006', 'job apply', '1182', '2019-05-01 22:30:06', '99', 1),
(1153, 'CAN_APPL20190501223226', 'job apply', '1183', '2019-05-01 22:32:26', '10', 1),
(1154, 'EMP_PCK_2tUx_20190502000003', 'Package expired', '99', '2019-05-02 00:00:03', '96', 1),
(1155, 'EMP_PCK_FPL9_20190502000003', 'Package expired', '100', '2019-05-02 00:00:03', '97', 1),
(1156, 'CAN_APPL20190502000256', 'job apply', '1184', '2019-05-02 00:02:56', '10', 1),
(1157, 'CAN_APPL20190502011601', 'job apply', '1185', '2019-05-02 01:16:01', '105', 1),
(1158, 'CAN_APPL20190502084455', 'job apply', '1186', '2019-05-02 08:44:55', '10', 1),
(1159, 'EMP_PCK_D2Vt_20190503000004', 'Package expired', '100', '2019-05-03 00:00:04', '97', 1),
(1160, 'CAN_APPL20190503003021', 'job apply', '1187', '2019-05-03 00:30:21', '10', 1),
(1161, 'CAN_APPL20190503043452', 'job apply', '1188', '2019-05-03 04:34:52', '107', 1),
(1162, 'CAN_APPL20190503083321', 'job apply', '1189', '2019-05-03 08:33:21', '34', 1),
(1163, 'CAN_APPL20190503213404', 'job apply', '1190', '2019-05-03 21:34:04', '107', 1),
(1164, 'CAN_APPL20190503221739', 'job apply', '1191', '2019-05-03 22:17:39', '10', 1),
(1165, 'CAN_APPL20190503235219', 'job apply', '1192', '2019-05-03 23:52:19', '107', 1),
(1166, 'CAN_APPL20190504011407', 'job apply', '1193', '2019-05-04 01:14:07', '10', 1),
(1167, 'VRD_CV_20190504015218', 'Verified cv', '58', '2019-05-04 01:52:18', '10', 1),
(1168, 'CAN_APPL20190504054556', 'job apply', '1194', '2019-05-04 05:45:56', '10', 1),
(1169, 'CAN_APPL20190504082248', 'job apply', '1195', '2019-05-04 08:22:48', '10', 1),
(1170, 'CAN_APPL20190504173141', 'job apply', '1196', '2019-05-04 17:31:41', '10', 1),
(1171, 'CAN_APPL20190504233909', 'job apply', '1197', '2019-05-04 23:39:09', '10', 1),
(1172, 'CAN_APPL20190505034026', 'job apply', '1198', '2019-05-05 03:40:26', '10', 1),
(1173, 'CAN_APPL20190505035112', 'job apply', '1199', '2019-05-05 03:51:12', '10', 1),
(1174, 'CAN_APPL20190505035218', 'job apply', '1200', '2019-05-05 03:52:18', '10', 1),
(1175, 'CAN_APPL20190505043536', 'job apply', '1201', '2019-05-05 04:35:36', '10', 1),
(1176, 'CAN_APPL20190505221018', 'job apply', '1202', '2019-05-05 22:10:18', '32', 1),
(1177, 'EMP_PCK_nU7O_20190506000002', 'Package expired', '101', '2019-05-06 00:00:02', '98', 1),
(1178, 'CAN_APPL20190506034509', 'job apply', '1203', '2019-05-06 03:45:09', '10', 1),
(1179, 'CAN_APPL20190506034925', 'job apply', '1204', '2019-05-06 03:49:25', '107', 1),
(1180, 'CAN_APPL20190506043106', 'job apply', '1205', '2019-05-06 04:31:06', '10', 1),
(1181, 'CAN_APPL20190506043445', 'job apply', '1206', '2019-05-06 04:34:45', '107', 1),
(1182, 'CAN_APPL20190506053255', 'job apply', '1207', '2019-05-06 05:32:55', '107', 1),
(1183, 'CAN_APPL20190506061244', 'job apply', '1208', '2019-05-06 06:12:44', '107', 1),
(1184, 'CAN_APPL20190506082821', 'job apply', '1209', '2019-05-06 08:28:21', '10', 1),
(1185, 'CAN_APPL20190506094822', 'job apply', '1210', '2019-05-06 09:48:22', '104', 1),
(1186, 'CAN_APPL20190506121019', 'job apply', '1211', '2019-05-06 12:10:19', '10', 1),
(1187, 'CAN_APPL20190506134006', 'job apply', '1212', '2019-05-06 13:40:06', '10', 1),
(1188, 'EMP_PCK_R5gG_20190507000003', 'Package expired', '113', '2019-05-07 00:00:03', '33', 1),
(1189, 'EMP_PCK_KTpu_20190507000003', 'Package expired', '101', '2019-05-07 00:00:03', '98', 1),
(1190, 'EMP_PCK_bW9R_20190507000003', 'Package expired', '102', '2019-05-07 00:00:03', '99', 1),
(1191, 'CAN_APPL20190507022558', 'job apply', '1213', '2019-05-07 02:25:58', '10', 1),
(1192, 'CAN_APPL20190507023808', 'job apply', '1214', '2019-05-07 02:38:08', '107', 1),
(1193, 'CAN_APPL20190507023811', 'job apply', '1215', '2019-05-07 02:38:11', '107', 1),
(1194, 'CAN_APPL20190507041330', 'job apply', '1216', '2019-05-07 04:13:30', '10', 1),
(1195, 'CAN_APPL20190507043051', 'job apply', '1217', '2019-05-07 04:30:51', '10', 1),
(1196, 'CAN_APPL20190507091429', 'job apply', '1218', '2019-05-07 09:14:29', '107', 1),
(1197, 'EMP_PCK_w0RJ_20190508000003', 'Package expired', '113', '2019-05-08 00:00:03', '33', 1),
(1198, 'EMP_PCK_2lPZ_20190508000003', 'Package expired', '101', '2019-05-08 00:00:03', '98', 1),
(1199, 'EMP_PCK_I9Mj_20190508000003', 'Package expired', '102', '2019-05-08 00:00:03', '99', 1),
(1200, 'CAN_APPL20190508024045', 'job apply', '1219', '2019-05-08 02:40:45', '107', 1),
(1201, 'CAN_APPL20190508034329', 'job apply', '1220', '2019-05-08 03:43:29', '107', 1),
(1202, 'CAN_APPL20190508045305', 'job apply', '1221', '2019-05-08 04:53:05', '10', 1),
(1203, 'CAN_APPL20190508060943', 'job apply', '1222', '2019-05-08 06:09:43', '107', 1),
(1204, 'CAN_APPL20190508115141', 'job apply', '1223', '2019-05-08 11:51:41', '107', 1),
(1205, 'CAN_APPL20190508192945', 'job apply', '1224', '2019-05-08 19:29:45', '10', 1),
(1206, 'CAN_APPL20190508221212', 'job apply', '1225', '2019-05-08 22:12:12', '10', 1),
(1207, 'CAN_APPL20190508221839', 'job apply', '1226', '2019-05-08 22:18:39', '107', 1),
(1208, 'CAN_APPL20190508223140', 'job apply', '1227', '2019-05-08 22:31:40', '61', 1),
(1209, 'CAN_APPL20190508233236', 'job apply', '1228', '2019-05-08 23:32:36', '33', 1),
(1210, 'EMP_PCK_S79O_20190509000003', 'Package expired', '113', '2019-05-09 00:00:03', '33', 1),
(1211, 'EMP_PCK_xPqh_20190509000003', 'Package expired', '102', '2019-05-09 00:00:03', '99', 1),
(1212, 'CAN_APPL20190509001517', 'job apply', '1229', '2019-05-09 00:15:17', '10', 1),
(1213, 'CAN_APPL20190509013557', 'job apply', '1230', '2019-05-09 01:35:57', '107', 1);
INSERT INTO `ch_emp_alerts` (`ea_id`, `ea_enc`, `ea_type`, `ea_ref_id`, `ea_createdOn`, `ea_createdBy`, `ea_status`) VALUES
(1214, 'CAN_APPL20190509014759', 'job apply', '1231', '2019-05-09 01:47:59', '107', 1),
(1215, 'CAN_APPL20190509033116', 'job apply', '1232', '2019-05-09 03:31:16', '10', 1),
(1216, 'CAN_APPL20190509034551', 'job apply', '1233', '2019-05-09 03:45:51', '103', 1),
(1217, 'CAN_APPL20190509034746', 'job apply', '1234', '2019-05-09 03:47:46', '10', 1),
(1218, 'CAN_APPL20190509131809', 'job apply', '1235', '2019-05-09 13:18:09', '10', 1),
(1219, 'CAN_APPL20190510040023', 'job apply', '1236', '2019-05-10 04:00:23', '10', 1),
(1220, 'CAN_APPL20190511014435', 'job apply', '1237', '2019-05-11 01:44:35', '61', 1),
(1221, 'CAN_APPL20190511024459', 'job apply', '1238', '2019-05-11 02:44:59', '10', 1),
(1222, 'CAN_APPL20190511042455', 'job apply', '1239', '2019-05-11 04:24:55', '10', 1),
(1223, 'CAN_APPL20190511120712', 'job apply', '1240', '2019-05-11 12:07:12', '33', 1),
(1224, 'CAN_APPL20190512013601', 'job apply', '1241', '2019-05-12 01:36:01', '10', 0),
(1225, 'CAN_APPL20190512050259', 'job apply', '1242', '2019-05-12 05:02:59', '10', 1),
(1226, 'EMP_PCK_bUpN_20190513000003', 'Package expired', '103', '2019-05-13 00:00:03', '100', 1),
(1227, 'CAN_APPL20190513001725', 'job apply', '1243', '2019-05-13 00:17:25', '10', 1),
(1228, 'CAN_APPL20190513004449', 'job apply', '1244', '2019-05-13 00:44:49', '10', 0),
(1229, 'CAN_APPL20190513004523', 'job apply', '1245', '2019-05-13 00:45:23', '10', 1),
(1230, 'CAN_APPL20190513013713', 'job apply', '1246', '2019-05-13 01:37:13', '10', 1),
(1231, 'CAN_APPL20190513015106', 'job apply', '1247', '2019-05-13 01:51:06', '112', 1),
(1232, 'CAN_APPL20190513063338', 'job apply', '1248', '2019-05-13 06:33:38', '10', 1),
(1233, 'CAN_APPL20190513064933', 'job apply', '1249', '2019-05-13 06:49:33', '66', 1),
(1234, 'CAN_APPL20190513072931', 'job apply', '1250', '2019-05-13 07:29:31', '10', 1),
(1235, 'CAN_APPL20190513113803', 'job apply', '1251', '2019-05-13 11:38:03', '10', 1),
(1236, 'EMP_PCK_bzOk_20190514000004', 'Package expired', '103', '2019-05-14 00:00:04', '100', 1),
(1237, 'EMP_PCK_IanV_20190514000004', 'Package expired', '104', '2019-05-14 00:00:04', '101', 1),
(1238, 'CAN_APPL20190514011819', 'job apply', '1252', '2019-05-14 01:18:19', '10', 1),
(1239, 'CAN_APPL20190514064937', 'job apply', '1253', '2019-05-14 06:49:37', '10', 1),
(1240, 'EMP_PCK_4zg3_20190515000003', 'Package expired', '103', '2019-05-15 00:00:03', '100', 1),
(1241, 'EMP_PCK_iZc9_20190515000003', 'Package expired', '104', '2019-05-15 00:00:03', '101', 1),
(1242, 'CAN_APPL20190515042332', 'job apply', '1254', '2019-05-15 04:23:32', '49', 1),
(1243, 'CAN_APPL20190515052118', 'job apply', '1255', '2019-05-15 05:21:18', '10', 1),
(1244, 'CAN_APPL20190515082616', 'job apply', '1256', '2019-05-15 08:26:16', '10', 1),
(1245, 'CAN_APPL20190515224940', 'job apply', '1257', '2019-05-15 22:49:40', '112', 1),
(1246, 'EMP_PCK_M2XA_20190516000002', 'Package expired', '115', '2019-05-16 00:00:02', '107', 1),
(1247, 'EMP_PCK_FoKa_20190516000002', 'Package expired', '104', '2019-05-16 00:00:02', '101', 1),
(1248, 'EMP_PCK_EImA_20190516000002', 'Package expired', '105', '2019-05-16 00:00:02', '102', 1),
(1249, 'EMP_PCK_v8WY_20190516000002', 'Package expired', '106', '2019-05-16 00:00:02', '103', 1),
(1250, 'CAN_APPL20190516012800', 'job apply', '1258', '2019-05-16 01:28:00', '10', 1),
(1251, 'CAN_APPL20190516033946', 'job apply', '1259', '2019-05-16 03:39:46', '10', 1),
(1252, 'CAN_APPL20190516052850', 'job apply', '1260', '2019-05-16 05:28:50', '61', 1),
(1253, 'CAN_APPL20190516084009', 'job apply', '1261', '2019-05-16 08:40:09', '99', 1),
(1254, 'EMP_PCK_SUjh_20190517000002', 'Package expired', '115', '2019-05-17 00:00:02', '107', 1),
(1255, 'EMP_PCK_DJAe_20190517000002', 'Package expired', '105', '2019-05-17 00:00:02', '102', 1),
(1256, 'EMP_PCK_Yf7O_20190517000002', 'Package expired', '106', '2019-05-17 00:00:02', '103', 1),
(1257, 'EMP_PCK_W6VY_20190517000002', 'Package expired', '107', '2019-05-17 00:00:02', '104', 1),
(1258, 'EMP_PCK_G5L8_20190517000002', 'Package expired', '108', '2019-05-17 00:00:02', '105', 1),
(1259, 'EMP_PCK_w0ck_20190518000003', 'Package expired', '115', '2019-05-18 00:00:03', '107', 1),
(1260, 'EMP_PCK_T5Dw_20190518000003', 'Package expired', '105', '2019-05-18 00:00:03', '102', 1),
(1261, 'EMP_PCK_NGAW_20190518000003', 'Package expired', '106', '2019-05-18 00:00:03', '103', 1),
(1262, 'EMP_PCK_zqt3_20190518000003', 'Package expired', '107', '2019-05-18 00:00:03', '104', 1),
(1263, 'EMP_PCK_zpSs_20190518000003', 'Package expired', '108', '2019-05-18 00:00:03', '105', 1),
(1264, 'EMP_PCK_hlcx_20190519000003', 'Package expired', '107', '2019-05-19 00:00:03', '104', 1),
(1265, 'EMP_PCK_qwxD_20190519000003', 'Package expired', '108', '2019-05-19 00:00:03', '105', 1),
(1266, 'CAN_APPL20190519001341', 'job apply', '1262', '2019-05-19 00:13:41', '10', 1),
(1267, 'CAN_APPL20190519003751', 'job apply', '1263', '2019-05-19 00:37:51', '10', 1),
(1268, 'CAN_APPL20190519004443', 'job apply', '1264', '2019-05-19 00:44:43', '10', 1),
(1269, 'CAN_APPL20190519024854', 'job apply', '1265', '2019-05-19 02:48:54', '10', 1),
(1270, 'CAN_APPL20190519050436', 'job apply', '1266', '2019-05-19 05:04:36', '10', 1),
(1271, 'CAN_APPL20190519065115', 'job apply', '1267', '2019-05-19 06:51:15', '10', 1),
(1272, 'CAN_APPL20190519115708', 'job apply', '1268', '2019-05-19 11:57:08', '10', 1),
(1273, 'EMP_PCK_Dpcz_20190520000003', 'Package expired', '109', '2019-05-20 00:00:03', '106', 1),
(1274, 'CAN_APPL20190520003522', 'job apply', '1269', '2019-05-20 00:35:22', '10', 1),
(1275, 'CAN_APPL20190520083746', 'job apply', '1270', '2019-05-20 08:37:46', '10', 1),
(1276, 'CAN_APPL20190520162540', 'job apply', '1271', '2019-05-20 16:25:40', '10', 1),
(1277, 'CAN_APPL20190520213442', 'job apply', '1272', '2019-05-20 21:34:42', '10', 1),
(1278, 'EMP_PCK_z5Cj_20190521000002', 'Package expired', '109', '2019-05-21 00:00:02', '106', 1),
(1279, 'EMP_PCK_7lYC_20190521000002', 'Package expired', '110', '2019-05-21 00:00:02', '107', 1),
(1280, 'EMP_PCK_KCnW_20190521000002', 'Package expired', '111', '2019-05-21 00:00:02', '108', 1),
(1281, 'EMP_PCK_rm1v_20190521000002', 'Package expired', '112', '2019-05-21 00:00:02', '109', 1),
(1282, 'CAN_APPL20190521024059', 'job apply', '1273', '2019-05-21 02:40:59', '10', 1),
(1283, 'CAN_APPL20190521055100', 'job apply', '1274', '2019-05-21 05:51:00', '10', 1),
(1284, 'CAN_APPL20190521150936', 'job apply', '1275', '2019-05-21 15:09:36', '10', 1),
(1285, 'CAN_APPL20190521224537', 'job apply', '1276', '2019-05-21 22:45:37', '10', 1),
(1286, 'EMP_PCK_J4Cj_20190522000003', 'Package expired', '109', '2019-05-22 00:00:03', '106', 1),
(1287, 'EMP_PCK_z0hH_20190522000003', 'Package expired', '110', '2019-05-22 00:00:03', '107', 1),
(1288, 'EMP_PCK_VJzd_20190522000003', 'Package expired', '111', '2019-05-22 00:00:03', '108', 1),
(1289, 'EMP_PCK_2qLQ_20190522000003', 'Package expired', '112', '2019-05-22 00:00:03', '109', 1),
(1290, 'CAN_APPL20190522020127', 'job apply', '1277', '2019-05-22 02:01:27', '10', 1),
(1291, 'CAN_APPL20190522101440', 'job apply', '1278', '2019-05-22 10:14:40', '10', 1),
(1292, 'CAN_APPL20190522102944', 'job apply', '1279', '2019-05-22 10:29:44', '38', 1),
(1293, 'CAN_APPL20190522203443', 'job apply', '1280', '2019-05-22 20:34:43', '10', 1),
(1294, 'CAN_APPL20190522220903', 'job apply', '1281', '2019-05-22 22:09:03', '115', 1),
(1295, 'EMP_PCK_H9Ef_20190523000003', 'Package expired', '110', '2019-05-23 00:00:03', '107', 1),
(1296, 'EMP_PCK_N9AE_20190523000003', 'Package expired', '111', '2019-05-23 00:00:03', '108', 1),
(1297, 'EMP_PCK_TDVn_20190523000003', 'Package expired', '112', '2019-05-23 00:00:03', '109', 1),
(1298, 'CAN_APPL20190523100417', 'job apply', '1282', '2019-05-23 10:04:17', '116', 1),
(1299, 'EMP_PCK_ibeG_20190525000004', 'Package expired', '114', '2019-05-25 00:00:04', '110', 1),
(1300, 'EMP_PCK_xha5_20190526000003', 'Package expired', '114', '2019-05-26 00:00:03', '110', 1),
(1301, 'CAN_APPL20190526134440', 'job apply', '1283', '2019-05-26 13:44:40', '10', 1),
(1302, 'EMP_PCK_DEZs_20190527000002', 'Package expired', '114', '2019-05-27 00:00:02', '110', 1),
(1303, 'CAN_APPL20190527041634', 'job apply', '1284', '2019-05-27 04:16:34', '10', 1),
(1304, 'CAN_APPL20190527042248', 'job apply', '1285', '2019-05-27 04:22:48', '10', 1),
(1305, 'CAN_APPL20190527055349', 'job apply', '1286', '2019-05-27 05:53:49', '10', 1),
(1306, 'CAN_APPL20190528021351', 'job apply', '1287', '2019-05-28 02:13:51', '10', 1),
(1307, 'CAN_APPL20190528031257', 'job apply', '1288', '2019-05-28 03:12:57', '10', 1),
(1308, 'CAN_APPL20190528101932', 'job apply', '1289', '2019-05-28 10:19:32', '10', 1),
(1309, 'CAN_APPL20190528183222', 'job apply', '1290', '2019-05-28 18:32:22', '78', 1),
(1310, 'CAN_APPL20190528185749', 'job apply', '1291', '2019-05-28 18:57:49', '10', 1),
(1311, 'CAN_APPL20190529015144', 'job apply', '1292', '2019-05-29 01:51:44', '10', 1),
(1312, 'CAN_APPL20190529043123', 'job apply', '1293', '2019-05-29 04:31:23', '10', 1),
(1313, 'CAN_APPL20190529050822', 'job apply', '1294', '2019-05-29 05:08:22', '10', 1),
(1314, 'CAN_APPL20190531112201', 'job apply', '1295', '2019-05-31 11:22:01', '10', 1),
(1315, 'EMP_PCK_zset_20190601000003', 'Package expired', '116', '2019-06-01 00:00:03', '111', 1),
(1316, 'EMP_PCK_tFkI_20190602000003', 'Package expired', '116', '2019-06-02 00:00:03', '111', 1),
(1317, 'CAN_APPL20190602005615', 'job apply', '1296', '2019-06-02 00:56:15', '10', 1),
(1318, 'CAN_APPL20190602014437', 'job apply', '1297', '2019-06-02 01:44:37', '10', 1),
(1319, 'CAN_APPL20190602015410', 'job apply', '1298', '2019-06-02 01:54:10', '10', 1),
(1320, 'CAN_APPL20190602022410', 'job apply', '1299', '2019-06-02 02:24:10', '10', 1),
(1321, 'CAN_APPL20190602025123', 'job apply', '1300', '2019-06-02 02:51:23', '10', 1),
(1322, 'CAN_APPL20190602061125', 'job apply', '1301', '2019-06-02 06:11:25', '10', 1),
(1323, 'CAN_APPL20190602062639', 'job apply', '1302', '2019-06-02 06:26:39', '10', 1),
(1324, 'CAN_APPL20190602174554', 'job apply', '1303', '2019-06-02 17:45:54', '10', 1),
(1325, 'CAN_APPL20190602211647', 'job apply', '1304', '2019-06-02 21:16:47', '10', 1),
(1326, 'EMP_PCK_Uazs_20190603000017', 'Package expired', '116', '2019-06-03 00:00:17', '111', 1),
(1327, 'CAN_APPL20190603013428', 'job apply', '1305', '2019-06-03 01:34:28', '10', 1),
(1328, 'CAN_APPL20190603114714', 'job apply', '1306', '2019-06-03 11:47:14', '10', 1),
(1329, 'EMP_PCK_egrM_20190604000003', 'Package expired', '117', '2019-06-04 00:00:03', '112', 1),
(1330, 'EMP_PCK_oL3k_20190605000003', 'Package expired', '117', '2019-06-05 00:00:03', '112', 1),
(1331, 'EMP_PCK_rg9X_20190605000003', 'Package expired', '118', '2019-06-05 00:00:03', '113', 1),
(1332, 'CAN_APPL20190605094436', 'job apply', '1307', '2019-06-05 09:44:36', '10', 1),
(1333, 'EMP_PCK_4Xa7_20190606000003', 'Package expired', '117', '2019-06-06 00:00:03', '112', 1),
(1334, 'EMP_PCK_x2sr_20190606000003', 'Package expired', '118', '2019-06-06 00:00:03', '113', 1),
(1335, 'EMP_PCK_2Dkv_20190607000003', 'Package expired', '118', '2019-06-07 00:00:03', '113', 1),
(1336, 'CAN_APPL20190608024223', 'job apply', '1308', '2019-06-08 02:42:23', '10', 1),
(1337, 'CAN_APPL20190609000206', 'job apply', '1309', '2019-06-09 00:02:06', '10', 1),
(1338, 'CAN_APPL20190609013503', 'job apply', '1310', '2019-06-09 01:35:03', '10', 1),
(1339, 'CAN_APPL20190609030726', 'job apply', '1311', '2019-06-09 03:07:26', '10', 1),
(1340, 'CAN_APPL20190609034701', 'job apply', '1312', '2019-06-09 03:47:01', '33', 1),
(1341, 'CAN_APPL20190609035840', 'job apply', '1313', '2019-06-09 03:58:40', '10', 1),
(1342, 'CAN_APPL20190609054635', 'job apply', '1314', '2019-06-09 05:46:35', '10', 1),
(1343, 'CAN_APPL20190609074859', 'job apply', '1315', '2019-06-09 07:48:59', '10', 1),
(1344, 'CAN_APPL20190609081807', 'job apply', '1316', '2019-06-09 08:18:07', '99', 1),
(1345, 'CAN_APPL20190609151907', 'job apply', '1317', '2019-06-09 15:19:07', '10', 1),
(1346, 'CAN_APPL20190610235257', 'job apply', '1318', '2019-06-10 23:52:57', '10', 1),
(1347, 'EMP_PCK_vTiJ_20190611000003', 'Package expired', '119', '2019-06-11 00:00:03', '114', 1),
(1348, 'EMP_PCK_CsOd_20190611000003', 'Package expired', '120', '2019-06-11 00:00:03', '115', 1),
(1349, 'CAN_APPL20190611023039', 'job apply', '1319', '2019-06-11 02:30:39', '10', 1),
(1350, 'CAN_APPL20190611041716', 'job apply', '1320', '2019-06-11 04:17:16', '10', 1),
(1351, 'CAN_APPL20190611053447', 'job apply', '1321', '2019-06-11 05:34:47', '10', 1),
(1352, 'CAN_APPL20190611103743', 'job apply', '1322', '2019-06-11 10:37:43', '10', 1),
(1353, 'CAN_APPL20190611105606', 'job apply', '1323', '2019-06-11 10:56:06', '10', 1),
(1354, 'CAN_APPL20190611164831', 'job apply', '1324', '2019-06-11 16:48:31', '10', 1),
(1355, 'CAN_APPL20190611165255', 'job apply', '1325', '2019-06-11 16:52:55', '10', 1),
(1356, 'CAN_APPL20190611215000', 'job apply', '1326', '2019-06-11 21:50:00', '10', 1),
(1357, 'EMP_PCK_GgTJ_20190612000002', 'Package expired', '119', '2019-06-12 00:00:02', '114', 1),
(1358, 'EMP_PCK_XkxH_20190612000002', 'Package expired', '120', '2019-06-12 00:00:02', '115', 1),
(1359, 'CAN_APPL20190612000623', 'job apply', '1327', '2019-06-12 00:06:23', '10', 1),
(1360, 'CAN_APPL20190612034609', 'job apply', '1328', '2019-06-12 03:46:09', '10', 1),
(1361, 'CAN_APPL20190612063651', 'job apply', '1329', '2019-06-12 06:36:51', '10', 1),
(1362, 'CAN_APPL20190612065237', 'job apply', '1330', '2019-06-12 06:52:37', '10', 1),
(1363, 'CAN_APPL20190612143436', 'job apply', '1331', '2019-06-12 14:34:36', '10', 1),
(1364, 'CAN_APPL20190612204301', 'job apply', '1332', '2019-06-12 20:43:01', '10', 1),
(1365, 'CAN_APPL20190612230521', 'job apply', '1333', '2019-06-12 23:05:21', '10', 1),
(1366, 'CAN_APPL20190612231845', 'job apply', '1334', '2019-06-12 23:18:45', '10', 1),
(1367, 'EMP_PCK_ruDZ_20190613000003', 'Package expired', '119', '2019-06-13 00:00:03', '114', 1),
(1368, 'EMP_PCK_TSej_20190613000003', 'Package expired', '120', '2019-06-13 00:00:03', '115', 1),
(1369, 'CAN_APPL20190613040819', 'job apply', '1335', '2019-06-13 04:08:19', '10', 1),
(1370, 'CAN_APPL20190613060814', 'job apply', '1336', '2019-06-13 06:08:14', '10', 1),
(1371, 'CAN_APPL20190613063457', 'job apply', '1337', '2019-06-13 06:34:57', '101', 1),
(1372, 'CAN_APPL20190613190807', 'job apply', '1338', '2019-06-13 19:08:07', '10', 1),
(1373, 'CAN_APPL20190614015259', 'job apply', '1339', '2019-06-14 01:52:59', '10', 1),
(1374, 'CAN_APPL20190614024337', 'job apply', '1340', '2019-06-14 02:43:37', '10', 1),
(1375, 'CAN_APPL20190614025748', 'job apply', '1341', '2019-06-14 02:57:48', '10', 1),
(1376, 'CAN_APPL20190614033916', 'job apply', '1342', '2019-06-14 03:39:16', '10', 1),
(1377, 'CAN_APPL20190614074638', 'job apply', '1343', '2019-06-14 07:46:38', '10', 1),
(1378, 'CAN_APPL20190614082148', 'job apply', '1344', '2019-06-14 08:21:48', '10', 1),
(1379, 'CAN_APPL20190614235356', 'job apply', '1345', '2019-06-14 23:53:56', '10', 1),
(1380, 'CAN_APPL20190615020609', 'job apply', '1346', '2019-06-15 02:06:09', '10', 1),
(1381, 'CAN_APPL20190615041451', 'job apply', '1347', '2019-06-15 04:14:51', '10', 1),
(1382, 'CAN_APPL20190615114229', 'job apply', '1348', '2019-06-15 11:42:29', '47', 1),
(1383, 'CAN_APPL20190616015951', 'job apply', '1349', '2019-06-16 01:59:51', '10', 1),
(1384, 'CAN_APPL20190616054144', 'job apply', '1350', '2019-06-16 05:41:44', '10', 1),
(1385, 'CAN_APPL20190616105234', 'job apply', '1351', '2019-06-16 10:52:34', '10', 1),
(1386, 'CAN_APPL20190617001814', 'job apply', '1352', '2019-06-17 00:18:14', '10', 1),
(1387, 'CAN_APPL20190617032037', 'job apply', '1353', '2019-06-17 03:20:37', '10', 1),
(1388, 'CAN_APPL20190617040345', 'job apply', '1354', '2019-06-17 04:03:45', '10', 1),
(1389, 'CAN_APPL20190617121503', 'job apply', '1355', '2019-06-17 12:15:03', '10', 1),
(1390, 'CAN_APPL20190618010501', 'job apply', '1356', '2019-06-18 01:05:01', '10', 1),
(1391, 'CAN_APPL20190618084813', 'job apply', '1357', '2019-06-18 08:48:13', '10', 1),
(1392, 'CAN_APPL20190618092131', 'job apply', '1358', '2019-06-18 09:21:31', '10', 1),
(1393, 'CAN_APPL20190619003835', 'job apply', '1359', '2019-06-19 00:38:35', '10', 1),
(1394, 'CAN_APPL20190619005012', 'job apply', '1360', '2019-06-19 00:50:12', '10', 1),
(1395, 'CAN_APPL20190619005443', 'job apply', '1361', '2019-06-19 00:54:43', '10', 1),
(1396, 'CAN_APPL20190619012452', 'job apply', '1362', '2019-06-19 01:24:52', '33', 1),
(1397, 'CAN_APPL20190619013812', 'job apply', '1363', '2019-06-19 01:38:12', '10', 1),
(1398, 'CAN_APPL20190619030922', 'job apply', '1364', '2019-06-19 03:09:22', '10', 1),
(1399, 'CAN_APPL20190619065111', 'job apply', '1365', '2019-06-19 06:51:11', '10', 1),
(1400, 'CAN_APPL20190619074036', 'job apply', '1366', '2019-06-19 07:40:36', '10', 1),
(1401, 'CAN_APPL20190619101914', 'job apply', '1367', '2019-06-19 10:19:14', '10', 1),
(1402, 'CAN_APPL20190620003151', 'job apply', '1368', '2019-06-20 00:31:51', '10', 1),
(1403, 'CAN_APPL20190620013558', 'job apply', '1369', '2019-06-20 01:35:58', '10', 1),
(1404, 'CAN_APPL20190620030556', 'job apply', '1370', '2019-06-20 03:05:56', '10', 1),
(1405, 'CAN_APPL20190620034255', 'job apply', '1371', '2019-06-20 03:42:55', '10', 1),
(1406, 'CAN_APPL20190620055432', 'job apply', '1372', '2019-06-20 05:54:32', '10', 1),
(1407, 'CAN_APPL20190620062927', 'job apply', '1373', '2019-06-20 06:29:27', '10', 1),
(1408, 'CAN_APPL20190620064434', 'job apply', '1374', '2019-06-20 06:44:34', '10', 1),
(1409, 'CAN_APPL20190620082816', 'job apply', '1375', '2019-06-20 08:28:16', '10', 1),
(1410, 'CAN_APPL20190620105538', 'job apply', '1376', '2019-06-20 10:55:38', '10', 1),
(1411, 'CAN_APPL20190621034957', 'job apply', '1377', '2019-06-21 03:49:57', '10', 1),
(1412, 'CAN_APPL20190621102120', 'job apply', '1378', '2019-06-21 10:21:20', '47', 1),
(1413, 'CAN_APPL20190621125521', 'job apply', '1379', '2019-06-21 12:55:21', '10', 1),
(1414, 'CAN_APPL20190622002227', 'job apply', '1380', '2019-06-22 00:22:27', '10', 1),
(1415, 'CAN_APPL20190622012833', 'job apply', '1381', '2019-06-22 01:28:33', '10', 1),
(1416, 'CAN_APPL20190622104304', 'job apply', '1382', '2019-06-22 10:43:04', '10', 1),
(1417, 'CAN_APPL20190622105526', 'job apply', '1383', '2019-06-22 10:55:26', '10', 1),
(1418, 'CAN_APPL20190622105643', 'job apply', '1384', '2019-06-22 10:56:43', '10', 1),
(1419, 'CAN_APPL20190622105718', 'job apply', '1385', '2019-06-22 10:57:18', '10', 1),
(1420, 'CAN_APPL20190623022411', 'job apply', '1386', '2019-06-23 02:24:11', '10', 1),
(1421, 'CAN_APPL20190623022437', 'job apply', '1387', '2019-06-23 02:24:37', '10', 1),
(1422, 'CAN_APPL20190623033225', 'job apply', '1388', '2019-06-23 03:32:25', '10', 1),
(1423, 'CAN_APPL20190623044600', 'job apply', '1389', '2019-06-23 04:46:00', '10', 1),
(1424, 'CAN_APPL20190623081214', 'job apply', '1390', '2019-06-23 08:12:14', '10', 1),
(1425, 'CAN_APPL20190623083451', 'job apply', '1391', '2019-06-23 08:34:51', '10', 1),
(1426, 'CAN_APPL20190623085938', 'job apply', '1392', '2019-06-23 08:59:38', '10', 1),
(1427, 'CAN_APPL20190623110225', 'job apply', '1393', '2019-06-23 11:02:25', '10', 1),
(1428, 'CAN_APPL20190623131553', 'job apply', '1394', '2019-06-23 13:15:53', '10', 1),
(1429, 'CAN_APPL20190624002228', 'job apply', '1395', '2019-06-24 00:22:28', '10', 1),
(1430, 'CAN_APPL20190624030005', 'job apply', '1396', '2019-06-24 03:00:05', '10', 1),
(1431, 'CAN_APPL20190624034641', 'job apply', '1397', '2019-06-24 03:46:41', '10', 1),
(1432, 'CAN_APPL20190624062614', 'job apply', '1398', '2019-06-24 06:26:14', '10', 1),
(1433, 'CAN_APPL20190624063433', 'job apply', '1399', '2019-06-24 06:34:33', '10', 1),
(1434, 'CAN_APPL20190624112407', 'job apply', '1400', '2019-06-24 11:24:07', '10', 1),
(1435, 'CAN_APPL20190624150800', 'job apply', '1401', '2019-06-24 15:08:00', '10', 1),
(1436, 'CAN_APPL20190624153046', 'job apply', '1402', '2019-06-24 15:30:46', '10', 1),
(1437, 'CAN_APPL20190625005137', 'job apply', '1403', '2019-06-25 00:51:37', '10', 1),
(1438, 'CAN_APPL20190625012740', 'job apply', '1404', '2019-06-25 01:27:40', '10', 1),
(1439, 'CAN_APPL20190625045837', 'job apply', '1405', '2019-06-25 04:58:37', '10', 1),
(1440, 'CAN_APPL20190625052858', 'job apply', '1406', '2019-06-25 05:28:58', '10', 1),
(1441, 'CAN_APPL20190625055419', 'job apply', '1407', '2019-06-25 05:54:19', '116', 1),
(1442, 'CAN_APPL20190625055811', 'job apply', '1408', '2019-06-25 05:58:11', '10', 1),
(1443, 'CAN_APPL20190625062914', 'job apply', '1409', '2019-06-25 06:29:14', '10', 1),
(1444, 'CAN_APPL20190625222652', 'job apply', '1410', '2019-06-25 22:26:52', '10', 1),
(1445, 'CAN_APPL20190626012051', 'job apply', '1411', '2019-06-26 01:20:51', '10', 1),
(1446, 'CAN_APPL20190626033932', 'job apply', '1412', '2019-06-26 03:39:32', '10', 1),
(1447, 'CAN_APPL20190626042657', 'job apply', '1413', '2019-06-26 04:26:57', '10', 1),
(1448, 'CAN_APPL20190626043354', 'job apply', '1414', '2019-06-26 04:33:54', '10', 1),
(1449, 'CAN_APPL20190626055920', 'job apply', '1415', '2019-06-26 05:59:20', '10', 1),
(1450, 'CAN_APPL20190626081559', 'job apply', '1416', '2019-06-26 08:15:59', '10', 1),
(1451, 'CAN_APPL20190626095712', 'job apply', '1417', '2019-06-26 09:57:12', '10', 1),
(1452, 'CAN_APPL20190626103056', 'job apply', '1418', '2019-06-26 10:30:56', '10', 1),
(1453, 'CAN_APPL20190626205233', 'job apply', '1419', '2019-06-26 20:52:33', '10', 1),
(1454, 'EMP_PCK_a0St_20190627000003', 'Package expired', '121', '2019-06-27 00:00:03', '116', 1),
(1455, 'CAN_APPL20190627000324', 'job apply', '1420', '2019-06-27 00:03:24', '10', 1),
(1456, 'CAN_APPL20190627004011', 'job apply', '1421', '2019-06-27 00:40:11', '10', 1),
(1457, 'CAN_APPL20190627020329', 'job apply', '1422', '2019-06-27 02:03:29', '10', 1),
(1458, 'CAN_APPL20190627020549', 'job apply', '1423', '2019-06-27 02:05:49', '10', 1),
(1459, 'CAN_APPL20190627022731', 'job apply', '1424', '2019-06-27 02:27:31', '10', 1),
(1460, 'CAN_APPL20190627024546', 'job apply', '1425', '2019-06-27 02:45:46', '10', 1),
(1461, 'CAN_APPL20190627050526', 'job apply', '1426', '2019-06-27 05:05:26', '10', 1),
(1462, 'CAN_APPL20190627081330', 'job apply', '1427', '2019-06-27 08:13:30', '10', 1),
(1463, 'CAN_APPL20190627081436', 'job apply', '1428', '2019-06-27 08:14:36', '10', 1),
(1464, 'CAN_APPL20190627111408', 'job apply', '1429', '2019-06-27 11:14:08', '10', 1),
(1465, 'CAN_APPL20190627112142', 'job apply', '1430', '2019-06-27 11:21:42', '10', 1),
(1466, 'EMP_PCK_hb7D_20190628000003', 'Package expired', '121', '2019-06-28 00:00:03', '116', 1),
(1467, 'CAN_APPL20190628094841', 'job apply', '1431', '2019-06-28 09:48:41', '10', 1),
(1468, 'EMP_PCK_6P8Q_20190629000003', 'Package expired', '121', '2019-06-29 00:00:03', '116', 1),
(1469, 'CAN_APPL20190629214607', 'job apply', '1432', '2019-06-29 21:46:07', '10', 1),
(1470, 'CAN_APPL20190629223558', 'job apply', '1433', '2019-06-29 22:35:58', '10', 1),
(1471, 'CAN_APPL20190630002810', 'job apply', '1434', '2019-06-30 00:28:10', '10', 1),
(1472, 'CAN_APPL20190630003530', 'job apply', '1435', '2019-06-30 00:35:30', '10', 1),
(1473, 'CAN_APPL20190630021109', 'job apply', '1436', '2019-06-30 02:11:09', '10', 1),
(1474, 'CAN_APPL20190630031548', 'job apply', '1437', '2019-06-30 03:15:48', '10', 1),
(1475, 'CAN_APPL20190630040118', 'job apply', '1438', '2019-06-30 04:01:18', '10', 1),
(1476, 'CAN_APPL20190630041614', 'job apply', '1439', '2019-06-30 04:16:14', '10', 1),
(1477, 'CAN_APPL20190630071726', 'job apply', '1440', '2019-06-30 07:17:26', '10', 1),
(1478, 'CAN_APPL20190630103454', 'job apply', '1441', '2019-06-30 10:34:54', '71', 1),
(1479, 'CAN_APPL20190630122024', 'job apply', '1442', '2019-06-30 12:20:24', '10', 1),
(1480, 'CAN_APPL20190630155900', 'job apply', '1443', '2019-06-30 15:59:00', '10', 1),
(1481, 'CAN_APPL20190630163827', 'job apply', '1444', '2019-06-30 16:38:27', '71', 1),
(1482, 'CAN_APPL20190630230022', 'job apply', '1445', '2019-06-30 23:00:22', '10', 1),
(1483, 'CAN_APPL20190630235221', 'job apply', '1446', '2019-06-30 23:52:21', '10', 1),
(1484, 'CAN_APPL20190701023911', 'job apply', '1447', '2019-07-01 02:39:11', '10', 1),
(1485, 'CAN_APPL20190701045405', 'job apply', '1448', '2019-07-01 04:54:05', '10', 1),
(1486, 'CAN_APPL20190701060808', 'job apply', '1449', '2019-07-01 06:08:08', '10', 1),
(1487, 'CAN_APPL20190701225843', 'job apply', '1450', '2019-07-01 22:58:43', '10', 1),
(1488, 'CAN_APPL20190702015744', 'job apply', '1451', '2019-07-02 01:57:44', '10', 1),
(1489, 'CAN_APPL20190702102913', 'job apply', '1452', '2019-07-02 10:29:13', '10', 1),
(1490, 'CAN_APPL20190703081831', 'job apply', '1453', '2019-07-03 08:18:31', '10', 1),
(1491, 'CAN_APPL20190703083350', 'job apply', '1454', '2019-07-03 08:33:50', '80', 1),
(1492, 'CAN_APPL20190703135310', 'job apply', '1455', '2019-07-03 13:53:10', '10', 1),
(1493, 'CAN_APPL20190704045653', 'job apply', '1456', '2019-07-04 04:56:53', '10', 1),
(1494, 'CAN_APPL20190704052608', 'job apply', '1457', '2019-07-04 05:26:08', '10', 1),
(1495, 'CAN_APPL20190704095811', 'job apply', '1458', '2019-07-04 09:58:11', '10', 1),
(1496, 'CAN_APPL20190707003458', 'job apply', '1459', '2019-07-07 00:34:58', '10', 1),
(1497, 'CAN_APPL20190707030429', 'job apply', '1460', '2019-07-07 03:04:29', '10', 1),
(1498, 'CAN_APPL20190707032458', 'job apply', '1461', '2019-07-07 03:24:58', '10', 1),
(1499, 'CAN_APPL20190707034003', 'job apply', '1462', '2019-07-07 03:40:03', '10', 1),
(1500, 'CAN_APPL20190707064143', 'job apply', '1463', '2019-07-07 06:41:43', '10', 1),
(1501, 'CAN_APPL20190707102241', 'job apply', '1464', '2019-07-07 10:22:41', '10', 1),
(1502, 'CAN_APPL20190707120652', 'job apply', '1465', '2019-07-07 12:06:52', '10', 1),
(1503, 'CAN_APPL20190707120932', 'job apply', '1466', '2019-07-07 12:09:32', '10', 1),
(1504, 'CAN_APPL20190707140425', 'job apply', '1467', '2019-07-07 14:04:25', '10', 1),
(1505, 'CAN_APPL20190708021239', 'job apply', '1468', '2019-07-08 02:12:39', '10', 1),
(1506, 'CAN_APPL20190708060849', 'job apply', '1469', '2019-07-08 06:08:49', '10', 1),
(1507, 'CAN_APPL20190708061602', 'job apply', '1470', '2019-07-08 06:16:02', '10', 1),
(1508, 'CAN_APPL20190708090528', 'job apply', '1471', '2019-07-08 09:05:28', '10', 1),
(1509, 'CAN_APPL20190709010408', 'job apply', '1472', '2019-07-09 01:04:08', '10', 1),
(1510, 'CAN_APPL20190709031223', 'job apply', '1473', '2019-07-09 03:12:23', '10', 1),
(1511, 'CAN_APPL20190709231926', 'job apply', '1474', '2019-07-09 23:19:26', '10', 1),
(1512, 'CAN_APPL20190710003438', 'job apply', '1475', '2019-07-10 00:34:38', '10', 1),
(1513, 'CAN_APPL20190710013448', 'job apply', '1476', '2019-07-10 01:34:48', '10', 1),
(1514, 'CAN_APPL20190710021857', 'job apply', '1477', '2019-07-10 02:18:57', '10', 1),
(1515, 'CAN_APPL20190710023421', 'job apply', '1478', '2019-07-10 02:34:21', '10', 1),
(1516, 'CAN_APPL20190710032417', 'job apply', '1479', '2019-07-10 03:24:17', '10', 1),
(1517, 'CAN_APPL20190710032945', 'job apply', '1480', '2019-07-10 03:29:45', '10', 1),
(1518, 'CAN_APPL20190710043532', 'job apply', '1481', '2019-07-10 04:35:32', '10', 1),
(1519, 'CAN_APPL20190710101224', 'job apply', '1482', '2019-07-10 10:12:24', '10', 1),
(1520, 'CAN_APPL20190710135033', 'job apply', '1483', '2019-07-10 13:50:33', '10', 1),
(1521, 'CAN_APPL20190711011346', 'job apply', '1484', '2019-07-11 01:13:46', '10', 1),
(1522, 'CAN_APPL20190711011425', 'job apply', '1485', '2019-07-11 01:14:25', '10', 1),
(1523, 'CAN_APPL20190711015218', 'job apply', '1486', '2019-07-11 01:52:18', '10', 1),
(1524, 'CAN_APPL20190711024926', 'job apply', '1487', '2019-07-11 02:49:26', '10', 1),
(1525, 'CAN_APPL20190711041802', 'job apply', '1488', '2019-07-11 04:18:02', '10', 1),
(1526, 'CAN_APPL20190711050740', 'job apply', '1489', '2019-07-11 05:07:40', '10', 1),
(1527, 'CAN_APPL20190712065624', 'job apply', '1490', '2019-07-12 06:56:24', '119', 0),
(1528, 'CAN_APPL20190712095126', 'job apply', '1491', '2019-07-12 09:51:26', '10', 1),
(1529, 'CAN_APPL20190712095332', 'job apply', '1492', '2019-07-12 09:53:33', '49', 1),
(1530, 'CAN_APPL20190712095440', 'job apply', '1493', '2019-07-12 09:54:40', '10', 1),
(1531, 'CAN_APPL20190712095628', 'job apply', '1494', '2019-07-12 09:56:28', '10', 1),
(1532, 'CAN_APPL20190712095957', 'job apply', '1495', '2019-07-12 09:59:57', '10', 1),
(1533, 'CAN_APPL20190712100135', 'job apply', '1496', '2019-07-12 10:01:35', '10', 1),
(1534, 'CAN_APPL20190712100304', 'job apply', '1497', '2019-07-12 10:03:04', '10', 1),
(1535, 'CAN_APPL20190712100602', 'job apply', '1498', '2019-07-12 10:06:02', '57', 1),
(1536, 'CAN_APPL20190713031914', 'job apply', '1499', '2019-07-13 03:19:14', '10', 1),
(1537, 'CAN_APPL20190713084847', 'job apply', '1500', '2019-07-13 08:48:47', '10', 1),
(1538, 'CAN_APPL20190714230807', 'job apply', '1501', '2019-07-14 23:08:07', '10', 1),
(1539, 'CAN_APPL20190714235707', 'job apply', '1502', '2019-07-14 23:57:07', '119', 0),
(1540, 'CAN_APPL20190715010731', 'job apply', '1503', '2019-07-15 01:07:31', '10', 1),
(1541, 'CAN_APPL20190715022238', 'job apply', '1504', '2019-07-15 02:22:38', '10', 1),
(1542, 'CAN_APPL20190715045805', 'job apply', '1505', '2019-07-15 04:58:05', '10', 1),
(1543, 'CAN_APPL20190715050937', 'job apply', '1506', '2019-07-15 05:09:37', '10', 1),
(1544, 'CAN_APPL20190716001900', 'job apply', '1507', '2019-07-16 00:19:00', '10', 1),
(1545, 'CAN_APPL20190716013017', 'job apply', '1508', '2019-07-16 01:30:17', '10', 1),
(1546, 'CAN_APPL20190716015543', 'job apply', '1509', '2019-07-16 01:55:43', '10', 1),
(1547, 'CAN_APPL20190716022955', 'job apply', '1510', '2019-07-16 02:29:55', '10', 1),
(1548, 'CAN_APPL20190716025638', 'job apply', '1511', '2019-07-16 02:56:38', '105', 1),
(1549, 'CAN_APPL20190716031137', 'job apply', '1512', '2019-07-16 03:11:37', '10', 1),
(1550, 'CAN_APPL20190716035641', 'job apply', '1513', '2019-07-16 03:56:41', '10', 1),
(1551, 'CAN_APPL20190716051739', 'job apply', '1514', '2019-07-16 05:17:39', '10', 1),
(1552, 'CAN_APPL20190716063230', 'job apply', '1515', '2019-07-16 06:32:30', '10', 1),
(1553, 'CAN_APPL20190716081634', 'job apply', '1516', '2019-07-16 08:16:34', '10', 1),
(1554, 'CAN_APPL20190716101225', 'job apply', '1517', '2019-07-16 10:12:25', '10', 1),
(1555, 'CAN_APPL20190716101233', 'job apply', '1518', '2019-07-16 10:12:33', '10', 1),
(1556, 'CAN_APPL20190716101503', 'job apply', '1519', '2019-07-16 10:15:03', '10', 1),
(1557, 'CAN_APPL20190716104011', 'job apply', '1520', '2019-07-16 10:40:11', '10', 1),
(1558, 'CAN_APPL20190716104114', 'job apply', '1521', '2019-07-16 10:41:14', '10', 1),
(1559, 'CAN_APPL20190716104218', 'job apply', '1522', '2019-07-16 10:42:18', '10', 1),
(1560, 'CAN_APPL20190716104330', 'job apply', '1523', '2019-07-16 10:43:30', '77', 1),
(1561, 'CAN_APPL20190716104508', 'job apply', '1524', '2019-07-16 10:45:08', '10', 1),
(1562, 'CAN_APPL20190716104516', 'job apply', '1525', '2019-07-16 10:45:16', '10', 1),
(1563, 'CAN_APPL20190716104544', 'job apply', '1526', '2019-07-16 10:45:44', '10', 1),
(1564, 'CAN_APPL20190716104907', 'job apply', '1527', '2019-07-16 10:49:07', '10', 1),
(1565, 'CAN_APPL20190716162955', 'job apply', '1528', '2019-07-16 16:29:55', '10', 0),
(1566, 'CAN_APPL20190717004803', 'job apply', '1529', '2019-07-17 00:48:03', '10', 1),
(1567, 'CAN_APPL20190717022656', 'job apply', '1530', '2019-07-17 02:26:56', '10', 1),
(1568, 'CAN_APPL20190717032007', 'job apply', '1531', '2019-07-17 03:20:07', '10', 1),
(1569, 'CAN_APPL20190717041558', 'job apply', '1532', '2019-07-17 04:15:58', '120', 1),
(1570, 'CAN_APPL20190717041606', 'job apply', '1533', '2019-07-17 04:16:06', '120', 1),
(1571, 'CAN_APPL20190717043340', 'job apply', '1534', '2019-07-17 04:33:40', '119', 0),
(1572, 'CAN_APPL20190717083013', 'job apply', '1535', '2019-07-17 08:30:13', '119', 1),
(1573, 'CAN_APPL20190718013130', 'job apply', '1536', '2019-07-18 01:31:30', '10', 1),
(1574, 'CAN_APPL20190718025304', 'job apply', '1537', '2019-07-18 02:53:04', '10', 1),
(1575, 'CAN_APPL20190718042930', 'job apply', '1538', '2019-07-18 04:29:30', '10', 1),
(1576, 'CAN_APPL20190718084842', 'job apply', '1539', '2019-07-18 08:48:42', '10', 1),
(1577, 'CAN_APPL20190718084851', 'job apply', '1540', '2019-07-18 08:48:51', '10', 1),
(1578, 'CAN_APPL20190718214847', 'job apply', '1541', '2019-07-18 21:48:47', '10', 1),
(1579, 'CAN_APPL20190719083727', 'job apply', '1542', '2019-07-19 08:37:27', '10', 1),
(1580, 'EMP_PCK_Et1X_20190720000003', 'Package expired', '122', '2019-07-20 00:00:03', '117', 1),
(1581, 'EMP_PCK_eGiZ_20190720000003', 'Package expired', '123', '2019-07-20 00:00:03', '118', 1),
(1582, 'CAN_APPL20190720053954', 'job apply', '1543', '2019-07-20 05:39:54', '10', 1),
(1583, 'CAN_APPL20190720210620', 'job apply', '1544', '2019-07-20 21:06:20', '119', 1),
(1584, 'EMP_PCK_hleB_20190721000003', 'Package expired', '122', '2019-07-21 00:00:03', '117', 1),
(1585, 'EMP_PCK_1x5a_20190721000003', 'Package expired', '123', '2019-07-21 00:00:03', '118', 1),
(1586, 'CAN_APPL20190721031307', 'job apply', '1545', '2019-07-21 03:13:07', '10', 1),
(1587, 'CAN_APPL20190721073929', 'job apply', '1546', '2019-07-21 07:39:29', '10', 1),
(1588, 'CAN_APPL20190721094602', 'job apply', '1547', '2019-07-21 09:46:02', '10', 1),
(1589, 'CAN_APPL20190721133559', 'job apply', '1548', '2019-07-21 13:35:59', '10', 1),
(1590, 'EMP_PCK_j2JF_20190722000003', 'Package expired', '122', '2019-07-22 00:00:03', '117', 1),
(1591, 'EMP_PCK_AC4K_20190722000003', 'Package expired', '123', '2019-07-22 00:00:03', '118', 1),
(1592, 'CAN_APPL20190722020531', 'job apply', '1549', '2019-07-22 02:05:31', '10', 1),
(1593, 'CAN_APPL20190722085434', 'job apply', '1550', '2019-07-22 08:54:34', '10', 1),
(1594, 'CAN_APPL20190722121047', 'job apply', '1551', '2019-07-22 12:10:47', '10', 1),
(1595, 'CAN_APPL20190723013137', 'job apply', '1552', '2019-07-23 01:31:37', '10', 1),
(1596, 'CAN_APPL20190723021822', 'job apply', '1553', '2019-07-23 02:18:22', '10', 1),
(1597, 'CAN_APPL20190723024954', 'job apply', '1554', '2019-07-23 02:49:54', '10', 1),
(1598, 'CAN_APPL20190723025321', 'job apply', '1555', '2019-07-23 02:53:21', '10', 1),
(1599, 'CAN_APPL20190723064500', 'job apply', '1556', '2019-07-23 06:45:00', '10', 1),
(1600, 'CAN_APPL20190724000917', 'job apply', '1557', '2019-07-24 00:09:17', '120', 1),
(1601, 'CAN_APPL20190724002933', 'job apply', '1558', '2019-07-24 00:29:33', '10', 1),
(1602, 'CAN_APPL20190724050750', 'job apply', '1559', '2019-07-24 05:07:50', '10', 1),
(1603, 'CAN_APPL20190724053527', 'job apply', '1560', '2019-07-24 05:35:27', '10', 1),
(1604, 'CAN_APPL20190724071029', 'job apply', '1561', '2019-07-24 07:10:29', '10', 1),
(1605, 'CAN_APPL20190724092750', 'job apply', '1562', '2019-07-24 09:27:50', '10', 1),
(1606, 'CAN_APPL20190725011652', 'job apply', '1563', '2019-07-25 01:16:52', '10', 1),
(1607, 'CAN_APPL20190725013914', 'job apply', '1564', '2019-07-25 01:39:14', '10', 1),
(1608, 'CAN_APPL20190725014829', 'job apply', '1565', '2019-07-25 01:48:29', '10', 1),
(1609, 'CAN_APPL20190725020704', 'job apply', '1566', '2019-07-25 02:07:04', '10', 1),
(1610, 'CAN_APPL20190725022616', 'job apply', '1567', '2019-07-25 02:26:16', '10', 1),
(1611, 'CAN_APPL20190725030231', 'job apply', '1568', '2019-07-25 03:02:31', '10', 1),
(1612, 'CAN_APPL20190725033004', 'job apply', '1569', '2019-07-25 03:30:04', '10', 1),
(1613, 'CAN_APPL20190725042142', 'job apply', '1570', '2019-07-25 04:21:42', '10', 1),
(1614, 'CAN_APPL20190725042837', 'job apply', '1571', '2019-07-25 04:28:37', '10', 1),
(1615, 'CAN_APPL20190725064427', 'job apply', '1572', '2019-07-25 06:44:27', '10', 1),
(1616, 'CAN_APPL20190725213716', 'job apply', '1573', '2019-07-25 21:37:16', '10', 1),
(1617, 'CAN_APPL20190727001219', 'job apply', '1574', '2019-07-27 00:12:19', '10', 1),
(1618, 'CAN_APPL20190727093304', 'job apply', '1575', '2019-07-27 09:33:04', '10', 1),
(1619, 'CAN_APPL20190727094134', 'job apply', '1576', '2019-07-27 09:41:34', '10', 1),
(1620, 'CAN_APPL20190728235307', 'job apply', '1577', '2019-07-28 23:53:07', '10', 1),
(1621, 'CAN_APPL20190728235944', 'job apply', '1578', '2019-07-28 23:59:44', '10', 1),
(1622, 'CAN_APPL20190729002527', 'job apply', '1579', '2019-07-29 00:25:27', '10', 1),
(1623, 'CAN_APPL20190729004539', 'job apply', '1580', '2019-07-29 00:45:39', '10', 1),
(1624, 'CAN_APPL20190729011717', 'job apply', '1581', '2019-07-29 01:17:17', '10', 1),
(1625, 'CAN_APPL20190729020420', 'job apply', '1582', '2019-07-29 02:04:20', '10', 1),
(1626, 'CAN_APPL20190729020825', 'job apply', '1583', '2019-07-29 02:08:25', '10', 1),
(1627, 'CAN_APPL20190729071151', 'job apply', '1584', '2019-07-29 07:11:51', '10', 1),
(1628, 'CAN_APPL20190729073246', 'job apply', '1585', '2019-07-29 07:32:46', '10', 1),
(1629, 'CAN_APPL20190729073331', 'job apply', '1586', '2019-07-29 07:33:31', '10', 1),
(1630, 'CAN_APPL20190729073426', 'job apply', '1587', '2019-07-29 07:34:26', '10', 1),
(1631, 'CAN_APPL20190729231211', 'job apply', '1588', '2019-07-29 23:12:11', '10', 1),
(1632, 'EMP_PCK_YwW1_20190730000003', 'Package expired', '124', '2019-07-30 00:00:03', '119', 1),
(1633, 'CAN_APPL20190730005138', 'job apply', '1589', '2019-07-30 00:51:38', '10', 1),
(1634, 'CAN_APPL20190730050928', 'job apply', '1590', '2019-07-30 05:09:28', '10', 1),
(1635, 'CAN_APPL20190730062805', 'job apply', '1591', '2019-07-30 06:28:05', '120', 1),
(1636, 'CAN_APPL20190730062813', 'job apply', '1592', '2019-07-30 06:28:13', '120', 1),
(1637, 'CAN_APPL20190730111948', 'job apply', '1593', '2019-07-30 11:19:48', '10', 1),
(1638, 'CAN_APPL20190730224544', 'job apply', '1594', '2019-07-30 22:45:44', '10', 1),
(1639, 'EMP_PCK_OxCK_20190731000002', 'Package expired', '124', '2019-07-31 00:00:02', '119', 1),
(1640, 'CAN_APPL20190731022653', 'job apply', '1595', '2019-07-31 02:26:53', '10', 1),
(1641, 'CAN_APPL20190731023213', 'job apply', '1596', '2019-07-31 02:32:13', '10', 1),
(1642, 'CAN_APPL20190731034310', 'job apply', '1597', '2019-07-31 03:43:10', '10', 1),
(1643, 'CAN_APPL20190731041031', 'job apply', '1598', '2019-07-31 04:10:31', '10', 1),
(1644, 'CAN_APPL20190731052528', 'job apply', '1599', '2019-07-31 05:25:28', '10', 1),
(1645, 'EMP_PCK_cYH8_20190801000003', 'Package expired', '124', '2019-08-01 00:00:03', '119', 1),
(1646, 'CAN_APPL20190801042825', 'job apply', '1600', '2019-08-01 04:28:25', '10', 1),
(1647, 'CAN_APPL20190801044221', 'job apply', '1601', '2019-08-01 04:42:21', '120', 1),
(1648, 'CAN_APPL20190801115439', 'job apply', '1602', '2019-08-01 11:54:39', '10', 1),
(1649, 'CAN_APPL20190802025505', 'job apply', '1603', '2019-08-02 02:55:05', '10', 1),
(1650, 'CAN_APPL20190806213051', 'job apply', '1604', '2019-08-06 21:30:51', '10', 1),
(1651, 'CAN_APPL20190807000806', 'job apply', '1605', '2019-08-07 00:08:06', '119', 1),
(1652, 'CAN_APPL20190807043816', 'job apply', '1606', '2019-08-07 04:38:16', '10', 1),
(1653, 'CAN_APPL20190807065442', 'job apply', '1607', '2019-08-07 06:54:42', '10', 1),
(1654, 'CAN_APPL20190807075336', 'job apply', '1608', '2019-08-07 07:53:36', '10', 1),
(1655, 'CAN_APPL20190807110122', 'job apply', '1609', '2019-08-07 11:01:22', '10', 1),
(1656, 'CAN_APPL20190807110559', 'job apply', '1610', '2019-08-07 11:05:59', '10', 1),
(1657, 'CAN_APPL20190808004053', 'job apply', '1611', '2019-08-08 00:40:53', '10', 1),
(1658, 'CAN_APPL20190808010637', 'job apply', '1612', '2019-08-08 01:06:37', '10', 1),
(1659, 'CAN_APPL20190808011319', 'job apply', '1613', '2019-08-08 01:13:19', '10', 1),
(1660, 'CAN_APPL20190808013307', 'job apply', '1614', '2019-08-08 01:33:07', '10', 1),
(1661, 'CAN_APPL20190808035909', 'job apply', '1615', '2019-08-08 03:59:09', '10', 1),
(1662, 'CAN_APPL20190808045101', 'job apply', '1616', '2019-08-08 04:51:01', '10', 1),
(1663, 'CAN_APPL20190808045207', 'job apply', '1617', '2019-08-08 04:52:07', '10', 1),
(1664, 'CAN_APPL20190808052838', 'job apply', '1618', '2019-08-08 05:28:38', '10', 1),
(1665, 'CAN_APPL20190808052939', 'job apply', '1619', '2019-08-08 05:29:39', '10', 1),
(1666, 'CAN_APPL20190808074214', 'job apply', '1620', '2019-08-08 07:42:14', '10', 1),
(1667, 'CAN_APPL20190809021729', 'job apply', '1621', '2019-08-09 02:17:29', '10', 1),
(1668, 'CAN_APPL20190809080757', 'job apply', '1622', '2019-08-09 08:07:57', '10', 1),
(1669, 'CAN_APPL20190812072655', 'job apply', '1623', '2019-08-12 07:26:55', '10', 1),
(1670, 'CAN_APPL20190813003706', 'job apply', '1624', '2019-08-13 00:37:06', '10', 1),
(1671, 'CAN_APPL20190813003809', 'job apply', '1625', '2019-08-13 00:38:09', '10', 1),
(1672, 'CAN_APPL20190813003936', 'job apply', '1626', '2019-08-13 00:39:36', '10', 1),
(1673, 'CAN_APPL20190813004204', 'job apply', '1627', '2019-08-13 00:42:04', '10', 1),
(1674, 'CAN_APPL20190813004212', 'job apply', '1628', '2019-08-13 00:42:12', '10', 1),
(1675, 'CAN_APPL20190814012707', 'job apply', '1629', '2019-08-14 01:27:07', '10', 1),
(1676, 'CAN_APPL20190814013253', 'job apply', '1630', '2019-08-14 01:32:53', '10', 1),
(1677, 'CAN_APPL20190814025930', 'job apply', '1631', '2019-08-14 02:59:30', '10', 1),
(1678, 'CAN_APPL20190814030023', 'job apply', '1632', '2019-08-14 03:00:23', '10', 1),
(1679, 'CAN_APPL20190814035153', 'job apply', '1633', '2019-08-14 03:51:53', '10', 1),
(1680, 'CAN_APPL20190814045449', 'job apply', '1634', '2019-08-14 04:54:49', '10', 1),
(1681, 'EMP_PCK_AW7e_20190815000005', 'Package expired', '125', '2019-08-15 00:00:05', '120', 1),
(1682, 'CAN_APPL20190815003105', 'job apply', '1635', '2019-08-15 00:31:05', '10', 1),
(1683, 'CAN_APPL20190815022113', 'job apply', '1636', '2019-08-15 02:21:13', '10', 1),
(1684, 'CAN_APPL20190815030347', 'job apply', '1637', '2019-08-15 03:03:47', '10', 1),
(1685, 'CAN_APPL20190815075921', 'job apply', '1638', '2019-08-15 07:59:21', '10', 1),
(1686, 'CAN_APPL20190815222601', 'job apply', '1639', '2019-08-15 22:26:01', '10', 1),
(1687, 'EMP_PCK_Yyvx_20190816000003', 'Package expired', '125', '2019-08-16 00:00:03', '120', 1),
(1688, 'EMP_PCK_wT2K_20190817000003', 'Package expired', '125', '2019-08-17 00:00:03', '120', 1),
(1689, 'CAN_APPL20190818004747', 'job apply', '1640', '2019-08-18 00:47:47', '10', 1),
(1690, 'CAN_APPL20190818005232', 'job apply', '1641', '2019-08-18 00:52:32', '122', 1),
(1691, 'CAN_APPL20190818051100', 'job apply', '1642', '2019-08-18 05:11:00', '10', 1),
(1692, 'CAN_APPL20190818235643', 'job apply', '1643', '2019-08-18 23:56:43', '10', 1),
(1693, 'CAN_APPL20190819000828', 'job apply', '1644', '2019-08-19 00:08:28', '10', 1),
(1694, 'CAN_APPL20190819005023', 'job apply', '1645', '2019-08-19 00:50:23', '10', 1),
(1695, 'CAN_APPL20190819011120', 'job apply', '1646', '2019-08-19 01:11:20', '10', 1),
(1696, 'CAN_APPL20190819063656', 'job apply', '1647', '2019-08-19 06:36:56', '10', 1),
(1697, 'CAN_APPL20190820003735', 'job apply', '1648', '2019-08-20 00:37:35', '10', 1),
(1698, 'CAN_APPL20190820015931', 'job apply', '1649', '2019-08-20 01:59:31', '10', 1),
(1699, 'CAN_APPL20190820022049', 'job apply', '1650', '2019-08-20 02:20:49', '10', 1),
(1700, 'CAN_APPL20190820042942', 'job apply', '1651', '2019-08-20 04:29:42', '10', 1),
(1701, 'CAN_APPL20190820061232', 'job apply', '1652', '2019-08-20 06:12:32', '10', 1),
(1702, 'CAN_APPL20190820135507', 'job apply', '1653', '2019-08-20 13:55:07', '10', 1),
(1703, 'CAN_APPL20190821025732', 'job apply', '1654', '2019-08-21 02:57:32', '10', 1),
(1704, 'CAN_APPL20190821034544', 'job apply', '1655', '2019-08-21 03:45:44', '10', 1),
(1705, 'CAN_APPL20190821053113', 'job apply', '1656', '2019-08-21 05:31:13', '10', 1),
(1706, 'CAN_APPL20190821053658', 'job apply', '1657', '2019-08-21 05:36:58', '122', 1),
(1707, 'CAN_APPL20190822004027', 'job apply', '1658', '2019-08-22 00:40:27', '10', 1),
(1708, 'CAN_APPL20190822021738', 'job apply', '1659', '2019-08-22 02:17:38', '10', 1),
(1709, 'CAN_APPL20190822063053', 'job apply', '1660', '2019-08-22 06:30:53', '124', 1),
(1710, 'CAN_APPL20190822063147', 'job apply', '1661', '2019-08-22 06:31:47', '120', 1),
(1711, 'CAN_APPL20190822063419', 'job apply', '1662', '2019-08-22 06:34:19', '10', 1),
(1712, 'CAN_APPL20190822063817', 'job apply', '1663', '2019-08-22 06:38:17', '102', 1),
(1713, 'EMP_PCK_RvSx_20190823000003', 'Package expired', '126', '2019-08-23 00:00:03', '121', 1),
(1714, 'CAN_APPL20190823044628', 'job apply', '1664', '2019-08-23 04:46:28', '10', 1),
(1715, 'CAN_APPL20190823154024', 'job apply', '1665', '2019-08-23 15:40:24', '10', 1),
(1716, 'EMP_PCK_SDVW_20190824000003', 'Package expired', '126', '2019-08-24 00:00:03', '121', 1),
(1717, 'CAN_APPL20190825023448', 'job apply', '1666', '2019-08-25 02:34:48', '10', 1),
(1718, 'CAN_APPL20190826002755', 'job apply', '1667', '2019-08-26 00:27:55', '10', 1),
(1719, 'CAN_APPL20190826011010', 'job apply', '1668', '2019-08-26 01:10:10', '107', 1),
(1720, 'CAN_APPL20190826054202', 'job apply', '1669', '2019-08-26 05:42:02', '10', 1),
(1721, 'CAN_APPL20190826085935', 'job apply', '1670', '2019-08-26 08:59:35', '10', 1),
(1722, 'CAN_APPL20190827003141', 'job apply', '1671', '2019-08-27 00:31:41', '10', 1),
(1723, 'CAN_APPL20190828142239', 'job apply', '1672', '2019-08-28 14:22:39', '10', 1),
(1724, 'CAN_APPL20190829025008', 'job apply', '1673', '2019-08-29 02:50:08', '10', 1),
(1725, 'EMP_PCK_GkJ7_20190830000002', 'Package expired', '127', '2019-08-30 00:00:02', '122', 1),
(1726, 'CAN_APPL20190831234121', 'job apply', '1674', '2019-08-31 23:41:21', '10', 1),
(1727, 'CAN_APPL20190902014325', 'job apply', '1675', '2019-09-02 01:43:25', '10', 1),
(1728, 'CAN_APPL20191027103018', 'job apply', '1676', '2019-10-27 10:30:18', '10', 1),
(1729, 'CAN_APPL20191029014607', 'job apply', '1677', '2019-10-29 01:46:07', '10', 1),
(1730, 'CAN_APPL20191029032911', 'job apply', '1678', '2019-10-29 03:29:11', '10', 1),
(1731, 'CAN_APPL20191029055600', 'job apply', '1679', '2019-10-29 05:56:00', '124', 1),
(1732, 'CAN_APPL20191029121113', 'job apply', '1680', '2019-10-29 12:11:13', '10', 1),
(1733, 'CAN_APPL20191030033241', 'job apply', '1681', '2019-10-30 03:32:41', '102', 1),
(1734, 'CAN_APPL20191031072409', 'job apply', '1682', '2019-10-31 07:24:09', '10', 1),
(1735, 'CAN_APPL20191031103304', 'job apply', '1683', '2019-10-31 10:33:04', '10', 1),
(1736, 'CAN_APPL20191101233406', 'job apply', '1684', '2019-11-01 23:34:06', '10', 1),
(1737, 'CAN_APPL20191103001840', 'job apply', '1685', '2019-11-03 00:18:40', '10', 1),
(1738, 'CAN_APPL20191103043607', 'job apply', '1686', '2019-11-03 04:36:07', '10', 1),
(1739, 'CAN_APPL20191104013721', 'job apply', '1687', '2019-11-04 01:37:21', '10', 1),
(1740, 'CAN_APPL20191104015546', 'job apply', '1688', '2019-11-04 01:55:46', '21', 0),
(1741, 'CAN_APPL20191104032045', 'job apply', '1689', '2019-11-04 03:20:45', '10', 1),
(1742, 'CAN_APPL20191105011505', 'job apply', '1690', '2019-11-05 01:15:05', '10', 1),
(1743, 'CAN_APPL20191105020922', 'job apply', '1691', '2019-11-05 02:09:22', '10', 1),
(1744, 'CAN_APPL20191107025323', 'job apply', '1692', '2019-11-07 02:53:23', '10', 1),
(1745, 'CAN_APPL20191108123943', 'job apply', '1693', '2019-11-08 12:39:43', '10', 1),
(1746, 'CAN_APPL20191111051342', 'job apply', '1694', '2019-11-11 05:13:42', '10', 1),
(1747, 'CAN_APPL20191111150728', 'job apply', '1695', '2019-11-11 15:07:28', '10', 1),
(1748, 'CAN_APPL20191118034624', 'job apply', '1696', '2019-11-18 03:46:24', '10', 1),
(1749, 'CAN_APPL20191124003249', 'job apply', '1697', '2019-11-24 00:32:49', '10', 1),
(1750, 'CAN_APPL20191126012005', 'job apply', '1698', '2019-11-26 01:20:05', '10', 1),
(1751, 'EMP_PCK_f0BC_20191202230003', 'Package expired', '130', '2019-12-02 23:00:03', '125', 1),
(1752, 'EMP_PCK_Fjv6_20191202230003', 'Package expired', '131', '2019-12-02 23:00:03', '126', 1),
(1753, 'EMP_PCK_K7oN_20191203230003', 'Package expired', '130', '2019-12-03 23:00:03', '125', 1),
(1754, 'EMP_PCK_ds8j_20191203230003', 'Package expired', '131', '2019-12-03 23:00:03', '126', 1),
(1755, 'EMP_PCK_VzXF_20191204230003', 'Package expired', '130', '2019-12-04 23:00:03', '125', 1),
(1756, 'EMP_PCK_4cAR_20191204230003', 'Package expired', '131', '2019-12-04 23:00:03', '126', 1),
(1757, 'EMP_PCK_N0dD_20191210230003', 'Package expired', '5', '2019-12-10 23:00:03', '5', 1),
(1758, 'EMP_PCK_DBnP_20191211230004', 'Package expired', '5', '2019-12-11 23:00:04', '5', 1),
(1759, 'EMP_PCK_8uS3_20191211230004', 'Package expired', '132', '2019-12-11 23:00:04', '127', 1),
(1760, 'EMP_PCK_tPc0_20191212230004', 'Package expired', '5', '2019-12-12 23:00:04', '5', 1),
(1761, 'EMP_PCK_PRA4_20191212230004', 'Package expired', '132', '2019-12-12 23:00:04', '127', 1),
(1762, 'EMP_PCK_HUsq_20191213230003', 'Package expired', '132', '2019-12-13 23:00:03', '127', 1),
(1763, 'CAN_APPL20191226043830', 'job apply', '1699', '2019-12-26 04:38:30', '10', 1),
(1764, 'CAN_APPL20200427052323', 'job apply', '1700', '2020-04-27 05:23:23', '2', 1),
(1765, 'CAN_APPL20200427052347', 'job apply', '1701', '2020-04-27 05:23:47', '2', 1);

-- --------------------------------------------------------

--
-- Table structure for table `ch_emp_billaddress`
--

CREATE TABLE `ch_emp_billaddress` (
  `eba_id` int(7) NOT NULL,
  `emp_id` int(7) NOT NULL,
  `eba_address` varchar(1000) NOT NULL,
  `eba_state` varchar(200) NOT NULL,
  `eba_city` varchar(200) NOT NULL,
  `eba_postal_code` varchar(50) NOT NULL,
  `eba_country` varchar(10) NOT NULL,
  `eba_created_dt` datetime NOT NULL,
  `eba_status` tinyint(2) NOT NULL DEFAULT '1'
) ENGINE=InnoDB DEFAULT CHARSET=latin1;

-- --------------------------------------------------------

--
-- Table structure for table `ch_emp_plan`
--

CREATE TABLE `ch_emp_plan` (
  `id` int(11) NOT NULL,
  `emp_id` int(11) NOT NULL,
  `plan_id` int(11) NOT NULL,
  `job_left` int(10) NOT NULL,
  `cv_left` int(11) NOT NULL,
  `valiadity` int(11) NOT NULL,
  `status` int(11) NOT NULL,
  `paid` int(11) NOT NULL
) ENGINE=MyISAM DEFAULT CHARSET=latin1;

--
-- Dumping data for table `ch_emp_plan`
--

INSERT INTO `ch_emp_plan` (`id`, `emp_id`, `plan_id`, `job_left`, `cv_left`, `valiadity`, `status`, `paid`) VALUES
(4, 2, 5, 1, 3, 60, 1, 1);

-- --------------------------------------------------------

--
-- Table structure for table `ch_emp_profile`
--

CREATE TABLE `ch_emp_profile` (
  `ep_id` int(7) NOT NULL,
  `emp_id` int(7) NOT NULL,
  `ep_dispaly_name` varchar(100) NOT NULL,
  `ep_logo` text NOT NULL,
  `ep_welcome_msg` text NOT NULL,
  `ep_notify_email` varchar(50) NOT NULL
) ENGINE=InnoDB DEFAULT CHARSET=latin1;

--
-- Dumping data for table `ch_emp_profile`
--

INSERT INTO `ch_emp_profile` (`ep_id`, `emp_id`, `ep_dispaly_name`, `ep_logo`, `ep_welcome_msg`, `ep_notify_email`) VALUES
(1, 1, '5ine', '', '', 'sunil@5ines.com'),
(5, 5, '5ines', '', '', 'testing@5ines.com'),
(10, 10, 'IPF HR', '', '', 'abraham@ipfhr.com'),
(15, 15, 'IPF', '', '', 'PAYASWANI@IPFHR.COM'),
(16, 16, 'SNIC INSURANCE', '', '', 'alawadhi.f@snic.com.bh'),
(17, 17, 'Bombay Trooper', '', '', 'hello@bombaytrooper.com'),
(19, 19, 'Human Capital House', '', '', 'dona.george@humancapitalhouse.com'),
(21, 21, '', 'upload/0d0fba5770493772994c455daa2383e4.jpg', '', 'aa@ipfrealestate.com'),
(22, 22, 'Arab Bank', '', '', 'amna.ali@arabbank.com.bh'),
(23, 23, 'Alubaf Bank', '', '', 'samira.alkhatib@alubafbank.com'),
(24, 24, 'Fixperts', '', '', 'fahad@fixperts.ae'),
(25, 25, 'gulf pharmaceutical industries', '', '', 'manal.mkahhal@julphar.net'),
(26, 26, 'Dr Sultan consultants Zakat&Tax', '', '', 'gamal@drsultan.com'),
(28, 28, 'IQMinds Technology LLC', '', '', 'sayed@iqminds.com'),
(29, 29, 'Mapfre', '', '', 'tkalasheh@mapfre.com'),
(30, 30, 'HF RESTAURANT AND DIET CENTRE', '', '', 'nizam@businesslinkbs.com'),
(31, 31, 'Titan Aviation', '', '', 'cini@titanaviation.aero'),
(32, 32, 'Alba Tec Construction & development LLC', '', '', 'malik@alb-tec.com'),
(33, 33, 'Belgravia Real estate', '', '', 'toubasey@belgraviarealestate.net'),
(34, 34, 'Palace Group', '', '', 'info@palacegroup.ae'),
(35, 35, 'LearnPick', '', '', 'akash@brishti.in'),
(36, 36, 'Elint Infotech DMCC', '', '', 'ashishy@elintinfotech.com'),
(37, 37, 'Code and Co Consultancy', '', '', 'support@codeandco.ae'),
(38, 38, 'New Perspective Media', '', '', 'winston@newperspectivemedia.com'),
(39, 39, 'Mecton Electromechanical LL', '', '', 'arshiya@mectongroup.net'),
(40, 40, 'DG Infotech FZC', '', '', 'pellea@dg-infotech.com'),
(41, 41, '', '', '', 'bellea@dg-infotech.com'),
(42, 42, 'Atmosphere Real Estate', '', '', 'admin@atmosphererealestate.com'),
(43, 43, 'Aramis Enterprise Solutions', '', '', 'info@aramissolutions.com'),
(44, 44, 'Solidarity', '', '', 'yousif.haroon@solidarity.com.bh'),
(45, 45, 'IT People', '', '', 'nazia@itpeoplegulf.com'),
(46, 46, 'MQS', '', '', 'sheila@minutes.co.ae'),
(47, 47, 'Fortune Karama Hotel', '', '', 'karamahr@fortunehotels.ae'),
(48, 48, 'Propel Consult', '', '', 'zainab.s@propelconsult.com'),
(49, 49, 'Worood Intraflora LLC', '', '', 'nashwa@worood.com'),
(50, 50, '', '', '', 'mpecson@appen.com'),
(51, 51, 'Delta Advertising & Publicity LLC', '', '', 'cv@delta-adv.com'),
(52, 52, 'Valley Drinking Water', '', '', 'sales@valley.com'),
(53, 53, 'Valley Drinking Water', '', '', 'sales@valleysaudi.com'),
(54, 54, 'DG Infotech LLC', '', '', 'ronar@easy2touch.com'),
(55, 55, 'Cuckoo international', '', '', 'daljit.791@rediffmail.com'),
(56, 56, 'Army egypt', '', '', 'htmawad@gmail.xn--om-3ia'),
(57, 57, 'Devji Aurum', '', '', 'humanresource@devjiaurum.com'),
(58, 58, ' ALS Global Freight Services L.L.C.', '', '', 'haris@alogistics.biz'),
(59, 59, 'Deals on Wheels', '', '', 'isham@dealsonwheels.ae'),
(60, 60, 'Wincore Advisory Group', '', '', 'marketing@wincoreadvisory.com'),
(61, 61, 'Migrate Now DMCC', '', '', 'info@migratenow.ae'),
(62, 62, 'Permanent Steel Manufacturing Co.,Ltd', 'upload/61f54c38fa0e819458b1005a0c2c18c9.jpg', '', 'joy@permanentsteel.com'),
(63, 63, 'AL AHRAM TAQA FZCO', 'upload/191dc8aae1f9545b17af4b3283b9ff51.png', '', 'ngehgilbert@alahramtaqa.com'),
(64, 64, 'Bristol-Myers Squibb', '', '', 'bmspharmaceuticals@dr.com'),
(65, 65, 'ARC ASSOCIATES', '', '', 'info@arcauditing.ae'),
(66, 66, 'ARC ASSOCIATES', '', '', 'asmita@arcauditing.ae'),
(67, 67, 'BeyondBrands Middle East', '', '', 'mr@beyondbrands.co.uk'),
(68, 68, 'KPR SOFTWARE SOLUTIONS', '', '', 'narmada@kprsoftware.com'),
(69, 69, 'D1STP', '', '', 'anum@diwanglobal.com'),
(70, 70, 'airo international', '', '', 'anisa@airointernational.co.uk'),
(71, 71, 'Three Lines Shipping LLC', '', '', 'sec@threelineshipping.com'),
(72, 72, 'Dechen Consulting Group', '', '', 'ankitk@dcg-us.com'),
(73, 73, 'Immersion Interior Designing LLC', '', '', 'info@immersiondesigns.com'),
(74, 74, 'Business InfoTec Solutions LLC', '', '', 'Info@bits-ae.com'),
(75, 77, '', '', '', 'ghazala@beyondbrands.co.uk'),
(76, 78, 'MasterKey Properties', '', '', 'hr@mkp.ae'),
(77, 79, 'Engineering Techniques Services', '', '', 'ashidha.eb@ets-uae.com'),
(78, 80, 'Gautam General Trading LLC', '', '', 'reena@gautamgroup.com'),
(79, 81, 'Mobapps Solutions', '', '', 'noreply@mobileandwebsitedevelopment.com'),
(80, 82, 'Ignite Software & Design', '', '', 'hr@ignitebh.com'),
(81, 83, 'Gruponoa', '', '', 'hires@gruponoainternational.com'),
(82, 84, 'BARG', '', '', 'antanina.trutsko@bahrainru.com'),
(83, 85, 'Signature Clinic LLC', '', '', 'kay@signatureclilnicdubai.com'),
(84, 86, 'ERNE CONSTRUCTION LIMITED', '', '', 'careers@erneconstruction.com'),
(85, 87, 'Gulf Court Hotel', '', '', 'hr@gulfcourt-hotel.com'),
(86, 88, 'SMS Assist', '', '', 'apagunsan@smsassist.com'),
(87, 89, 'Fairgrowth Management Consultants', '', '', 'jogesh@fairgrowthindia.com'),
(88, 90, 'IPF Real Estate', '', '', 'vysakh.j@ipfrealestate.com'),
(89, 91, 'IPF Real Estate', '', '', 'rena@ipfrealestate.com'),
(90, 92, 'Mr', '', '', 'sandeep@cherryhire.com'),
(91, 93, '5ine', '', '', 'shahirkm@5ine.in'),
(92, 94, '5ine', '', '', 'shahirkmk@5ine.in'),
(93, 95, '', '', '', 'shahirkm@5ine.in'),
(94, 96, 'Cherryhire.com', '', '', 'consultant@cherryhire.com'),
(95, 97, 'Wafi', '', '', 'recruit@cherryhire.com'),
(96, 98, 'Bahrain Kuwait International General Trading W.L.L', '', '', 'syam@bkitmena.com'),
(97, 99, 'Nabeel Al Saie - Public Accountants', '', '', 'nabilsai@batelco.com.bh'),
(98, 100, 'Lost Paradise of Dilmun Waterpark', '', '', 'soghra.zaid@LPODwaterpark.com'),
(99, 101, 'Suave Technologies', '', '', 'faisal@suavetechnologies.com'),
(100, 102, 'Gama Hotel Management', '', '', 'shweta@gamahotels.com.co'),
(101, 103, '', '', '', 'hr@alkobaisigroup.com'),
(102, 104, 'ukrlacp', '', '', 'ukrlacp@consultant.com'),
(103, 105, 'Bukamal Group', '', '', 'judith@bukamal.com'),
(104, 106, 'Clixsense', '', '', 'daffjeri@clixsense.com'),
(105, 107, 'EAMCO', '', '', 'sajith@eamco.bh'),
(106, 108, '', '', '', 'mohammed@banztrading.com'),
(107, 109, 'Golden International Hotels Group Manchester', '', '', 'info@goldeninternationalhotelsgroupmanchester.com'),
(108, 110, 'Saviesa Home', '', '', 'adops@saviesahome.com'),
(109, 111, 'global oil company limited', '', '', 'RECRU1TMENT@usa.com'),
(110, 112, 'SMS Country', '', '', 'reena.sharma@smscountry.com'),
(111, 113, 'international association of typhographer', '', '', 'lenon.eric@jgc.com'),
(112, 114, 'PayTabs', '', '', 'aruni@paytabs.com'),
(113, 115, 'PROFITSIX', '', '', 'info@profitsix.com'),
(114, 116, 'Azym Technologies', '', '', 'skabeer@azym.com'),
(115, 117, 'persausive.com', '', '', 'sara@persausive.com'),
(116, 118, 'persausive', '', '', 'akash@persausive.in'),
(117, 119, 'Lakeside Dairy Farm Ltd', '', '', 'info@lakesidedairyltd.com'),
(118, 120, 'Socialight digital marketing', '', '', 'admin@socialight-marketing.com'),
(119, 121, 'Environmental Horizons', '', '', 'harbiahh@eh.com.sa'),
(120, 122, '', '', '', 'application@reallyfast.biz'),
(121, 123, 'wopgue company', '', '', 'jobs@wopgue.com'),
(122, 124, 'TwyLabz Technologies Private Limited', '', '', 'careers@twylabz.in'),
(123, 125, 'CherryHire', '', '', 'sandeep@ipfhr.com'),
(124, 126, 'Al sayegh auto repairs', '', '', 'ameer@asauto.ae'),
(125, 127, 'cityinnovates', '', '', 'hr@cityinnovates.com'),
(126, 128, 'city innovates', '', '', 'hr@blueeagleindia.com'),
(127, 129, 'Ashrafs W.L.L', '', '', 'ashrafsouq@ashrafs.com.bh'),
(128, 130, 'Blue tech', '', '', 'blue@riifre.com'),
(129, 131, '', '', '', 'pardeep@gmail.com'),
(130, 132, '', '', '', 'anandhu@aatoon.com'),
(131, 1, 'cityinnovates', '', '', 'ankitkumar@cityinnovates.com'),
(132, 2, 'Ci company', '', '', 'pradeep@ci.com'),
(133, 3, 'Riffre', '', '', 'pradeep@ci.commm'),
(134, 4, 'erteter', '', '', 'pradeep@ci.comgtyrtyr');

-- --------------------------------------------------------

--
-- Table structure for table `ch_emp_social`
--

CREATE TABLE `ch_emp_social` (
  `esm_id` int(5) NOT NULL,
  `emp_id` int(7) NOT NULL,
  `esm_linkdin` varchar(100) NOT NULL,
  `esm_fb` varchar(100) NOT NULL,
  `esm_tw` varchar(100) NOT NULL,
  `esm_gp` varchar(100) NOT NULL,
  `esm_blog` varchar(100) NOT NULL,
  `esm_status` int(5) NOT NULL
) ENGINE=InnoDB DEFAULT CHARSET=latin1;

--
-- Dumping data for table `ch_emp_social`
--

INSERT INTO `ch_emp_social` (`esm_id`, `emp_id`, `esm_linkdin`, `esm_fb`, `esm_tw`, `esm_gp`, `esm_blog`, `esm_status`) VALUES
(1, 130, 'https://www.linkedin.com/company/cherry-hire', 'https://www.facebook.com/cherryhire/', 'https://twitter.com/hashtag/cherryhire', 'https://www.instagram.com/cherryhire/', '', 1),
(2, 131, 'https://www.linkedin.com/company/aatoonsolutions/', 'https://www.facebook.com/aatoonsolutions', 'https://twitter.com/aatoonsolutions', 'https://www.instagram.com/aatoonsolutionsllp/', '', 1),
(3, 132, 'https://www.linkedin.com/company/aatoonsolutions/', 'https://www.facebook.com/aatoonsolutions', 'https://twitter.com/aatoonsolutions', 'https://www.instagram.com/aatoonsolutionsllp/', '', 1),
(4, 1, 'https://www.instagram.com/hrportal/', 'https://www.instagram.com/hrportal/', 'https://www.instagram.com/hrportal/', 'https://www.instagram.com/hrportal/', '', 1),
(5, 2, 'www.ci.com', 'www.ci.com', 'www.ci.com', 'www.ci.com', '', 1);

-- --------------------------------------------------------

--
-- Table structure for table `ch_emp_subscribe`
--

CREATE TABLE `ch_emp_subscribe` (
  `sub_id` int(7) NOT NULL,
  `emp_id` int(7) NOT NULL,
  `sub_nojobs` int(5) NOT NULL,
  `sub_nocv` int(5) NOT NULL,
  `sub_packid` varchar(250) NOT NULL DEFAULT '0e1ea334ea26cbedb6df7e66e8c8015d',
  `sub_ex_limits` varchar(50) NOT NULL DEFAULT '6-8 years',
  `sub_pending_cv` int(10) NOT NULL,
  `sub_expire_dt` datetime NOT NULL,
  `sub_type` tinyint(2) NOT NULL COMMENT '1=trial,2=premium',
  `sub_status` tinyint(4) NOT NULL DEFAULT '1',
  `sub_alert` varchar(150) DEFAULT NULL
) ENGINE=InnoDB DEFAULT CHARSET=latin1;

--
-- Dumping data for table `ch_emp_subscribe`
--

INSERT INTO `ch_emp_subscribe` (`sub_id`, `emp_id`, `sub_nojobs`, `sub_nocv`, `sub_packid`, `sub_ex_limits`, `sub_pending_cv`, `sub_expire_dt`, `sub_type`, `sub_status`, `sub_alert`) VALUES
(1, 1, 50, 50, '0e1ea334ea26cbedb6df7e66e8c8015d', '6-8 years', 0, '2021-12-07 15:03:15', 1, 1, NULL),
(5, 5, 50, 50, '0e1ea334ea26cbedb6df7e66e8c8015d', '6-8 years', 0, '2021-12-07 15:03:15', 1, 1, 'EMP_PCK_tPc0_20191212230004'),
(10, 10, 50, 50, '0e1ea334ea26cbedb6df7e66e8c8015d', '15+ years', 0, '2021-12-07 15:03:15', 1, 1, NULL),
(15, 15, 50, 50, '0e1ea334ea26cbedb6df7e66e8c8015d', '6-8 years', 0, '2021-12-07 15:03:15', 1, 1, NULL),
(16, 16, 50, 50, '0e1ea334ea26cbedb6df7e66e8c8015d', '6-8 years', 0, '2021-12-07 15:03:15', 1, 1, NULL),
(17, 17, 50, 50, '0e1ea334ea26cbedb6df7e66e8c8015d', '6-8 years', 0, '2021-12-07 15:03:15', 1, 1, NULL),
(18, 5, 50, 50, '2c946d595a3f573facffd9938f2aad7d', '0-2 years', 0, '2021-12-07 15:03:15', 1, 1, NULL),
(20, 19, 50, 50, '0e1ea334ea26cbedb6df7e66e8c8015d', '6-8 years', 0, '2021-12-07 15:03:15', 1, 1, 'EMP_PCK_kVog_20181223070002'),
(22, 21, 50, 50, '0e1ea334ea26cbedb6df7e66e8c8015d', '6-8 years', 0, '2021-12-07 15:03:15', 1, 1, 'EMP_PCK_GQos_20181222070002'),
(23, 22, 50, 50, '0e1ea334ea26cbedb6df7e66e8c8015d', '6-8 years', 0, '2021-12-07 15:03:15', 1, 1, 'EMP_PCK_LgMX_20181225070001'),
(24, 23, 50, 50, '0e1ea334ea26cbedb6df7e66e8c8015d', '6-8 years', 0, '2021-12-07 15:03:15', 1, 1, 'EMP_PCK_o2C0_20181226070002'),
(25, 24, 50, 50, '0e1ea334ea26cbedb6df7e66e8c8015d', '6-8 years', 0, '2021-12-07 15:03:15', 1, 1, 'EMP_PCK_9BCe_20181226070002'),
(26, 25, 50, 50, '0e1ea334ea26cbedb6df7e66e8c8015d', '6-8 years', 0, '2021-12-07 15:03:15', 1, 1, 'EMP_PCK_Y3bh_20181226070002'),
(27, 26, 50, 50, '0e1ea334ea26cbedb6df7e66e8c8015d', '6-8 years', 0, '2021-12-07 15:03:15', 1, 1, 'EMP_PCK_1MSC_20181227070002'),
(29, 28, 50, 50, '0e1ea334ea26cbedb6df7e66e8c8015d', '6-8 years', 0, '2021-12-07 15:03:15', 1, 1, 'EMP_PCK_NRHu_20181228070001'),
(30, 29, 50, 50, '0e1ea334ea26cbedb6df7e66e8c8015d', '6-8 years', 0, '2021-12-07 15:03:15', 1, 1, 'EMP_PCK_R2wc_20181229070002'),
(31, 30, 50, 50, '0e1ea334ea26cbedb6df7e66e8c8015d', '6-8 years', 0, '2021-12-07 15:03:15', 1, 1, 'EMP_PCK_6SVt_20181229070002'),
(32, 31, 50, 50, '0e1ea334ea26cbedb6df7e66e8c8015d', '6-8 years', 0, '2021-12-07 15:03:15', 1, 1, 'EMP_PCK_JvSs_20181230070002'),
(33, 32, 50, 50, '0e1ea334ea26cbedb6df7e66e8c8015d', '6-8 years', 0, '2021-12-07 15:03:15', 1, 1, 'EMP_PCK_wZzR_20181230070002'),
(34, 33, 50, 50, '0e1ea334ea26cbedb6df7e66e8c8015d', '6-8 years', 0, '2021-12-07 15:03:15', 1, 1, 'EMP_PCK_FXjg_20181230070002'),
(35, 34, 50, 50, '0e1ea334ea26cbedb6df7e66e8c8015d', '6-8 years', 0, '2021-12-07 15:03:15', 1, 1, 'EMP_PCK_7yLj_20190103070002'),
(36, 35, 50, 50, '0e1ea334ea26cbedb6df7e66e8c8015d', '6-8 years', 0, '2021-12-07 15:03:15', 1, 1, 'EMP_PCK_KbAs_20190103070002'),
(37, 36, 50, 50, '0e1ea334ea26cbedb6df7e66e8c8015d', '6-8 years', 0, '2021-12-07 15:03:15', 1, 1, 'EMP_PCK_Uqzp_20190103070002'),
(38, 37, 50, 50, '0e1ea334ea26cbedb6df7e66e8c8015d', '6-8 years', 0, '2021-12-07 15:03:15', 1, 1, 'EMP_PCK_HFqj_20190103070002'),
(39, 38, 50, 50, '0e1ea334ea26cbedb6df7e66e8c8015d', '6-8 years', 0, '2021-12-07 15:03:15', 1, 1, 'EMP_PCK_BtPS_20190103070002'),
(40, 39, 50, 50, '0e1ea334ea26cbedb6df7e66e8c8015d', '6-8 years', 0, '2021-12-07 15:03:15', 1, 1, 'EMP_PCK_9JLr_20190104070002'),
(41, 40, 50, 50, '0e1ea334ea26cbedb6df7e66e8c8015d', '6-8 years', 0, '2021-12-07 15:03:15', 1, 1, 'EMP_PCK_W2i1_20190104070002'),
(42, 41, 50, 50, '0e1ea334ea26cbedb6df7e66e8c8015d', '6-8 years', 0, '2021-12-07 15:03:15', 1, 1, 'EMP_PCK_UAXp_20190104070002'),
(43, 42, 50, 50, '0e1ea334ea26cbedb6df7e66e8c8015d', '6-8 years', 0, '2021-12-07 15:03:15', 1, 1, 'EMP_PCK_tl7f_20190105070002'),
(44, 43, 50, 50, '0e1ea334ea26cbedb6df7e66e8c8015d', '6-8 years', 0, '2021-12-07 15:03:15', 1, 1, 'EMP_PCK_ZM7C_20190105070002'),
(45, 44, 50, 50, '0e1ea334ea26cbedb6df7e66e8c8015d', '6-8 years', 0, '2021-12-07 15:03:15', 1, 1, 'EMP_PCK_gEup_20190109070002'),
(46, 45, 50, 50, '0e1ea334ea26cbedb6df7e66e8c8015d', '6-8 years', 0, '2021-12-07 15:03:15', 1, 1, 'EMP_PCK_8vK6_20190109070002'),
(47, 46, 50, 50, '0e1ea334ea26cbedb6df7e66e8c8015d', '6-8 years', 0, '2021-12-07 15:03:15', 1, 1, 'EMP_PCK_jtzg_20190110070002'),
(48, 47, 50, 50, '0e1ea334ea26cbedb6df7e66e8c8015d', '6-8 years', 0, '2021-12-07 15:03:15', 1, 1, 'EMP_PCK_Ccvp_20190110070002'),
(49, 48, 50, 50, '0e1ea334ea26cbedb6df7e66e8c8015d', '6-8 years', 0, '2021-12-07 15:03:15', 1, 1, 'EMP_PCK_5Mdv_20190110070002'),
(50, 49, 50, 50, '0e1ea334ea26cbedb6df7e66e8c8015d', '6-8 years', 0, '2021-12-07 15:03:15', 1, 1, 'EMP_PCK_WgUO_20190112070002'),
(51, 50, 50, 50, '0e1ea334ea26cbedb6df7e66e8c8015d', '6-8 years', 0, '2021-12-07 15:03:15', 1, 1, 'EMP_PCK_6rf4_20190114070002'),
(52, 51, 50, 50, '0e1ea334ea26cbedb6df7e66e8c8015d', '6-8 years', 0, '2021-12-07 15:03:15', 1, 1, 'EMP_PCK_vBmA_20190118070002'),
(53, 52, 50, 50, '0e1ea334ea26cbedb6df7e66e8c8015d', '6-8 years', 0, '2021-12-07 15:03:15', 1, 1, 'EMP_PCK_auvN_20190119070003'),
(54, 53, 50, 50, '0e1ea334ea26cbedb6df7e66e8c8015d', '6-8 years', 0, '2021-12-07 15:03:15', 1, 1, 'EMP_PCK_R8ST_20190119070003'),
(55, 54, 50, 50, '0e1ea334ea26cbedb6df7e66e8c8015d', '6-8 years', 0, '2021-12-07 15:03:15', 1, 1, 'EMP_PCK_L49z_20190123070003'),
(56, 55, 50, 50, '0e1ea334ea26cbedb6df7e66e8c8015d', '6-8 years', 0, '2021-12-07 15:03:15', 1, 1, 'EMP_PCK_UulG_20190123070003'),
(57, 5, 50, 50, '0e1ea334ea26cbedb6df7e66e8c8015d', '6-8 years', 0, '2021-12-07 15:03:15', 1, 1, 'EMP_PCK_p9tI_20190123070003'),
(58, 5, 50, 50, 'a9421c4b606c002b73224c39b410bc8b', '9-15 years', 0, '2021-12-07 15:03:15', 1, 1, 'EMP_PCK_DsAf_20190207230003'),
(59, 56, 50, 50, '0e1ea334ea26cbedb6df7e66e8c8015d', '6-8 years', 0, '2021-12-07 15:03:15', 1, 1, 'EMP_PCK_mtaK_20190123070003'),
(60, 57, 50, 50, '0e1ea334ea26cbedb6df7e66e8c8015d', '6-8 years', 0, '2021-12-07 15:03:15', 1, 1, 'EMP_PCK_X3HP_20190123070003'),
(61, 58, 50, 50, '0e1ea334ea26cbedb6df7e66e8c8015d', '6-8 years', 0, '2021-12-07 15:03:15', 1, 1, NULL),
(62, 59, 50, 50, '0e1ea334ea26cbedb6df7e66e8c8015d', '6-8 years', 0, '2021-12-07 15:03:15', 1, 1, 'EMP_PCK_KWhz_20190128230002'),
(63, 60, 50, 50, '0e1ea334ea26cbedb6df7e66e8c8015d', '6-8 years', 0, '2021-12-07 15:03:15', 1, 1, 'EMP_PCK_v3TP_20190129230003'),
(64, 61, 50, 50, '0e1ea334ea26cbedb6df7e66e8c8015d', '6-8 years', 0, '2021-12-07 15:03:15', 0, 1, 'EMP_PCK_MH91_20190201230002'),
(65, 62, 50, 50, '0e1ea334ea26cbedb6df7e66e8c8015d', '6-8 years', 0, '2021-12-07 15:03:15', 0, 1, 'EMP_PCK_Fvqd_20190207230003'),
(66, 63, 50, 50, '0e1ea334ea26cbedb6df7e66e8c8015d', '6-8 years', 0, '2021-12-07 15:03:15', 0, 1, 'EMP_PCK_sadZ_20190209230003'),
(67, 64, 50, 50, '0e1ea334ea26cbedb6df7e66e8c8015d', '6-8 years', 0, '2021-12-07 15:03:15', 0, 1, 'EMP_PCK_vYEx_20190210230002'),
(68, 65, 50, 50, '0e1ea334ea26cbedb6df7e66e8c8015d', '6-8 years', 0, '2021-12-07 15:03:15', 0, 1, 'EMP_PCK_yInc_20190212230002'),
(69, 66, 50, 50, '0e1ea334ea26cbedb6df7e66e8c8015d', '6-8 years', 0, '2021-12-07 15:03:15', 0, 1, 'EMP_PCK_Aeiy_20190212230002'),
(70, 67, 50, 50, '0e1ea334ea26cbedb6df7e66e8c8015d', '6-8 years', 0, '2021-12-07 15:03:15', 0, 1, 'EMP_PCK_b3ot_20190215230003'),
(71, 68, 50, 50, '0e1ea334ea26cbedb6df7e66e8c8015d', '6-8 years', 0, '2021-12-07 15:03:15', 0, 1, 'EMP_PCK_oaA8_20190216230002'),
(72, 69, 50, 50, '0e1ea334ea26cbedb6df7e66e8c8015d', '6-8 years', 0, '2021-12-07 15:03:15', 0, 1, 'EMP_PCK_gKBN_20190216230002'),
(73, 70, 50, 50, '0e1ea334ea26cbedb6df7e66e8c8015d', '6-8 years', 0, '2021-12-07 15:03:15', 0, 1, 'EMP_PCK_ZcRC_20190218230002'),
(74, 71, 50, 50, '0e1ea334ea26cbedb6df7e66e8c8015d', '6-8 years', 0, '2021-12-07 15:03:15', 0, 1, 'EMP_PCK_E5Xs_20190218230002'),
(75, 72, 50, 50, '0e1ea334ea26cbedb6df7e66e8c8015d', '6-8 years', 0, '2021-12-07 15:03:15', 0, 1, 'EMP_PCK_1DCO_20190219230002'),
(76, 73, 50, 50, '0e1ea334ea26cbedb6df7e66e8c8015d', '6-8 years', 0, '2021-12-07 15:03:15', 0, 1, 'EMP_PCK_lP0d_20190220230002'),
(77, 74, 50, 50, '0e1ea334ea26cbedb6df7e66e8c8015d', '6-8 years', 0, '2021-12-07 15:03:15', 0, 1, 'EMP_PCK_QtZC_20190221230003'),
(78, 77, 50, 50, '0e1ea334ea26cbedb6df7e66e8c8015d', '6-8 years', 0, '2021-12-07 15:03:15', 0, 1, 'EMP_PCK_y1px_20190223230002'),
(79, 78, 50, 50, '0e1ea334ea26cbedb6df7e66e8c8015d', '6-8 years', 0, '2021-12-07 15:03:15', 0, 1, 'EMP_PCK_1ub0_20190223230002'),
(80, 79, 50, 50, '0e1ea334ea26cbedb6df7e66e8c8015d', '6-8 years', 0, '2021-12-07 15:03:15', 0, 1, 'EMP_PCK_Yh7k_20190225230003'),
(81, 80, 50, 50, '0e1ea334ea26cbedb6df7e66e8c8015d', '6-8 years', 0, '2021-12-07 15:03:15', 0, 1, 'EMP_PCK_APgS_20190228230002'),
(82, 81, 50, 50, '0e1ea334ea26cbedb6df7e66e8c8015d', '5-10 years', 0, '2021-12-07 15:03:15', 0, 1, 'EMP_PCK_hXCs_20190303230003'),
(83, 82, 50, 50, '0e1ea334ea26cbedb6df7e66e8c8015d', '5-10 years', 0, '2021-12-07 15:03:15', 0, 1, 'EMP_PCK_w5LK_20190305230003'),
(84, 83, 50, 50, '0e1ea334ea26cbedb6df7e66e8c8015d', '5-10 years', 0, '2021-12-07 15:03:15', 0, 1, 'EMP_PCK_vZyi_20190314000002'),
(85, 58, 50, 50, '0e1ea334ea26cbedb6df7e66e8c8015d', '5-10 years', 0, '2021-12-07 15:03:15', 1, 1, 'EMP_PCK_XWoP_20190319000002'),
(86, 58, 50, 50, '0e1ea334ea26cbedb6df7e66e8c8015d', '5-10 years', 0, '2021-12-07 15:03:15', 1, 1, 'EMP_PCK_DICy_20190319000002'),
(87, 84, 50, 50, '0e1ea334ea26cbedb6df7e66e8c8015d', '5-10 years', 0, '2021-12-07 15:03:15', 0, 1, 'EMP_PCK_D3gZ_20190319000002'),
(88, 85, 50, 50, '0e1ea334ea26cbedb6df7e66e8c8015d', '5-10 years', 0, '2021-12-07 15:03:15', 0, 1, 'EMP_PCK_Isca_20190323000002'),
(89, 86, 50, 50, '0e1ea334ea26cbedb6df7e66e8c8015d', '5-10 years', 0, '2021-12-07 15:03:15', 0, 1, 'EMP_PCK_jR4a_20190325000003'),
(90, 87, 50, 50, '0e1ea334ea26cbedb6df7e66e8c8015d', '5-10 years', 0, '2021-12-07 15:03:15', 0, 1, 'EMP_PCK_tui1_20190329000002'),
(91, 88, 50, 50, '0e1ea334ea26cbedb6df7e66e8c8015d', '5-10 years', 0, '2021-12-07 15:03:15', 0, 1, 'EMP_PCK_D9wo_20190411000003'),
(92, 89, 50, 50, '0e1ea334ea26cbedb6df7e66e8c8015d', '5-10 years', 0, '2021-12-07 15:03:15', 0, 1, 'EMP_PCK_GAT8_20190420000003'),
(93, 90, 50, 50, '0e1ea334ea26cbedb6df7e66e8c8015d', '5-10 years', 0, '2021-12-07 15:03:15', 0, 1, 'EMP_PCK_FTM4_20190430000002'),
(94, 91, 50, 50, '0e1ea334ea26cbedb6df7e66e8c8015d', '5-10 years', 0, '2021-12-07 15:03:15', 0, 1, 'EMP_PCK_WtZC_20190430000002'),
(95, 92, 50, 50, '0e1ea334ea26cbedb6df7e66e8c8015d', '5-10 years', 0, '2021-12-07 15:03:15', 0, 1, 'EMP_PCK_AckC_20190501000002'),
(96, 93, 50, 50, '0e1ea334ea26cbedb6df7e66e8c8015d', '5-10 years', 0, '2021-12-07 15:03:15', 0, 1, 'EMP_PCK_0ONc_20190501000002'),
(97, 94, 50, 50, '0e1ea334ea26cbedb6df7e66e8c8015d', '5-10 years', 0, '2021-12-07 15:03:15', 0, 1, 'EMP_PCK_L4C7_20190501000002'),
(98, 95, 50, 50, '0e1ea334ea26cbedb6df7e66e8c8015d', '5-10 years', 0, '2021-12-07 15:03:15', 0, 1, 'EMP_PCK_jl2t_20190501000002'),
(99, 96, 50, 50, '0e1ea334ea26cbedb6df7e66e8c8015d', '5-10 years', 0, '2021-12-07 15:03:15', 0, 1, 'EMP_PCK_2tUx_20190502000003'),
(100, 97, 50, 50, '0e1ea334ea26cbedb6df7e66e8c8015d', '5-10 years', 0, '2021-12-07 15:03:15', 0, 1, 'EMP_PCK_D2Vt_20190503000004'),
(101, 98, 50, 50, '0e1ea334ea26cbedb6df7e66e8c8015d', '5-10 years', 0, '2021-12-07 15:03:15', 0, 1, 'EMP_PCK_2lPZ_20190508000003'),
(102, 99, 50, 50, '0e1ea334ea26cbedb6df7e66e8c8015d', '5-10 years', 0, '2021-12-07 15:03:15', 0, 1, 'EMP_PCK_xPqh_20190509000003'),
(103, 100, 50, 50, '0e1ea334ea26cbedb6df7e66e8c8015d', '5-10 years', 0, '2021-12-07 15:03:15', 0, 1, 'EMP_PCK_4zg3_20190515000003'),
(104, 101, 50, 50, '0e1ea334ea26cbedb6df7e66e8c8015d', '5-10 years', 0, '2021-12-07 15:03:15', 0, 1, 'EMP_PCK_FoKa_20190516000002'),
(105, 102, 50, 50, '0e1ea334ea26cbedb6df7e66e8c8015d', '5-10 years', 0, '2021-12-07 15:03:15', 0, 1, 'EMP_PCK_T5Dw_20190518000003'),
(106, 103, 50, 50, '0e1ea334ea26cbedb6df7e66e8c8015d', '5-10 years', 0, '2021-12-07 15:03:15', 0, 1, 'EMP_PCK_NGAW_20190518000003'),
(107, 104, 50, 50, '0e1ea334ea26cbedb6df7e66e8c8015d', '5-10 years', 0, '2021-12-07 15:03:15', 0, 1, 'EMP_PCK_hlcx_20190519000003'),
(108, 105, 50, 50, '0e1ea334ea26cbedb6df7e66e8c8015d', '5-10 years', 0, '2021-12-07 15:03:15', 0, 1, 'EMP_PCK_qwxD_20190519000003'),
(109, 106, 50, 50, '0e1ea334ea26cbedb6df7e66e8c8015d', '5-10 years', 0, '2021-12-07 15:03:15', 0, 1, 'EMP_PCK_J4Cj_20190522000003'),
(110, 107, 50, 50, '0e1ea334ea26cbedb6df7e66e8c8015d', '5-10 years', 0, '2021-12-07 15:03:15', 0, 1, 'EMP_PCK_H9Ef_20190523000003'),
(111, 108, 50, 50, '0e1ea334ea26cbedb6df7e66e8c8015d', '5-10 years', 0, '2021-12-07 15:03:15', 0, 1, 'EMP_PCK_N9AE_20190523000003'),
(112, 109, 50, 50, '0e1ea334ea26cbedb6df7e66e8c8015d', '5-10 years', 0, '2021-12-07 15:03:15', 0, 1, 'EMP_PCK_TDVn_20190523000003'),
(113, 33, 50, 50, '92b97aeeee65867da0d0c39c7ac4eb68', '1-4 years', 0, '2021-12-07 15:03:15', 1, 1, 'EMP_PCK_S79O_20190509000003'),
(114, 110, 50, 50, '0e1ea334ea26cbedb6df7e66e8c8015d', '5-10 years', 0, '2021-12-07 15:03:15', 0, 1, 'EMP_PCK_DEZs_20190527000002'),
(115, 107, 50, 50, '92b97aeeee65867da0d0c39c7ac4eb68', '1-4 years', 0, '2021-12-07 15:03:15', 1, 1, 'EMP_PCK_w0ck_20190518000003'),
(116, 111, 50, 50, '0e1ea334ea26cbedb6df7e66e8c8015d', '5-10 years', 0, '2021-12-07 15:03:15', 0, 1, 'EMP_PCK_Uazs_20190603000017'),
(117, 112, 50, 50, '0e1ea334ea26cbedb6df7e66e8c8015d', '5-10 years', 0, '2021-12-07 15:03:15', 0, 1, 'EMP_PCK_4Xa7_20190606000003'),
(118, 113, 50, 50, '0e1ea334ea26cbedb6df7e66e8c8015d', '5-10 years', 0, '2021-12-07 15:03:15', 0, 1, 'EMP_PCK_2Dkv_20190607000003'),
(119, 114, 50, 50, '0e1ea334ea26cbedb6df7e66e8c8015d', '5-10 years', 0, '2021-12-07 15:03:15', 0, 1, 'EMP_PCK_ruDZ_20190613000003'),
(120, 115, 50, 50, '0e1ea334ea26cbedb6df7e66e8c8015d', '5-10 years', 0, '2021-12-07 15:03:15', 0, 1, 'EMP_PCK_TSej_20190613000003'),
(121, 116, 50, 50, '0e1ea334ea26cbedb6df7e66e8c8015d', '5-10 years', 0, '2021-12-07 15:03:15', 0, 1, 'EMP_PCK_6P8Q_20190629000003'),
(122, 117, 50, 50, '0e1ea334ea26cbedb6df7e66e8c8015d', '5-10 years', 0, '2021-12-07 15:03:15', 0, 1, 'EMP_PCK_j2JF_20190722000003'),
(123, 118, 50, 50, '0e1ea334ea26cbedb6df7e66e8c8015d', '5-10 years', 0, '2021-12-07 15:03:15', 0, 1, 'EMP_PCK_AC4K_20190722000003'),
(124, 119, 50, 50, '0e1ea334ea26cbedb6df7e66e8c8015d', '5-10 years', 0, '2021-12-07 15:03:15', 0, 1, 'EMP_PCK_cYH8_20190801000003'),
(125, 120, 50, 50, '0e1ea334ea26cbedb6df7e66e8c8015d', '5-10 years', 0, '2021-12-07 15:03:15', 0, 1, 'EMP_PCK_wT2K_20190817000003'),
(126, 121, 50, 50, '0e1ea334ea26cbedb6df7e66e8c8015d', '5-10 years', 0, '2021-12-07 15:03:15', 0, 1, 'EMP_PCK_SDVW_20190824000003'),
(127, 122, 50, 50, '0e1ea334ea26cbedb6df7e66e8c8015d', '5-10 years', 0, '2021-12-07 15:03:15', 0, 1, 'EMP_PCK_GkJ7_20190830000002'),
(128, 123, 50, 50, '0e1ea334ea26cbedb6df7e66e8c8015d', '5-10 years', 0, '2021-12-07 15:03:15', 0, 1, NULL),
(129, 124, 50, 50, '0e1ea334ea26cbedb6df7e66e8c8015d', '5-10 years', 0, '2021-12-07 15:03:15', 0, 1, NULL),
(130, 125, 50, 50, '0e1ea334ea26cbedb6df7e66e8c8015d', '5-10 years', 0, '2021-12-07 15:03:15', 0, 1, 'EMP_PCK_VzXF_20191204230003'),
(131, 126, 50, 50, '0e1ea334ea26cbedb6df7e66e8c8015d', '5-10 years', 0, '2021-12-07 15:03:15', 0, 1, 'EMP_PCK_4cAR_20191204230003'),
(132, 127, 50, 50, '0e1ea334ea26cbedb6df7e66e8c8015d', '5-10 years', 0, '2021-12-07 15:03:15', 0, 1, 'EMP_PCK_HUsq_20191213230003'),
(133, 128, 50, 50, '0e1ea334ea26cbedb6df7e66e8c8015d', '5-10 years', 0, '2021-12-07 15:03:15', 0, 1, NULL),
(134, 129, 50, 50, '0e1ea334ea26cbedb6df7e66e8c8015d', '5-10 years', 0, '2021-12-07 15:03:15', 0, 1, NULL),
(135, 130, 50, 50, '0e1ea334ea26cbedb6df7e66e8c8015d', '5-10 years', 0, '2021-12-07 15:03:15', 0, 1, NULL),
(136, 131, 50, 50, '0e1ea334ea26cbedb6df7e66e8c8015d', '5-10 years', 0, '2021-12-07 15:03:15', 0, 1, NULL),
(137, 132, 50, 50, '0e1ea334ea26cbedb6df7e66e8c8015d', '5-10 years', 0, '2021-12-07 15:03:15', 0, 1, NULL),
(138, 131, 1, 5, 'a9421c4b606c002b73224c39b410bc8b', '10+ years', 0, '2020-06-08 06:50:45', 1, 1, NULL),
(139, 131, 5, 25, 'EMP_7c39bca07c7cb08167b6d9ee9b0a884d', '15+ years', 0, '2020-05-09 06:51:08', 1, 1, NULL),
(140, 1, 5, 25, 'EMP_7c39bca07c7cb08167b6d9ee9b0a884d', '15+ years', 0, '2020-05-22 11:36:20', 1, 1, NULL);

-- --------------------------------------------------------

--
-- Table structure for table `ch_emp_type`
--

CREATE TABLE `ch_emp_type` (
  `et_id` int(7) NOT NULL,
  `et_name` varchar(100) NOT NULL
) ENGINE=InnoDB DEFAULT CHARSET=latin1;

-- --------------------------------------------------------

--
-- Table structure for table `ch_funarea`
--

CREATE TABLE `ch_funarea` (
  `fun_id` int(7) NOT NULL,
  `fun_name` varchar(200) NOT NULL,
  `fun_status` tinyint(2) NOT NULL
) ENGINE=InnoDB DEFAULT CHARSET=latin1;

--
-- Dumping data for table `ch_funarea`
--

INSERT INTO `ch_funarea` (`fun_id`, `fun_name`, `fun_status`) VALUES
(1, 'Accounts / Finance / Tax / CS / Audit', 1),
(2, 'Agent', 1),
(3, 'Analytics &amp; Business Intelligence', 1),
(4, 'Agent', 0),
(5, 'Analytics &amp; Business Intelligence', 0),
(6, 'Architecture / Interior Design', 1),
(7, 'Banking / Insurance', 1),
(8, 'Content / Journalism', 1),
(9, 'Corporate Planning / Consulting', 1),
(10, 'Engineering Design / R&amp;D', 1),
(11, 'Export / Import / Merchandising', 1),
(12, 'Fashion / Garments / Merchandising', 1),
(13, 'Guards / Security Services', 1),
(14, 'Hotels / Restaurants', 1),
(15, 'HR / Administration / IR', 1),
(16, 'IT Software - Client Server', 1),
(17, 'IT Software - Mainframe', 1),
(18, 'IT Software - Middleware', 1),
(19, 'IT Software - Mobile', 1),
(20, 'IT Software - Other', 1),
(21, 'IT Software - System Programming', 1),
(22, 'IT Software - Telecom Software', 1),
(23, 'IT Software - Application Programming / Maintenance', 1),
(24, 'IT Software - DBA / Datawarehousing', 1),
(25, 'IT Software - E-Commerce / Internet Technologies', 1),
(26, 'IT Software - Embedded /EDA /VLSI /ASIC /Chip Des', 1),
(27, 'IT Software - ERP / CRM', 1),
(28, 'IT Software - Network Administration / Security', 1),
(29, 'IT Software - QA &amp; Testing', 1),
(30, 'IT Software - Systems / EDP / MIS', 1),
(31, 'IT- Hardware / Telecom / Technical Staff / Support', 1),
(32, 'ITES / BPO / KPO / Customer Service / Operations', 1),
(33, 'Legal', 1),
(34, 'Marketing / Advertising / MR / PR', 1),
(35, 'Packaging', 1),
(36, 'Pharma / Biotech / Healthcare / Medical / R&amp;D', 1),
(37, 'Production / Maintenance / Quality', 1),
(38, 'Purchase / Logistics / Supply Chain', 1),
(39, 'Sales / BD', 1),
(40, 'Secretary / Front Office / Data Entry', 1),
(41, 'Self Employed / Consultants', 1),
(42, 'Shipping', 1),
(43, 'Site Engineering / Project Management', 1),
(44, 'Teaching / Education', 1),
(45, 'Ticketing / Travel / Airlines', 1),
(46, 'Top Management', 1),
(47, 'TV / Films / Production', 1),
(48, 'Web / Graphic Design / Visualiser', 1),
(49, 'Other', 1),
(50, 'Automotive', 1),
(51, 'Construction', 1),
(52, 'IT', 1),
(53, 'ITT', 1);

-- --------------------------------------------------------

--
-- Table structure for table `ch_industry`
--

CREATE TABLE `ch_industry` (
  `ind_id` int(7) NOT NULL,
  `ind_name` varchar(300) NOT NULL,
  `ind_status` tinyint(2) NOT NULL DEFAULT '1'
) ENGINE=InnoDB DEFAULT CHARSET=latin1;

--
-- Dumping data for table `ch_industry`
--

INSERT INTO `ch_industry` (`ind_id`, `ind_name`, `ind_status`) VALUES
(1, 'Construction / Civil Engineering', 1),
(2, 'Banking / Financial Services / Broking', 1),
(3, 'Oil &amp; Gas / Petroleum', 1),
(4, 'IT - Software Services', 1),
(5, 'Medical / Healthcare / Diagnostics / Medical Devices', 1),
(6, 'Hotels / Hospitality', 1),
(7, 'Accounting & Auditing--', 1),
(8, 'Advertising / PR / Event Management', 1),
(9, 'Agriculture / Dairy / Poultry / Livestock', 1),
(10, 'Air Conditioning / Refrigeration / HVAC', 1),
(11, 'Airlines / Aviation', 1),
(12, 'Architecture / Interior Designing', 1),
(13, 'Automotive / Automobile / Auto Accessories', 1),
(14, 'Call Center / BPO / KPO / Outsourcing', 1),
(15, 'Ceramics / Sanitary ware', 1),
(16, 'Chemicals / Petrochemicals / Polymers / Industrial Gases', 1),
(17, 'Concrete / Readymix / Cement', 1),
(18, 'Consulting / Management Consulting / Advisory Services', 1),
(19, 'Consumer Durables / Consumer Electronics', 1),
(20, 'Defence / Military / Government', 1),
(21, 'Education / Training / Teaching / Academics', 1),
(22, 'Elevators / Escalators', 1),
(23, 'Engineering Design & Consulting', 1),
(24, 'Entertainment / Recreation / Theme Parks', 1),
(25, 'Facilities Management', 1),
(26, 'Fertilizers / Pesticides', 1),
(27, 'Fitness / Wellness / Gym / Salon / Spa', 1),
(28, 'FMCG / Foods / Beverages', 1),
(29, 'Fresher - No Industry Experience / Not Employed', 1),
(30, 'Furniture / Furnishings / Home Dicor', 1),
(31, 'General Trading / Export / Import', 1),
(32, 'Glass', 1),
(33, 'Gold / Gems & Jewellery', 1),
(34, 'Industrial Products / Heavy Machinery', 1),
(35, 'Insurance', 1),
(36, 'Internet / E-commerce / Dotcom', 1),
(37, 'IT - Hardware &amp; Networking', 1),
(38, 'Landscaping', 1),
(39, 'Legal / Law Firm', 1),
(40, 'Logistics / Transportation / Warehousing / Courier', 1),
(41, 'Media / Publishing / TV / Radio / Outdoor / Digital', 1),
(42, 'Metals / Steel / Iron / Aluminium / Fabrication', 1),
(43, 'Metro / Railway / Train', 1),
(44, 'Mining / Forestry / Fishing', 1),
(45, 'NGO / Social Services / Community Services / Non-Profit', 1),
(46, 'Office Automation / Office Equipment / Office Supplies / Stationery ', 1),
(47, 'Oil & Gas: Consultancy, Design', 1),
(48, 'Oil & Gas: Exploration, Drilling, Production, Field Services', 1),
(49, 'Oil &amp; Gas: Refining, Storage, Marketing, Distribution', 1),
(50, 'Other', 1),
(51, 'Paper / Paper Pulp / Paper Mill', 1),
(52, 'Perfumery / Toiletries / Personal Care / Cosmetics', 1),
(53, 'Pharma / Biotech / Clinical Research', 1),
(54, 'Plastics / Rubber', 1),
(55, 'Power Generation / Power Distribution / Energy / Nuclear Energy', 1),
(56, 'Printing / Packaging', 1),
(57, 'Real Estate', 1),
(58, 'Recruitment / Placement Firm / Executive Search', 1),
(59, 'Restaurants / Catering / Food Services', 1),
(60, 'Retail', 1),
(61, 'Security / Law Enforcement', 1),
(62, 'Shipbuilding / Ship Repair / Ship Maintenance / Drydocks', 1),
(63, 'Shipping / Freight', 1),
(64, 'Telecom / ISP', 1),
(65, 'Testing / Inspection / Certification Services', 1),
(66, 'Textiles  Clothing / Apparels / Fashion / Accessories', 1),
(67, 'Travel / Tourism', 1),
(68, 'Tyres', 1),
(69, 'Water Treatment / De-Salination / Waste Management', 1);

-- --------------------------------------------------------

--
-- Table structure for table `ch_jobalert`
--

CREATE TABLE `ch_jobalert` (
  `id` int(11) NOT NULL,
  `skill` varchar(500) NOT NULL,
  `location` varchar(100) NOT NULL,
  `industry` varchar(100) NOT NULL,
  `job_category` varchar(100) NOT NULL,
  `job_role` varchar(100) NOT NULL,
  `job_alert_name` varchar(200) NOT NULL,
  `created_on` varchar(200) NOT NULL,
  `status` varchar(2) NOT NULL,
  `userid` bigint(20) NOT NULL,
  `min_experience` varchar(45) NOT NULL,
  `max_experience` varchar(45) NOT NULL,
  `min_salary` varchar(45) NOT NULL,
  `max_salary` varchar(45) NOT NULL
) ENGINE=InnoDB DEFAULT CHARSET=utf8;

--
-- Dumping data for table `ch_jobalert`
--

INSERT INTO `ch_jobalert` (`id`, `skill`, `location`, `industry`, `job_category`, `job_role`, `job_alert_name`, `created_on`, `status`, `userid`, `min_experience`, `max_experience`, `min_salary`, `max_salary`) VALUES
(3, 'java,html,c++', 'India', 'IT - Software Services', 'Full Time', 'Graphic/Web Designer', 'job alert 1', '1574861026', '', 12998, '0', '3', '1000', '1500'),
(4, 'php,c++', 'Bahrain', 'IT - Software Services', 'Full Time', 'Product Mgr', 'job alert 231', '1577094805', '', 12998, '0', '1', '0', '500'),
(5, 'recruitment', 'Bahrain', 'Any', 'Full Time', 'HR', 'Hr', '1577169751', '', 13009, '1', '2', '0', '500'),
(7, 'ps,illustrator', 'Bahrain', 'IT - Software Services', 'Part Time', 'Graphic/Web Designer', 'Designer', '1577350233', '', 13358, '2', '2', '0', '500'),
(8, 'Diplamo mechanical engineering', 'Bahrain', 'Water Treatment / De-Salination / Waste Management', 'Full Time', '       Mechanical Seals, Gear Boxes,  Heat Exchangers, Gas turbine overhauling,  compressors,   pump', 'Mechanical technician', '1577626487', '', 13367, '4', '4', '500', '1000');

-- --------------------------------------------------------

--
-- Table structure for table `ch_jobapply`
--

CREATE TABLE `ch_jobapply` (
  `ja_id` int(11) NOT NULL,
  `ja_encrypt_id` varchar(100) NOT NULL,
  `job_id` int(7) NOT NULL,
  `can_id` int(7) NOT NULL,
  `ja_source` int(7) NOT NULL,
  `ja_date` datetime NOT NULL,
  `ja_status` int(7) NOT NULL,
  `Ja_alert` varchar(50) NOT NULL DEFAULT '1'
) ENGINE=InnoDB DEFAULT CHARSET=latin1;

--
-- Dumping data for table `ch_jobapply`
--

INSERT INTO `ch_jobapply` (`ja_id`, `ja_encrypt_id`, `job_id`, `can_id`, `ja_source`, `ja_date`, `ja_status`, `Ja_alert`) VALUES
(1, 'c8b60b67ad33b730a70e3d0ec6aef8dd', 7, 4, 0, '2020-06-23 08:09:19', 1, '1'),
(2, 'bbc1aacb35083a4d7e23a98cb574853d', 10, 1, 0, '2020-06-23 13:48:02', 1, '1'),
(3, 'f6d1796405996644392d2e6978a09ebd', 8, 9, 0, '2020-06-23 13:53:38', 1, '1'),
(4, '440c965d204b25fd27c61781216a8f81', 29, 2, 0, '2020-07-27 13:42:51', 1, '1'),
(5, '1af7ff59628c81350f7d190c2a2ab094', 30, 2, 0, '2020-07-28 07:25:11', 1, '1'),
(6, '187a87670b46abcb71ce709549720b57', 30, 15, 0, '2020-07-28 07:26:24', 1, '1');

-- --------------------------------------------------------

--
-- Table structure for table `ch_jobportal`
--

CREATE TABLE `ch_jobportal` (
  `jp_id` int(7) NOT NULL,
  `jp_name` varchar(200) NOT NULL,
  `jp_img` varchar(500) NOT NULL,
  `jp_type` tinyint(2) NOT NULL DEFAULT '1' COMMENT '1=Free, 2=Paid',
  `jp_status` tinyint(2) NOT NULL DEFAULT '1'
) ENGINE=InnoDB DEFAULT CHARSET=latin1;

-- --------------------------------------------------------

--
-- Table structure for table `ch_jobpost`
--

CREATE TABLE `ch_jobpost` (
  `jpost_id` int(7) NOT NULL,
  `job_id` int(7) NOT NULL,
  `jp_id` int(7) NOT NULL,
  `jpost_pdate` date NOT NULL,
  `jpost_edate` date NOT NULL,
  `jpost_status` tinyint(2) NOT NULL DEFAULT '1'
) ENGINE=InnoDB DEFAULT CHARSET=latin1;

-- --------------------------------------------------------

--
-- Table structure for table `ch_jobrole`
--

CREATE TABLE `ch_jobrole` (
  `jr_id` int(7) NOT NULL,
  `jrg_id` int(5) NOT NULL,
  `jr_name` varchar(300) NOT NULL,
  `jr_status` tinyint(2) NOT NULL DEFAULT '1'
) ENGINE=InnoDB DEFAULT CHARSET=latin1;

--
-- Dumping data for table `ch_jobrole`
--

INSERT INTO `ch_jobrole` (`jr_id`, `jrg_id`, `jr_name`, `jr_status`) VALUES
(1, 1, 'Software Developer', 1),
(2, 1, 'Team Lead/Tech Lead', 1),
(3, 1, 'System Analyst', 1),
(4, 1, 'Tech Architect', 1),
(5, 1, 'Database Architect/Designer', 1),
(6, 1, 'Project Lead', 1),
(7, 1, 'Testing Engnr', 1),
(8, 1, 'Product Mgr', 1),
(9, 1, 'Graphic/Web Designer', 1),
(10, 1, 'Release Mgr', 1),
(11, 2, 'DBA', 1),
(12, 2, 'Network Admin', 1),
(13, 2, 'System Admin', 1),
(14, 2, 'System Security', 1),
(15, 2, 'Tech Support Engnr', 1),
(16, 2, 'Maintenance Engnr', 1),
(17, 2, 'Webmaster', 1),
(18, 2, 'IT/Networking-Mgr', 1),
(19, 2, 'Information Systems(MIS)-Mgr', 1),
(20, 3, 'System Integration Technician', 1),
(21, 3, 'Business Analyst', 1),
(22, 3, 'Datawarehousing Technician', 1),
(23, 3, 'Outside Technical Consultant', 1),
(24, 3, 'Functional Outside Consultant', 1),
(25, 3, 'EDP Analyst', 1),
(26, 4, 'Technical Writer', 1),
(27, 4, 'Instructional Designer', 1),
(28, 4, 'Technical Documentor', 1),
(29, 4, 'QA/QC Exec', 1),
(30, 4, 'QA/QC Mgr', 1),
(31, 5, 'Project Mgr-IT/Software', 1),
(32, 6, 'Program Mgr', 1),
(33, 6, 'Head/VP/GM-Quality', 1),
(34, 6, 'Head/VP/GM-Technology(IT)/CTO', 1),
(35, 6, 'CIO', 1),
(36, 7, 'Trainer/Faculty', 1),
(37, 7, 'Trainee', 1),
(38, 7, 'Fresher', 1),
(39, 7, 'Outside Consultant', 1),
(40, 7, 'IT/Technical Content Developer', 1);

-- --------------------------------------------------------

--
-- Table structure for table `ch_jobrole_group`
--

CREATE TABLE `ch_jobrole_group` (
  `jrg_id` int(5) NOT NULL,
  `jrg_name` varchar(100) NOT NULL
) ENGINE=InnoDB DEFAULT CHARSET=latin1;

--
-- Dumping data for table `ch_jobrole_group`
--

INSERT INTO `ch_jobrole_group` (`jrg_id`, `jrg_name`) VALUES
(1, 'Programming &amp; Design'),
(2, 'Admin/Maintenance/Security/Datawarehousing'),
(3, 'System Design/Implementation/ERP/CRM'),
(4, 'QA/Testing/Documentation'),
(5, 'Project Management'),
(6, 'Senior Management'),
(7, 'Other');

-- --------------------------------------------------------

--
-- Table structure for table `ch_jobs`
--

CREATE TABLE `ch_jobs` (
  `job_id` int(7) NOT NULL,
  `job_title` varchar(300) NOT NULL,
  `job_location` varchar(500) NOT NULL,
  `nation` varchar(255) NOT NULL,
  `job_min_exp` varchar(25) NOT NULL,
  `job_max_exp` varchar(25) NOT NULL,
  `job_min_sal` int(5) NOT NULL,
  `job_max_sal` int(5) NOT NULL,
  `job_industry` varchar(500) NOT NULL,
  `job_farea` int(7) NOT NULL,
  `job_role` varchar(500) NOT NULL,
  `job_edu` int(7) NOT NULL,
  `job_edu_spec` int(7) NOT NULL,
  `job_skills` varchar(500) NOT NULL,
  `job_company` varchar(500) NOT NULL,
  `job_desc` text NOT NULL,
  `job_type` varchar(50) NOT NULL,
  `job_notifyemail` varchar(50) NOT NULL,
  `job_site` tinyint(2) NOT NULL DEFAULT '1',
  `job_notes` varchar(2000) NOT NULL,
  `job_noprofiles` int(5) NOT NULL,
  `job_created_dt` datetime NOT NULL,
  `job_updated_dt` datetime NOT NULL,
  `job_created_by` int(7) NOT NULL,
  `job_status` tinyint(2) NOT NULL DEFAULT '1',
  `job_url_id` varchar(100) NOT NULL,
  `hire_jobid` varchar(50) NOT NULL,
  `jp_cvs` int(10) NOT NULL,
  `job_expaired` int(10) NOT NULL,
  `hire_status` varchar(100) NOT NULL DEFAULT '0',
  `job_priority` varchar(20) DEFAULT NULL,
  `job_expired_date` varchar(30) DEFAULT NULL,
  `job_cat` varchar(200) NOT NULL,
  `job_post` varchar(100) NOT NULL,
  `job_post_status` int(11) NOT NULL DEFAULT '0',
  `vacancies` int(11) NOT NULL,
  `receive_response` varchar(20) DEFAULT NULL,
  `forward_application_email` varchar(255) NOT NULL,
  `display_email_id` int(11) DEFAULT '0' COMMENT '0-not,1-yes',
  `refrence_code` varchar(100) NOT NULL,
  `company_name` varchar(255) NOT NULL,
  `about_company` text NOT NULL,
  `logo` varchar(500) DEFAULT NULL,
  `refresh_job` int(11) NOT NULL DEFAULT '0',
  `job_tags` varchar(700) NOT NULL,
  `salary_id` int(11) NOT NULL,
  `salary_pa` varchar(50) NOT NULL
) ENGINE=InnoDB DEFAULT CHARSET=latin1;

--
-- Dumping data for table `ch_jobs`
--

INSERT INTO `ch_jobs` (`job_id`, `job_title`, `job_location`, `nation`, `job_min_exp`, `job_max_exp`, `job_min_sal`, `job_max_sal`, `job_industry`, `job_farea`, `job_role`, `job_edu`, `job_edu_spec`, `job_skills`, `job_company`, `job_desc`, `job_type`, `job_notifyemail`, `job_site`, `job_notes`, `job_noprofiles`, `job_created_dt`, `job_updated_dt`, `job_created_by`, `job_status`, `job_url_id`, `hire_jobid`, `jp_cvs`, `job_expaired`, `hire_status`, `job_priority`, `job_expired_date`, `job_cat`, `job_post`, `job_post_status`, `vacancies`, `receive_response`, `forward_application_email`, `display_email_id`, `refrence_code`, `company_name`, `about_company`, `logo`, `refresh_job`, `job_tags`, `salary_id`, `salary_pa`) VALUES
(29, 'Cl Developer', 'Ashok Nagar', 'India', '1', '4', 1, 3, '9', 2, 'junier php developer', 3, 0, 'html, css, php, cake php', 'Ci company', 'skdfjlks dflsjdfl sdjfljs', 'Full Time', 'pradeep@ci.com', 1, 'working on it', 40, '2020-07-27 12:36:06', '2020-07-27 12:36:06', 2, 1, '6ea9ab1baa0efb9e19094440c317e21b', '0', 5, 60, '', NULL, NULL, '', '', 0, 4, 'email', '', NULL, '', '', '', NULL, 0, 'html, css,php, cake php,Ci company', 0, ''),
(30, 'Laravel developer', 'Ashok Nagar', 'India', '1', '4', 2, 4, '8', 2, 'php team lead', 1, 0, 'php, cake php, laravel', 'Ci company', 'sdfsdf', 'Full Time', 'pradeep@ci.com', 1, 'working on it', 40, '2020-07-27 12:38:52', '2020-07-27 12:38:52', 2, 1, '34173cb38f07f89ddbebc2ac9128303f', '0', 5, 60, '', NULL, NULL, '', '', 0, 5, 'walkins', '', NULL, '', '', '', NULL, 0, 'html,php, cake php, laravel,Ci company', 0, ''),
(31, 'Digital Marketing Manager', 'Noida', 'India', '4', '9', 4, 10, '7', 4, 'digital marketing manager', 2, 0, 'amp,php', 'Ci company', '', 'Part Time', 'pradeep@ci.com', 1, 'working on it', 40, '2020-07-27 13:51:21', '2020-07-27 13:51:21', 2, 1, 'c16a5320fa475530d9583c34fd356ef5', '0', 5, 60, '', NULL, NULL, '', '', 0, 5, '', '', NULL, '', '', 'fdgdfgs', NULL, 0, 'amp,php,Ci company', 0, ''),
(32, 'SEO Manager', 'Gurgaon', 'India', '4', '16', 4, 13, '10', 3, 'manger', 2, 0, 'seo,ppo', 'Ci company', 'sdfsdfa', 'Full Time', 'pradeep@ci.com', 1, 'working on it', 40, '2020-07-27 13:53:38', '2020-07-27 13:53:38', 2, 1, '6364d3f0f495b6ab9dcf8d3b5c6e0b01', '0', 5, 60, '', NULL, NULL, '', '', 0, 5, '', '', NULL, '', '', '', NULL, 0, 'seo,ppo,Ci company', 0, '');

-- --------------------------------------------------------

--
-- Table structure for table `ch_job_subtitle`
--

CREATE TABLE `ch_job_subtitle` (
  `st_id` int(11) NOT NULL,
  `jt_id` int(11) DEFAULT NULL,
  `title` varchar(34) CHARACTER SET utf8 DEFAULT NULL
) ENGINE=MyISAM DEFAULT CHARSET=latin1;

--
-- Dumping data for table `ch_job_subtitle`
--

INSERT INTO `ch_job_subtitle` (`st_id`, `jt_id`, `title`) VALUES
(1, 1, 'Marketing Specialist'),
(2, 1, 'Marketing Manager'),
(3, 1, 'Marketing Director'),
(4, 1, 'Graphic Designer'),
(5, 1, 'Marketing Research Analyst'),
(6, 1, 'Marketing Communications Manager'),
(7, 1, 'Marketing Consultant'),
(8, 1, 'Product Manager'),
(9, 1, 'Public Relations'),
(10, 1, 'Social Media Assistant'),
(11, 1, 'Brand Manager'),
(12, 1, 'SEO Manager'),
(13, 1, 'Content Marketing Manager'),
(14, 1, 'Copywriter'),
(15, 1, 'Media Buyer'),
(16, 1, 'Digital Marketing Manager'),
(17, 1, 'eCommerce Marketing Specialist'),
(18, 1, 'Brand Strategist'),
(19, 1, 'Vice President of Marketing'),
(20, 1, 'Media Relations Coordinator'),
(21, 2, 'Administrative Assistant'),
(22, 2, 'Account Executive'),
(23, 2, 'Branch Manager'),
(24, 2, 'Business Manager'),
(25, 2, 'Office Manager'),
(26, 2, 'Quality Control Coordinator'),
(27, 2, 'Administrative Manager'),
(28, 2, 'Chief Executive Officer'),
(29, 2, 'Business Analyst'),
(30, 2, 'Risk Manager'),
(31, 2, 'Human Resources'),
(32, 2, 'Office Assistant'),
(33, 2, 'Receptionist'),
(34, 2, 'Secretary'),
(35, 2, 'Office Clerk'),
(36, 2, 'File Clerk'),
(37, 2, 'Account Collector'),
(38, 2, 'Administrative Specialist'),
(39, 2, 'Auditing Clerk'),
(40, 2, 'Bookkeeper'),
(41, 2, 'Executive Assistant'),
(42, 2, 'Program Administrator'),
(43, 2, 'Program Manager'),
(44, 2, 'Administrative Analyst'),
(45, 2, 'Data Entry'),
(46, 3, 'CEO—Chief Executive Officer'),
(47, 3, 'COO—Chief Operating Officer'),
(48, 3, 'CFO—Chief Financial Officer'),
(49, 3, 'CIO—Chief Information Officer'),
(50, 3, 'CTO—Chief Technology Officer'),
(51, 3, 'CMO—Chief Marketing Officer'),
(52, 3, 'CHRO—Chief Human Resources Officer'),
(53, 3, 'CDO—Chief Data Officer'),
(54, 3, 'CPO—Chief Product Officer'),
(55, 3, 'CCO—Chief Customer Officer'),
(56, 4, 'Team Leader'),
(57, 4, 'Manager'),
(58, 4, 'Assistant Manager'),
(59, 4, 'Executive'),
(60, 4, 'Director'),
(61, 4, 'Coordinator'),
(62, 4, 'Administrator'),
(63, 4, 'Controller'),
(64, 4, 'Officer'),
(65, 4, 'Organizer'),
(66, 4, 'Supervisor'),
(67, 4, 'Superintendent'),
(68, 4, 'Head'),
(69, 4, 'Overseer'),
(70, 4, 'Chief'),
(71, 4, 'Foreman'),
(72, 4, 'Controller'),
(73, 4, 'Principal'),
(74, 4, 'President'),
(75, 4, 'Lead'),
(76, 5, 'Computer Scientist'),
(77, 5, 'IT Professional'),
(78, 5, 'UX Designer & UI Developer'),
(79, 5, 'SQL Developer'),
(80, 5, 'Web Designer'),
(81, 5, 'Web Developer'),
(82, 5, 'Help Desk Worker/Desktop Support'),
(83, 5, 'Software Engineer'),
(84, 5, 'Data Entry'),
(85, 5, 'DevOps Engineer'),
(86, 5, 'Computer Programmer'),
(87, 5, 'Network Administrator'),
(88, 5, 'Information Security Analyst'),
(89, 5, 'Artificial Intelligence Engineer'),
(90, 5, 'Cloud Architect'),
(91, 5, 'IT Manager'),
(92, 5, 'Technical Specialist'),
(93, 5, 'Application Developer'),
(94, 5, 'Chief Technology Officer (CTO)'),
(95, 5, 'Chief Information Officer (CIO)'),
(96, 6, 'Sales Associate'),
(97, 6, 'Sales Representative'),
(98, 6, 'Sales Manager'),
(99, 6, 'Retail Worker'),
(100, 6, 'Store Manager'),
(101, 6, 'Sales Representative'),
(102, 6, 'Sales Manager'),
(103, 6, 'Real Estate Broker'),
(104, 6, 'Sales Associate'),
(105, 6, 'Cashier'),
(106, 6, 'Store Manager'),
(107, 6, 'Account Executive'),
(108, 6, 'Account Manager'),
(109, 6, 'Area Sales Manager'),
(110, 6, 'Direct Salesperson'),
(111, 6, 'Director of Inside Sales'),
(112, 6, 'Outside Sales Manager'),
(113, 6, 'Sales Analyst'),
(114, 6, 'Market Development Manager'),
(115, 6, 'B2B Sales Specialist'),
(116, 6, 'Sales Engineer'),
(117, 7, 'Construction Worker'),
(118, 7, 'Taper'),
(119, 7, 'Plumber'),
(120, 7, 'Heavy Equipment Operator'),
(121, 7, 'Vehicle or Equipment Cleaner'),
(122, 7, 'Carpenter'),
(123, 7, 'Electrician'),
(124, 7, 'Painter'),
(125, 7, 'Welder'),
(126, 7, 'Handyman'),
(127, 7, 'Boilermaker'),
(128, 7, 'Crane Operator'),
(129, 7, 'Building Inspector'),
(130, 7, 'Pipefitter'),
(131, 7, 'Sheet Metal Worker'),
(132, 7, 'Iron Worker'),
(133, 7, 'Mason'),
(134, 7, 'Roofer'),
(135, 7, 'Solar Photovoltaic Installer'),
(136, 7, 'Well Driller'),
(137, 8, 'CEO'),
(138, 8, 'Proprietor'),
(139, 8, 'Principal'),
(140, 8, 'Owner'),
(141, 8, 'President'),
(142, 8, 'Founder'),
(143, 8, 'Administrator'),
(144, 8, 'Director'),
(145, 8, 'Managing Partner'),
(146, 8, 'Managing Member'),
(147, 9, 'Board of Directors'),
(148, 9, 'C-Level or C-Suite.'),
(149, 9, 'Shareholders'),
(150, 9, 'Managers'),
(151, 9, 'Supervisors'),
(152, 9, 'Front-Line Employees'),
(153, 9, 'Quality Control'),
(154, 9, 'Human Resources'),
(155, 9, 'Accounting Staff'),
(156, 9, 'Marketing Staff'),
(157, 9, 'Purchasing Staff'),
(158, 9, 'Shipping and Receiving Staff'),
(159, 9, 'Office Manager'),
(160, 9, 'Receptionist'),
(161, 10, 'Virtual Assistant'),
(162, 10, 'Customer Service'),
(163, 10, 'Customer Support'),
(164, 10, 'Concierge'),
(165, 10, 'Help Desk'),
(166, 10, 'Customer Service Manager'),
(167, 10, 'Technical Support Specialist'),
(168, 10, 'Account Representative'),
(169, 10, 'Client Service Specialist'),
(170, 10, 'Customer Care Associate'),
(171, 11, 'Operations Manager'),
(172, 11, 'Operations Assistant'),
(173, 11, 'Operations Coordinator'),
(174, 11, 'Operations Analyst'),
(175, 11, 'Operations Director'),
(176, 11, 'Vice President of Operations'),
(177, 11, 'Operations Professional'),
(178, 11, 'Scrum Master'),
(179, 11, 'Continuous Improvement Lead'),
(180, 11, 'Continuous Improvement Consultant'),
(181, 12, 'Credit Authorizer'),
(182, 12, 'Benefits Manager'),
(183, 12, 'Credit Counselor'),
(184, 12, 'Accountant'),
(185, 12, 'Bookkeeper'),
(186, 12, 'Accounting Analyst'),
(187, 12, 'Accounting Director'),
(188, 12, 'Accounts Payable/Receivable Clerk'),
(189, 12, 'Auditor'),
(190, 12, 'Budget Analyst'),
(191, 12, 'Controller'),
(192, 12, 'Financial Analyst'),
(193, 12, 'Finance Manager'),
(194, 12, 'Economist'),
(195, 12, 'Payroll Manager'),
(196, 12, 'Payroll Clerk'),
(197, 12, 'Financial Planner'),
(198, 12, 'Financial Services Representative'),
(199, 12, 'Finance Director'),
(200, 12, 'Commercial Loan Officer'),
(201, 13, 'Engineer'),
(202, 13, 'Mechanical Engineer'),
(203, 13, 'Civil Engineer'),
(204, 13, 'Electrical Engineer'),
(205, 13, 'Assistant Engineer'),
(206, 13, 'Chemical Engineer'),
(207, 13, 'Chief Engineer'),
(208, 13, 'Drafter'),
(209, 13, 'Engineering Technician'),
(210, 13, 'Geological Engineer'),
(211, 13, 'Biological Engineer'),
(212, 13, 'Maintenance Engineer'),
(213, 13, 'Mining Engineer'),
(214, 13, 'Nuclear Engineer'),
(215, 13, 'Petroleum Engineer'),
(216, 13, 'Plant Engineer'),
(217, 13, 'Production Engineer'),
(218, 13, 'Quality Engineer'),
(219, 13, 'Safety Engineer'),
(220, 13, 'Sales Engineer'),
(221, 14, 'Chief People Officer'),
(222, 14, 'VP of Miscellaneous Stuff'),
(223, 14, 'Chief Robot Whisperer'),
(224, 14, 'Director of First Impressions'),
(225, 14, 'Culture Operations Manager'),
(226, 14, 'Director of Ethical Hacking'),
(227, 14, 'Software Ninjaneer'),
(228, 14, 'Director of Bean Counting'),
(229, 14, 'Digital Overlord'),
(230, 14, 'Director of Storytelling'),
(231, 15, 'Researcher'),
(232, 15, 'Research Assistant'),
(233, 15, 'Data Analyst'),
(234, 15, 'Business Analyst'),
(235, 15, 'Financial Analyst'),
(236, 15, 'Biostatistician'),
(237, 15, 'Title Researcher'),
(238, 15, 'Market Researcher'),
(239, 15, 'Title Analyst'),
(240, 15, 'Medical Researcher'),
(241, 16, 'Mentor'),
(242, 16, 'Tutor/Online Tutor'),
(243, 16, 'Teacher'),
(244, 16, 'Teaching Assistant'),
(245, 16, 'Substitute Teacher'),
(246, 16, 'Preschool Teacher'),
(247, 16, 'Test Scorer'),
(248, 16, 'Online ESL Instructor'),
(249, 16, 'Professor'),
(250, 16, 'Assistant Professor'),
(251, 17, 'Graphic Designer'),
(252, 17, 'Artist'),
(253, 17, 'Interior Designer'),
(254, 17, 'Video Editor'),
(255, 17, 'Video or Film Producer'),
(256, 17, 'Playwright'),
(257, 17, 'Musician'),
(258, 17, 'Novelist/Writer'),
(259, 17, 'Computer Animator'),
(260, 17, 'Photographer'),
(261, 17, 'Camera Operator'),
(262, 17, 'Sound Engineer'),
(263, 17, 'Motion Picture Director'),
(264, 17, 'Actor'),
(265, 17, 'Music Producer'),
(266, 17, 'Director of Photography'),
(267, 18, 'Nurse'),
(268, 18, 'Travel Nurse'),
(269, 18, 'Nurse Practitioner'),
(270, 18, 'Doctor'),
(271, 18, 'Caregiver'),
(272, 18, 'CNA'),
(273, 18, 'Physical Therapist'),
(274, 18, 'Pharmacist'),
(275, 18, 'Pharmacy Assistant'),
(276, 18, 'Medical Administrator'),
(277, 18, 'Medical Laboratory Tech'),
(278, 18, 'Physical Therapy Assistant'),
(279, 18, 'Massage Therapy'),
(280, 18, 'Dental Hygienist'),
(281, 18, 'Orderly'),
(282, 18, 'Personal Trainer'),
(283, 18, 'Massage Therapy'),
(284, 18, 'Medical Laboratory Tech'),
(285, 18, 'Phlebotomist'),
(286, 18, 'Medical Transcriptionist'),
(287, 18, 'Telework Nurse/Doctor'),
(288, 18, 'Reiki Practitioner'),
(289, 19, 'Housekeeper'),
(290, 19, 'Flight Attendant'),
(291, 19, 'Travel Agent'),
(292, 19, 'Hotel Front Door Greeter'),
(293, 19, 'Bellhop'),
(294, 19, 'Cruise Director'),
(295, 19, 'Entertainment Specialist'),
(296, 19, 'Hotel Manager'),
(297, 19, 'Front Desk Associate'),
(298, 19, 'Front Desk Manager'),
(299, 19, 'Concierge'),
(300, 19, 'Group Sales'),
(301, 19, 'Event Planner'),
(302, 19, 'Porter'),
(303, 19, 'Spa Manager'),
(304, 19, 'Wedding Coordinator'),
(305, 19, 'Cruise Ship Attendant'),
(306, 19, 'Casino Host'),
(307, 19, 'Hotel Receptionist'),
(308, 19, 'Reservationist'),
(309, 19, 'Events Manager'),
(310, 19, 'Meeting Planner'),
(311, 19, 'Lodging Manager'),
(312, 19, 'Director of Maintenance'),
(313, 19, 'Valet'),
(314, 20, 'Waiter/Waitress'),
(315, 20, 'Server'),
(316, 20, 'Chef'),
(317, 20, 'Fast Food Worker'),
(318, 20, 'Barista'),
(319, 20, 'Line Cook'),
(320, 20, 'Cafeteria Worker'),
(321, 20, 'Restaurant Manager'),
(322, 20, 'Wait Staff Manager'),
(323, 20, 'Bus Person'),
(324, 20, 'Restaurant Chain Executive'),
(325, 21, 'Political Scientist'),
(326, 21, 'Chemist'),
(327, 21, 'Conservation Scientist'),
(328, 21, 'Sociologist'),
(329, 21, 'Biologist'),
(330, 21, 'Geologist'),
(331, 21, 'Physicist'),
(332, 21, 'Astronomer'),
(333, 21, 'Atmospheric Scientist'),
(334, 21, 'Molecular Scientist'),
(335, 22, 'Call Center Representative'),
(336, 22, 'Customer Service'),
(337, 22, 'Telemarketer'),
(338, 22, 'Telephone Operator'),
(339, 22, 'Phone Survey Conductor'),
(340, 22, 'Dispatcher for Trucks or Taxis'),
(341, 22, 'Customer Support Representative'),
(342, 22, 'Over the Phone Interpreter'),
(343, 22, 'Phone Sales Specialist'),
(344, 22, 'Mortgage Loan Processor'),
(345, 23, 'Counselor'),
(346, 23, 'Mental Health Counselor'),
(347, 23, 'Addiction Counselor'),
(348, 23, 'School Counselor'),
(349, 23, 'Speech Pathologist'),
(350, 23, 'Guidance Counselor'),
(351, 23, 'Social Worker'),
(352, 23, 'Therapist'),
(353, 23, 'Life Coach'),
(354, 23, 'Couples Counselor'),
(355, 24, 'Beautician'),
(356, 24, 'Hair Stylist'),
(357, 24, 'Nail Technician'),
(358, 24, 'Cosmetologist'),
(359, 24, 'Salon Manager'),
(360, 24, 'Makeup Artist'),
(361, 24, 'Esthetician'),
(362, 24, 'Skin Care Specialist'),
(363, 24, 'Manicurist'),
(364, 24, 'Barber'),
(365, 25, 'Journalist'),
(366, 25, 'Copy Editor'),
(367, 25, 'Editor/Proofreader'),
(368, 25, 'Content Creator'),
(369, 25, 'Speechwriter'),
(370, 25, 'Communications Director'),
(371, 25, 'Screenwriter'),
(372, 25, 'Technical Writer'),
(373, 25, 'Columnist'),
(374, 25, 'Public Relations Specialist'),
(375, 25, 'Proposal Writer'),
(376, 25, 'Content Strategist'),
(377, 25, 'Grant Writer'),
(378, 25, 'Video Game Writer'),
(379, 25, 'Translator'),
(380, 25, 'Film Critic'),
(381, 25, 'Copywriter'),
(382, 25, 'Travel Writer'),
(383, 25, 'Social Media Specialist'),
(384, 25, 'Ghostwriter'),
(385, 26, 'Warehouse Worker'),
(386, 26, 'Painter'),
(387, 26, 'Truck Driver'),
(388, 26, 'Heavy Equipment Operator'),
(389, 26, 'Welding'),
(390, 26, 'Physical Therapy Assistant'),
(391, 26, 'Housekeeper'),
(392, 26, 'Landscaping Worker'),
(393, 26, 'Landscaping Assistant'),
(394, 26, 'Mover'),
(395, 27, 'Animal Breeder'),
(396, 27, 'Veterinary Assistant'),
(397, 27, 'Farm Worker'),
(398, 27, 'Animal Shelter Worker'),
(399, 27, 'Dog Walker / Pet Sitter'),
(400, 27, 'Zoologist'),
(401, 27, 'Animal Trainer'),
(402, 27, 'Service Dog Trainer'),
(403, 27, 'Animal Shelter Manager'),
(404, 27, 'Animal Control Officer'),
(405, 28, 'Delivery Driver'),
(406, 28, 'School Bus Driver'),
(407, 28, 'Truck Driver'),
(408, 28, 'Tow Truck Operator'),
(409, 28, 'UPS Driver'),
(410, 28, 'Mail Carrier'),
(411, 28, 'Recyclables Collector'),
(412, 28, 'Courier'),
(413, 28, 'Bus Driver'),
(414, 28, 'Cab Driver'),
(415, 29, 'Animal Shelter Board Member'),
(416, 29, 'Office Volunteer'),
(417, 29, 'Animal Shelter Volunteer'),
(418, 29, 'Hospital Volunteer'),
(419, 29, 'Youth Volunteer'),
(420, 29, 'Food Kitchen Worker'),
(421, 29, 'Homeless Shelter Worker'),
(422, 29, 'Conservation Volunteer'),
(423, 29, 'Meals on Wheels Driver'),
(424, 29, 'Habitat for Humanity Builder'),
(425, 29, 'Emergency Relief Worker'),
(426, 29, 'Red Cross Volunteer'),
(427, 29, 'Community Food Project Worker'),
(428, 29, 'Women’s Shelter Jobs'),
(429, 29, 'Suicide Hotline Volunteer'),
(430, 29, 'School Volunteer'),
(431, 29, 'Community Volunteer Jobs'),
(432, 29, 'Sports Volunteer'),
(433, 29, 'Church Volunteer'),
(434, 30, 'Archivist'),
(435, 30, 'Actuary'),
(436, 30, 'Architect'),
(437, 30, 'Personal Assistant'),
(438, 30, 'Entrepreneur'),
(439, 30, 'Security Guard'),
(440, 30, 'Mechanic'),
(441, 30, 'Recruiter'),
(442, 30, 'Mathematician'),
(443, 30, 'Locksmith'),
(444, 30, 'Management Consultant'),
(445, 30, 'Shelf Stocker'),
(446, 30, 'Caretaker or House Sitter'),
(447, 30, 'Library Assistant'),
(448, 30, 'Translator'),
(449, 30, 'HVAC Technician'),
(450, 30, 'Attorney'),
(451, 30, 'Paralegal'),
(452, 30, 'Executive Assistant'),
(453, 30, 'Personal Assistant'),
(454, 30, 'Bank Teller'),
(455, 30, 'Parking Attendant'),
(456, 30, 'Machinery Operator'),
(457, 30, 'Manufacturing Assembler'),
(458, 30, 'Funeral Attendant'),
(459, 30, 'Assistant Golf Professional'),
(460, 30, 'Yoga Instructor'),
(462, NULL, 'zzzz');

-- --------------------------------------------------------

--
-- Table structure for table `ch_job_tag`
--

CREATE TABLE `ch_job_tag` (
  `id` int(11) NOT NULL,
  `tags` varchar(256) NOT NULL,
  `type` varchar(6) NOT NULL COMMENT 's-skills,c-company,d-designations'
) ENGINE=MyISAM DEFAULT CHARSET=latin1;

--
-- Dumping data for table `ch_job_tag`
--

INSERT INTO `ch_job_tag` (`id`, `tags`, `type`) VALUES
(1, 'html', 's'),
(2, 'css', 's'),
(3, 'php', 's'),
(4, 'seo', 's'),
(5, 'smo', 's'),
(6, 'javascript', 's'),
(7, 'java', 's'),
(8, 'c', 's'),
(9, 'laravel', 's'),
(10, 'cake php', 's'),
(11, 'Ci company', 'c'),
(12, 'php team lead', 'd'),
(13, 'Ci company', 'c'),
(14, 'digital marketing manager', 'd'),
(15, 'Ci company', 'c'),
(16, 'manger', 'd');

-- --------------------------------------------------------

--
-- Table structure for table `ch_job_titile`
--

CREATE TABLE `ch_job_titile` (
  `jt_id` int(11) DEFAULT NULL,
  `title` varchar(38) CHARACTER SET utf8 DEFAULT NULL
) ENGINE=MyISAM DEFAULT CHARSET=latin1;

--
-- Dumping data for table `ch_job_titile`
--

INSERT INTO `ch_job_titile` (`jt_id`, `title`) VALUES
(1, 'Marketing  '),
(2, 'Business, Office, and Administrative  '),
(3, 'IT  '),
(4, 'Sales  '),
(5, 'Current Title Meaning'),
(6, 'Construction  '),
(7, 'Leadership '),
(8, 'Business Owner '),
(9, 'C-Level '),
(10, 'Positions in a Company'),
(11, 'Customer Service  '),
(12, 'Operations  '),
(13, 'Finance and Accounting  '),
(14, 'Engineering Business '),
(15, 'Cool  '),
(16, 'Researcher/Analyst Company '),
(17, 'Teacher '),
(18, 'Artistic '),
(19, 'Healthcare '),
(20, 'Hospitality '),
(21, 'Food Service Company '),
(22, 'Scientist Business '),
(23, 'On-the-Phone '),
(24, 'Counseling Business '),
(25, 'Cosmetology  '),
(26, 'Writing  '),
(27, 'Physical Labor '),
(28, 'Working With Animals'),
(29, 'Driving '),
(30, 'Volunteer Company '),
(30, 'Other');

-- --------------------------------------------------------

--
-- Table structure for table `ch_newsletter`
--

CREATE TABLE `ch_newsletter` (
  `nl_id` int(7) NOT NULL,
  `nl_name` varchar(250) COLLATE utf8_unicode_ci NOT NULL,
  `nl_email` varchar(100) COLLATE utf8_unicode_ci NOT NULL,
  `nl_date` datetime NOT NULL,
  `nl_status` tinyint(2) NOT NULL
) ENGINE=InnoDB DEFAULT CHARSET=utf8 COLLATE=utf8_unicode_ci;

--
-- Dumping data for table `ch_newsletter`
--

INSERT INTO `ch_newsletter` (`nl_id`, `nl_name`, `nl_email`, `nl_date`, `nl_status`) VALUES
(1, '', 'sreejith.g@ipfhr.com', '2017-04-03 21:02:21', 1),
(2, '', 'sandeep@wafiapps.com', '2017-04-04 03:34:15', 1),
(3, '', 'arjun@wafiapps.com', '2017-04-04 11:42:50', 1),
(4, '', 'anupjustine@gmail.com', '2017-04-04 11:58:46', 1);

-- --------------------------------------------------------

--
-- Table structure for table `ch_orders`
--

CREATE TABLE `ch_orders` (
  `ord_id` int(7) NOT NULL,
  `trans_id` int(7) NOT NULL,
  `emp_id` int(7) NOT NULL,
  `can_id` int(7) NOT NULL,
  `ord_product` varchar(200) NOT NULL,
  `ord_amt` double(8,2) NOT NULL,
  `ord_date` datetime NOT NULL
) ENGINE=InnoDB DEFAULT CHARSET=latin1;

--
-- Dumping data for table `ch_orders`
--

INSERT INTO `ch_orders` (`ord_id`, `trans_id`, `emp_id`, `can_id`, `ord_product`, `ord_amt`, `ord_date`) VALUES
(1, 103, 2, 0, 'Advanced', 45.00, '2016-01-26 12:23:51'),
(2, 104, 2, 0, 'Advanced', 450.00, '2016-01-26 12:42:51'),
(3, 104, 2, 0, 'Business', 94.00, '2016-01-26 12:42:51'),
(4, 129, 16, 0, 'Starter', 18.00, '2016-02-28 09:04:35'),
(5, 143, 0, 0, 'Starter', 5.00, '2017-03-03 21:57:42'),
(6, 143, 0, 0, 'Starter', 5.00, '2017-03-03 21:57:42'),
(7, 144, 0, 1, 'Starter', 5.00, '2017-03-03 22:02:08'),
(8, 146, 0, 613, 'Standard', 10.00, '2017-03-12 11:17:36'),
(9, 146, 0, 613, 'Platinum', 75.00, '2017-03-12 11:17:36'),
(10, 146, 0, 613, 'Premium', 25.00, '2017-03-12 11:17:36'),
(11, 147, 0, 613, 'Standard', 10.00, '2017-03-12 11:22:13'),
(12, 0, 0, 649, 'Professional CV services', 59.00, '2018-07-04 18:17:40'),
(13, 0, 0, 649, 'Professional CV services', 59.00, '2018-07-05 06:39:39'),
(14, 0, 0, 649, 'Professional CV services', 59.00, '2018-07-05 10:41:25'),
(15, 0, 0, 649, 'Professional CV services', 59.00, '2018-07-05 11:02:29'),
(16, 172, 0, 649, 'Professional CV services', 59.00, '2018-07-05 11:06:25'),
(17, 175, 0, 649, 'Professional CV services', 59.00, '2018-07-05 11:19:40'),
(18, 176, 0, 649, 'Professional CV services', 59.00, '2018-07-05 11:39:39'),
(19, 177, 0, 649, 'Professional CV services', 59.00, '2018-07-05 23:49:40'),
(20, 178, 0, 649, 'Professional CV services', 59.00, '2018-07-05 23:51:24'),
(21, 179, 0, 640, 'Professional CV services', 69.00, '2018-07-06 04:55:04'),
(22, 186, 0, 649, 'Management Aptitude Test', 29.00, '2018-07-20 00:50:15'),
(23, 186, 0, 649, 'General Aptitude Test', 47.00, '2018-07-20 00:50:15'),
(24, 187, 0, 640, 'General Aptitude Test', 18.00, '2018-07-21 06:47:12'),
(25, 193, 0, 1045, 'General Aptitude Test', 18.00, '2018-08-01 06:21:56'),
(26, 194, 0, 1045, 'General Aptitude Test', 18.00, '2018-08-01 06:24:02'),
(27, 211, 0, 770, 'Premium', 25.00, '2018-08-07 13:26:27');

-- --------------------------------------------------------

--
-- Table structure for table `ch_partners`
--

CREATE TABLE `ch_partners` (
  `pt_id` int(11) NOT NULL,
  `pt_fname` varchar(100) NOT NULL,
  `pt_lname` varchar(100) DEFAULT NULL,
  `pt_orgname` varchar(100) DEFAULT NULL,
  `pt_orgType` varchar(100) DEFAULT NULL,
  `pt_email` varchar(50) DEFAULT NULL,
  `pt_phone` varchar(20) DEFAULT NULL,
  `pt_staffCount` varchar(20) DEFAULT NULL,
  `pt_des` varchar(1000) DEFAULT NULL,
  `pt_status` tinyint(1) NOT NULL DEFAULT '1'
) ENGINE=InnoDB DEFAULT CHARSET=latin1;

--
-- Dumping data for table `ch_partners`
--

INSERT INTO `ch_partners` (`pt_id`, `pt_fname`, `pt_lname`, `pt_orgname`, `pt_orgType`, `pt_email`, `pt_phone`, `pt_staffCount`, `pt_des`, `pt_status`) VALUES
(1, 'df', 'fdgf', 'fdgf', 'Ecommerce', 'dfd@sdf.fd', '123456', '0-15', 'dsgfdgfd', 1),
(2, ' ', ' ', ' ', 'Auto Components', 'a@b.com', ' ', '16-40', '  ', 1),
(3, 'Saleem uddin', 'Faisal', 'DanOwa Group', 'Financial Services', 'danowagroup@gmail.com', '36683371', '0-15', '', 1);

-- --------------------------------------------------------

--
-- Table structure for table `ch_pricing`
--

CREATE TABLE `ch_pricing` (
  `pr_id` int(7) NOT NULL,
  `pr_encrypt_id` varchar(100) NOT NULL,
  `pr_name` varchar(50) NOT NULL,
  `pr_orginal` double(8,2) NOT NULL,
  `pr_offer` double(8,2) NOT NULL,
  `pr_type` tinyint(2) NOT NULL DEFAULT '1' COMMENT '1=monthly,2=annual',
  `peried` int(11) NOT NULL,
  `pr_limit` int(5) NOT NULL,
  `cp_max_ex` int(10) DEFAULT NULL,
  `pr_cvno` int(5) NOT NULL,
  `pr_notify` varchar(50) NOT NULL COMMENT 'Popular, etc',
  `exprence_level` varchar(50) DEFAULT NULL,
  `pr_status` tinyint(2) NOT NULL DEFAULT '1'
) ENGINE=InnoDB DEFAULT CHARSET=latin1;

--
-- Dumping data for table `ch_pricing`
--

INSERT INTO `ch_pricing` (`pr_id`, `pr_encrypt_id`, `pr_name`, `pr_orginal`, `pr_offer`, `pr_type`, `peried`, `pr_limit`, `cp_max_ex`, `pr_cvno`, `pr_notify`, `exprence_level`, `pr_status`) VALUES
(4, '0e1ea334ea26cbedb6df7e66e8c8015d', 'Senior Level', 800.00, 500.00, 1, 60, 5, 1, 5, '', '1-1 years', 1),
(5, 'EMP_7c39bca07c7cb08167b6d9ee9b0a884d', 'Free Trial', 0.00, 0.00, 1, 30, 4, 5, 5, '', '1-5 years', 1),
(6, 'EMP_66c8d48e98b13807346cb09be277fd57', 'Special Package', 1000.00, 900.00, 1, 60, 16, NULL, 20, '', '- years', 1);

-- --------------------------------------------------------

--
-- Table structure for table `ch_pricing_09042017`
--

CREATE TABLE `ch_pricing_09042017` (
  `pr_id` int(7) NOT NULL,
  `pr_encrypt_id` varchar(100) NOT NULL,
  `pr_name` varchar(50) NOT NULL,
  `pr_orginal` double(8,2) NOT NULL,
  `pr_offer` double(8,2) NOT NULL,
  `pr_type` tinyint(2) NOT NULL DEFAULT '1' COMMENT '1=monthly,2=annual',
  `pr_limit` int(5) NOT NULL,
  `pr_cvno` int(5) NOT NULL,
  `pr_notify` varchar(50) NOT NULL COMMENT 'Popular, etc',
  `pr_status` tinyint(2) NOT NULL DEFAULT '1'
) ENGINE=InnoDB DEFAULT CHARSET=latin1;

--
-- Dumping data for table `ch_pricing_09042017`
--

INSERT INTO `ch_pricing_09042017` (`pr_id`, `pr_encrypt_id`, `pr_name`, `pr_orginal`, `pr_offer`, `pr_type`, `pr_limit`, `pr_cvno`, `pr_notify`, `pr_status`) VALUES
(1, '2c946d595a3f573facffd9938f2aad7d', 'Starter', 25.00, 18.00, 1, 1, 20, '', 1),
(2, '92b97aeeee65867da0d0c39c7ac4eb68', 'Advanced', 60.00, 45.00, 1, 3, 50, 'Most popular', 1),
(3, '0e1ea334ea26cbedb6df7e66e8c8015d', 'Business', 120.00, 94.00, 1, 5, 100, '', 1),
(4, 'a9421c4b606c002b73224c39b410bc8b', 'Pro', 230.00, 185.00, 1, 10, 250, '', 1),
(5, '08d77a2037957bda1f41bd367a2107ac', 'Starter', 228.00, 180.00, 2, 12, 240, '', 1),
(6, '523068c34e27ac537919546ea98c7db7', 'Advanced', 576.00, 450.00, 2, 36, 500, '', 1),
(7, '98b23032e0af8000e76471e740902b35', 'Business', 1188.00, 940.00, 2, 60, 750, 'Most popular', 1),
(8, 'cfbfe4547fabaf558eba4e29865c0af7', 'Pro', 2280.00, 1850.00, 2, 120, 1000, '', 1);

-- --------------------------------------------------------

--
-- Table structure for table `ch_pricing_30092016`
--

CREATE TABLE `ch_pricing_30092016` (
  `pr_id` int(7) NOT NULL,
  `pr_name` varchar(50) NOT NULL,
  `pr_orginal` double(8,2) NOT NULL,
  `pr_offer` double(8,2) NOT NULL,
  `pr_type` tinyint(2) NOT NULL DEFAULT '1' COMMENT '1=monthly,2=annual',
  `pr_limit` int(5) NOT NULL,
  `pr_cvno` int(5) NOT NULL,
  `pr_notify` varchar(50) NOT NULL COMMENT 'Popular, etc',
  `pr_status` tinyint(2) NOT NULL DEFAULT '1'
) ENGINE=InnoDB DEFAULT CHARSET=latin1;

--
-- Dumping data for table `ch_pricing_30092016`
--

INSERT INTO `ch_pricing_30092016` (`pr_id`, `pr_name`, `pr_orginal`, `pr_offer`, `pr_type`, `pr_limit`, `pr_cvno`, `pr_notify`, `pr_status`) VALUES
(1, 'Premium', 18.00, 10.00, 1, 1, 20, '', 1),
(2, 'Premium', 210.00, 120.00, 2, 12, 240, '', 1);

-- --------------------------------------------------------

--
-- Table structure for table `ch_profile`
--

CREATE TABLE `ch_profile` (
  `profile_id` int(7) NOT NULL,
  `jobid` int(7) NOT NULL,
  `name` varchar(150) NOT NULL,
  `phone` varchar(100) NOT NULL,
  `email` varchar(100) NOT NULL,
  `gender` varchar(25) NOT NULL,
  `location` varchar(100) NOT NULL,
  `country` varchar(150) NOT NULL,
  `job_function` varchar(250) NOT NULL,
  `skills` varchar(1000) NOT NULL,
  `match_skills` varchar(1000) NOT NULL,
  `job_industry` varchar(250) NOT NULL,
  `education` varchar(250) NOT NULL,
  `curr_company` varchar(250) NOT NULL,
  `tot_exp` varchar(50) NOT NULL,
  `rating` float NOT NULL,
  `personid` varchar(100) NOT NULL,
  `status` tinyint(2) NOT NULL DEFAULT '1',
  `resumepath` varchar(1000) NOT NULL,
  `date_of_creation` int(11) NOT NULL,
  `last_updated` int(11) NOT NULL,
  `download_status` tinyint(2) NOT NULL DEFAULT '0' COMMENT '0=no, 1=yes',
  `download_date` datetime NOT NULL DEFAULT '0000-00-00 00:00:00'
) ENGINE=InnoDB DEFAULT CHARSET=latin1;

--
-- Dumping data for table `ch_profile`
--

INSERT INTO `ch_profile` (`profile_id`, `jobid`, `name`, `phone`, `email`, `gender`, `location`, `country`, `job_function`, `skills`, `match_skills`, `job_industry`, `education`, `curr_company`, `tot_exp`, `rating`, `personid`, `status`, `resumepath`, `date_of_creation`, `last_updated`, `download_status`, `download_date`) VALUES
(694, 421114, 'R j vijayakumar diploma', '91-7667207284', 'rjvijayakumardae@gmail.com', 'Not Set', 'Thanjavur', 'India', ' Support, Sales', ' Vehicles, Automobile, Following Up, Management, Workshop, Training, Water, Gmail, COM, Sales, Automotive, Warranty, PDI, Inspection, HCV, Fleet Management, Testing, Autodesk AutoCAD, Education, CTI, System Deployment, Procurement, MIS, Planning, GPS, SAP, Parts, Autodesk Inventor, Road, Customer Satisfaction, Logistics, Quality Assurance, Quality Control, Policy, RF, FMS, DCM', ' Sales for , Parts for , Automotive for ', 'Glass/Ceramics/Concrete', 'Not Set', 'PURION DISTILLED WATER PVT LTD, CHENNAI.', '36', 5, '56e3285fe4b0c1466b15852e', 1, 'hwresume/56e3285fe4b0c1466b15852e.docx', 2147483647, 1462731870, 1, '2016-05-21 19:43:41'),
(695, 421114, 'Http', '966-501313171', 'alkhalaify@hotmail.com', 'male', 'Jeddah', 'Saudi Arabia', ' Operations', ' Marketing, Management, Education, COM, Fax, Training, LESS', ' Sales for , Automotive for ', 'Automotive', 'Not Set', 'Education Bab for Consultancy Services Education', '31', 4.59, '56e64bd2e4b0366ad6a335bc', 1, 'hwresume/56e64bd2e4b0366ad6a335bc.docx', 2147483647, 1462731870, 0, '0000-00-00 00:00:00'),
(696, 421114, 'Robin jose', '971-556352690', 'robinjose8888@gmail.com', 'female', 'Dubai', 'United Arab Emirates', ' Operations, Support', ' Sales, Education, Fax, Web Application, null, Marketing, AED, Automobile, Merchandising, Selling, LESS', ' Sales for , Automotive for ', 'Automotive', 'Not Set', 'Not Set', '97', 4.56, '56e92359e4b0cef64a9a7909', 1, 'hwresume/56e92359e4b0cef64a9a7909.docx', 2147483647, 1462731870, 1, '2016-05-21 19:57:58'),
(697, 421114, 'M sudhindra', '968-95257165', 'poirotsudhi@yahoo.com', 'male', 'Muscat', 'Oman', ' Operations, Sales', ' Sales, Management, null, Automobile, Communication, Training, Road, LLC, Front Office, Fleet Management, Vehicles, Retail, Loans, Finance, Budgeting, Lubricants, Leases, Business Strategy, Planning, Payments, Credit, C', ' Sales for , Automotive for ', 'Automotive', 'Master, Business administration', 'Towell Auto Centre LLC', '48', 4.56, '56f11799e4b0852e05eee194', 1, 'hwresume/56f11799e4b0852e05eee194.docx', 2147483647, 1462731870, 0, '0000-00-00 00:00:00'),
(698, 421149, 'A hmed moustafa', '2012-03-23', 'ahmedmoustafa82@hotmail.com', 'Not Set', 'Dubai', 'United Arab Emirates', ' Support, Sales', ' Automotive, Workshop, Training, Technical Support, Sales, Product Knowledge, COM, Parts, CSI, Utilization, Warranty, Documentation, Mystery Shopping, Planning, Aftersales, Vehicles, LESS, Programming, Communication, Electronics', ' toyota for ', 'Automotive', 'Bachelor of Engineering/Technology', 'agmc', '60', 4.47, '56e33493e4b0c1466b158be1', 1, 'hwresume/56e33493e4b0c1466b158be1.docx', 2147483647, 1463910721, 0, '0000-00-00 00:00:00'),
(699, 421149, 'Mohammed abdulla khan', 'Not Set', 'khanjacs@gmail.com', 'male', 'Jeddah', 'Saudi Arabia', ' Sales', ' Sales, Marketing, null, Strategic planning, Automotive, Education, Fax, Advertising, Web Application, HTTP, Www, Communication, Management, DAO, LESS, Wholesale, Retail, Product management, Pricing, Product Knowledge, Branding, Finance, System Deployment, Supply Chain, Procurement, Inventory Control, Autodesk Inventor, Vendor Management, Sourcing, Cycle Time Reduction, Integration, Planning, Go, DMC, CV', ' toyota for ', 'Automotive', 'Master, Business administration', 'Automotive', '60', 4.47, '56e91f93e4b0cef64a9a7570', 1, 'hwresume/56e91f93e4b0cef64a9a7570.docx', 2147483647, 1463910721, 0, '0000-00-00 00:00:00'),
(700, 421149, 'Anwar ali khan', '971-504559598', 'anwar.khan@alfuttaim.ae', 'male', 'Not Set', 'Not Set', ' Sales', ' Sales, Trading, Training, Automotive, Planning, Air Compressors, Budgeting, Theory, Cycling, Water, German, Adobe Integrated Runtime, Jigs, Air Conditioning', ' toyota for ', 'Automotive', 'Diploma', 'AL FUTTAIM MOTORS', '60', 4.47, '56efe6cde4b096f6dd3af184', 1, 'hwresume/56efe6cde4b096f6dd3af184.docx', 2147483647, 1463910721, 0, '0000-00-00 00:00:00'),
(701, 421149, 'Syed tabish ali', '966-535448053', 'stali1985@gmail.com', 'male', 'mumbai', 'India', ' Sales', ' Sales, Vehicles, Coordination, Automobile, Transportation, Luxury, null, Policy, Swift, Management, FTR, MRV, Options, Marketing, Pricing, Logistics, business analysis, Sales Operations, SAP SD, BASIC, Shipping, qt, Sales Presentations, Education, Relationship Building, Utilities, Ownership, Invoicing, Administration, Finance, GMC, Buyers, Sales Management, Publications', ' toyota for ', 'Automotive', 'Master, Business administration', 'Not Set', '60', 4.47, '56e378f0e4b0c1466b15b06c', 1, 'hwresume/56e378f0e4b0c1466b15b06c.docx', 2147483647, 1463910721, 0, '0000-00-00 00:00:00'),
(702, 421149, 'Mohammed turab arif', 'Not Set', 'Not Set', 'male', 'Not Set', 'Not Set', ' Sales', ' Sales, Automobile, Payments, Loans, Finance, Inspection, Road, Following Up, Education, BSC, GCC, Retail Sales, Marketing, Customer Service, Team Building', ' toyota for ', 'Automotive', 'Master, Business administration', 'Al Tayer Motors', '72', 4.47, '56ef9dc2e4b096f6dd3ae9ce', 1, 'hwresume/56ef9dc2e4b096f6dd3ae9ce.docx', 2147483647, 1463910721, 0, '0000-00-00 00:00:00'),
(703, 421149, ': asst', 'Not Set', 'Not Set', 'Not Set', 'Not Set', 'Not Set', ' Sales, ', ' Sales, Marketing, Automobile, GCC, Fertilizers, Payments, Education', ' toyota for ', 'Automotive', '10th', '13 years', '72', 4.47, '56e304aee4b0c1466b157165', 1, 'hwresume/56e304aee4b0c1466b157165.docx', 2147483647, 1463910721, 0, '0000-00-00 00:00:00'),
(704, 421149, ': asst', 'Not Set', 'Not Set', 'Not Set', 'Not Set', 'Not Set', ' Sales, ', ' Sales, Marketing, Automobile, GCC, Fertilizers, Payments, Education', ' toyota for ', 'Automotive', '10th', '13 years', '72', 4.47, '56e3047de4b0c1466b157143', 1, 'hwresume/56e3047de4b0c1466b157143.docx', 2147483647, 1463910721, 0, '0000-00-00 00:00:00'),
(705, 421149, ': asst', 'Not Set', 'Not Set', 'Not Set', 'Not Set', 'Not Set', ' Sales', ' Sales, Payments, Loans, Finance, Road, Following Up, Education, BSC, GCC, Retail Sales, Marketing, Customer Service, Team Building, Automobile', ' toyota for ', 'Automotive', 'Master, Business administration', 'Al Tayer Motors', '72', 4.47, '56f3c712e4b0e691de36e638', 1, 'hwresume/56f3c712e4b0e691de36e638.docx', 2147483647, 1463910721, 0, '0000-00-00 00:00:00'),
(706, 421149, 'Hashif basheer', 'Not Set', 'hashifbasheer@hotmail.com', 'male', 'Holder', 'Oman', ' Marketing, Sales', ' Sales, Marketing, Customer Service, Business, Sales Presentations', ' toyota for ', 'Automotive', 'Master, Business administration', 'career growth', '48', 4.47, '56efe75fe4b096f6dd3af1ed', 1, 'hwresume/56efe75fe4b096f6dd3af1ed.docx', 2147483647, 1463910721, 0, '0000-00-00 00:00:00'),
(707, 421149, 'Neha bhavik nayak', '91-9898360300', 'neha.b.nayak@gmail.com', 'female', 'ahmedabad', 'India', ' , Sales', ' Automobile, C, Gmail, COM, Business, Retail, Selling, Sales, Utilization, Brokers, Marketing', ' toyota for ', 'Automotive', 'Not Set', 'DC design Pvt.Ltd', '72', 4.47, '56e2c9a6e4b060af97f5129b', 1, 'hwresume/56e2c9a6e4b060af97f5129b.docx', 2147483647, 1463910721, 1, '2016-05-22 14:18:56'),
(708, 421149, 'Samuel blackburn', '971-506525129', 'samblackburn2008@googlemail.com', 'male', 'Blackburn', 'United States', ' Sales', ' null, Sales, Training, Finance, RTI, Selling, Insurance, Scheme, Management, Customer Satisfaction, Classroom, Coaching, Marketing, Budgets', ' toyota for ', 'Automotive', 'Not Set', 'Supplies (ETA Star Group)', '72', 4.47, '56f395bee4b0e691de36cae4', 1, 'hwresume/56f395bee4b0e691de36cae4.docx', 2147483647, 1463910721, 0, '0000-00-00 00:00:00'),
(709, 421149, 'Devathi srinivas', '37776709', 'srinivasdevathiame@gmail.com', 'male', 'Gulf', 'United States', ' Sales', ' Gmail, COM, Sales, Trading, Construction, Finance, Marketing, BSC, Assurance, Database, Communication, Selling, ISO 9001, Manufacturing, Loss Prevention, Quality System, Administration', ' toyota for ', 'Automotive', 'Not Set', 'Not Set', '60', 4.47, '56fcdf50e4b055584172ca3d', 1, 'hwresume/56fcdf50e4b055584172ca3d.docx', 2147483647, 1463910721, 0, '0000-00-00 00:00:00'),
(710, 421149, 'Hamdan', '050 9109959', 'Not Set', 'male', 'Dubai', 'United Arab Emirates', ' Sales, Human Resources', ' Sales, Marketing, Finance, Retail Sales, Business, Education, SRM, Trading, Financial analysis, Advertising, Presentations, Appraisals, Vehicles, Healthcare, Branding', ' toyota for ', 'Automotive', 'Not Set', 'Ali & Sons', '72', 4.47, '56e361aae4b0c1466b15a437', 1, 'hwresume/56e361aae4b0c1466b15a437.docx', 2147483647, 1463910721, 0, '0000-00-00 00:00:00'),
(711, 421149, 'Presently i', 'Not Set', 'anirudhadhote@rediffmail.com', 'Not Set', 'Nashik', 'India', ' Sales, Business Analysis', ' Trading, Planning, Parts, Vehicles, Insurance, Road, Warranty, Training, Scheduling, Utilization, Sales, Production Planning, Assembly, Testing, Customer Satisfaction, Policy, Irrigation, Quality Control, Manufacturing, Purchase Management, Procurement, ISO 9000, Budgets', ' toyota for ', 'Automotive', 'Not Set', 'Guide service marketing dept. for generating ', '60', 4.47, '570cd756e4b0808395ca2759', 1, 'hwresume/570cd756e4b0808395ca2759.docx', 2147483647, 1463910721, 0, '0000-00-00 00:00:00'),
(712, 421149, 'Irfan ilahi khan', '971-565823343', 'irfanilahi_012@yahoo.co.in', 'male', 'Bur Dubai', 'United Arab Emirates', ' Sales', ' Planning, null, Training, Sales, Forecasting, Retail, Team Management, Hiring, Scheme, Branding, Merchandising, Apartments, Marketing', ' toyota for ', 'Automotive', 'Not Set', 'Not Set', '72', 4.47, '56f282e6e4b0a3249dc01001', 1, 'hwresume/56f282e6e4b0a3249dc01001.docx', 2147483647, 1463910721, 0, '0000-00-00 00:00:00'),
(713, 421149, 'Kiran k p', '91-9446364999', 'kiran.kkp@gmail.com', 'male', 'Not Set', 'Not Set', ' Sales, Human Resources', ' Sales, CSI, Planning, Training, Analysis, Automotive, Analytics, Japanese, TMAP, BASIC, Marketing, Kaizen, Parts, TSM, PDCA, Team Building', ' toyota for ', 'Automotive', 'Not Set', 'Toyota Kirloskar Motor Pvt Ltd, Bangalore', '60', 4.47, '56efec02e4b0b5408f70f255', 1, 'hwresume/56efec02e4b0b5408f70f255.docx', 2147483647, 1463910721, 0, '0000-00-00 00:00:00'),
(714, 421149, 'Manish makhija', '91-9711557769', 'meetmakhija_19@yahoo.com', 'male', 'New Delhi', 'India', ' Sales', ' C, Road, COM, Sales Management, Administration, Product Development, Planning, Management, Marketing, Sales, Presentations, Analysis', ' toyota for ', 'Automotive', '12th', 'Ark Koncept', '72', 4.47, '56fcee60e4b055584172d205', 1, 'hwresume/56fcee60e4b055584172d205.docx', 2147483647, 1463910721, 0, '0000-00-00 00:00:00'),
(715, 421149, 'Mohammed maktari', '971-504502661', 'maktari@emirates.net.ae', 'male', 'Dubai', 'United Arab Emirates', ' Sales, Business Analysis', ' Automotive, .NET, Sales, Marketing, Strategic planning, Planning, Marketing strategy, Aftersales, Leadership, Lotus Notes, Access', ' toyota for ', 'Automotive', 'Bachelor of Engineering/Technology', 'Not Set', '72', 4.47, '56f114e3e4b0852e05eedfaf', 1, 'hwresume/56f114e3e4b0852e05eedfaf.docx', 2147483647, 1463910721, 0, '0000-00-00 00:00:00'),
(716, 421149, 'Sreejith s menon', 'Not Set', 'sreejithdxbmenon@gmail.com', 'Not Set', 'Holder', 'Oman', ' Business Analysis, Sales', ' Automobile, Cricket, Driving, Leadership, Communication Skills, Automotive', ' toyota for ', 'Automotive', 'Not Set', 'Al Ghandi Automotive Group, Dubai', '60', 4.47, '56f11778e4b0852e05eee172', 1, 'hwresume/56f11778e4b0852e05eee172.docx', 2147483647, 1463910721, 1, '2016-05-22 09:55:03'),
(717, 421149, 'Vindeshwar', 'Not Set', 'Not Set', 'Not Set', 'Not Set', 'Not Set', ' Sales', ' Parts, GCC, Training, FMS, Inventory Management, Management, Warehouse Management, Education, Stock Management, Layout, Coordination, Sales, Autodesk Inventor, Security, BASIC, Quality Control, BSC', ' toyota for ', 'Automotive', 'MS', 'AL Enterprises', '48', 4.47, '56e2b26ce4b060af97f50178', 1, 'hwresume/56e2b26ce4b060af97f50178.docx', 2147483647, 1463910721, 0, '0000-00-00 00:00:00'),
(718, 421149, 'Vindeshwar viwakarama', 'Not Set', 'Not Set', 'Not Set', 'Not Set', 'Not Set', ' Sales', ' Parts, GCC, Training, FMS, Inventory Management, Management, Warehouse Management, Education, Stock Management, Layout, Coordination, Autodesk Inventor, Security, BASIC, Sales, Quality Control, BSC', ' toyota for ', 'Automotive', 'MS', 'AL Enterprises', '48', 4.47, '56ef99e0e4b096f6dd3ae8c4', 1, 'hwresume/56ef99e0e4b096f6dd3ae8c4.docx', 2147483647, 1463910721, 0, '0000-00-00 00:00:00'),
(719, 421149, 'Vindeshwar', 'Not Set', 'Not Set', 'Not Set', 'Not Set', 'Not Set', ' Sales', ' FMS, Training, Inventory Management, Stock Management, Management, Parts, Sales, Warehouse Management, Education, Autodesk Inventor, MIS, BASIC, Coordination, GCC, BSC, Layout, Siebel, Record Keeping', ' toyota for ', 'Automotive', 'MS', 'Sarab Co', '48', 4.47, '56e36963e4b0c1466b15a863', 1, 'hwresume/56e36963e4b0c1466b15a863.docx', 2147483647, 1463910721, 0, '0000-00-00 00:00:00'),
(720, 421149, 'Vindeshwar', 'Not Set', 'Not Set', 'Not Set', 'Dubai', 'United Arab Emirates', ' Sales', ' Sales, Loans, GCC, Retail Banking, Finance, Training, Axis, MIS, Banking, Microsoft Excel, Microsoft PowerPoint, Outlook, Microsoft Word, LLC, Management, Sales Operations, Credit Cards, networking, Database', ' toyota for ', 'Automotive', 'Diploma', 'Emirates NBD Bank', '72', 4.47, '56fb9c7de4b07d84968e82c3', 1, 'hwresume/56fb9c7de4b07d84968e82c3.docx', 2147483647, 1463910721, 0, '0000-00-00 00:00:00'),
(721, 421149, 'Ramy elemam', 'Not Set', 'ramyelemam@outlook.com', 'male', 'Toyota', 'Japan', ' Sales', ' Sales, Education, COM', ' toyota for ', 'Automotive', 'Not Set', 'United Arab Emirates', '45', 4.33, '571e2cc6e4b0b260e16c59b2', 1, 'hwresume/571e2cc6e4b0b260e16c59b2.docx', 2147483647, 1463910721, 0, '0000-00-00 00:00:00'),
(722, 421149, 'A ndro abdalla', 'Not Set', 'andrew_magdi1000@yahoo.com', 'male', 'Moreno Valley', 'United States', ' Sales, Business Analysis', ' Sales, COM, Automotive, Pyramid, Transportation, VW, Equipment Maintenance, Parts, Appraisals, Manufacturing', ' toyota for ', 'Automotive', 'Diploma', 'Jiffy Lube', '60', 4, '56fcd7d1e4b055584172c679', 1, 'hwresume/56fcd7d1e4b055584172c679.docx', 2147483647, 1463910721, 1, '2016-05-22 14:18:08'),
(723, 421149, 'Belbin k samuel', '860942449', 'belbinsamuel13@yahoo.com', 'male', 'Not Set', 'Not Set', ' Sales', ' Sales, Road, Management, Driving, IELTS, Publications, COM, Policy, Marketing, Operating Systems, Windows, DOS, Microsoft Excel, Microsoft PowerPoint, Microsoft Word, Football, Singing, Guitar', ' toyota for ', 'Automotive', 'Master, Business administration', 'Toyota Motor Corporation', '72', 4, '56fcdabbe4b055584172c811', 1, 'hwresume/56fcdabbe4b055584172c811.docx', 2147483647, 1463910721, 0, '0000-00-00 00:00:00'),
(724, 421149, 'Dinu k r', '056-2856286', 'dinukr14@gmail.com', 'Not Set', 'Dubai', 'United Arab Emirates', ' Sales', ' Sales, Vehicles, Appraisals, Buyers, Advertising, Ownership, R, Gmail, COM, Automobile, Retail, Communication', ' toyota for ', 'Automotive', 'Diploma', 'India', '71', 4, '56e2e07be4b060af97f51ed7', 1, 'hwresume/56e2e07be4b060af97f51ed7.docx', 2147483647, 1463910721, 0, '0000-00-00 00:00:00'),
(725, 421149, 'Mohamed fouda mohamed', '974-33077233', 'mohamed_fouda81@hotmail.com', 'male', 'Doha', 'Qatar', ' , Sales', ' Sales, Retail Sales, Customer Satisfaction, Training, Automobile, Vehicles, COM', ' toyota for ', 'Automotive', 'Not Set', 'Not Set', '60', 4, '56e37e01e4b0c1466b15b2ef', 1, 'hwresume/56e37e01e4b0c1466b15b2ef.docx', 2147483647, 1463910721, 0, '0000-00-00 00:00:00'),
(726, 421149, 'I ldar gazizyanov', '971-553593918', 'gazizyanov.ildar@mail.ru', 'Not Set', 'Dubai', 'United Arab Emirates', ' Sales, Support', ' HTTP, Parts, Sales, LDAR, Russian, null, Driving, Korean, Japanese, Automobile, Cold calling, Shipping, Coordination, LLC, Customer Service, Leadership, Customer Satisfaction, Analytics, Planning, Project management, Management, Following Up, Autodesk Inventor', ' toyota for ', 'Automotive', 'Not Set', 'Not Set', '62', 4, '56e30f32e4b0c1466b157757', 1, 'hwresume/56e30f32e4b0c1466b157757.docx', 2147483647, 1463910721, 0, '0000-00-00 00:00:00'),
(727, 421149, 'Mohamed riyaz', 'Not Set', 'riyazmohamed89@gmail.com', 'male', 'Arab', 'United Arab Emirates', ' Support, Sales', ' Education, Sales, Automotive, Marketing, LESS, Research', ' toyota for ', 'Automotive', 'Master, Business administration', ' Telecommunications', '37', 3.93, '5720d4a4e4b08773b77953ec', 1, 'hwresume/5720d4a4e4b08773b77953ec.docx', 2147483647, 1463910721, 0, '0000-00-00 00:00:00'),
(728, 421149, 'Syed mohammed shaheen adeeb', 'Not Set', 'adeeb22@emirates.net.ae', 'male', 'Karachi', 'Pakistan', ' Sales, Marketing', ' Management, Direct Sales, Market research, Planning, Sales, .NET, Education, Economics, Accounting, Communication, Business, Coordination, Selling, Marketing, Boat, Heavy Equipment', ' toyota for ', 'Automotive', 'Not Set', 'Modern Motors Pvt. Ltd', '36', 3.87, '56f1173ae4b0852e05eee138', 1, 'hwresume/56f1173ae4b0852e05eee138.docx', 2147483647, 1463910721, 0, '0000-00-00 00:00:00'),
(729, 421149, 'Rizwan akhtar', '050-8696048', 'rizwan.moughal@gmail.com', 'male', 'Lahore', 'Pakistan', ' Sales, Entrepreneur', ' Sales, null, Vehicles, Trading, Documentation, Insurance, Gmail, COM, Driving, Customer Service, Negotiation, SNAP', ' toyota for ', 'Automotive', 'Master, Business administration', 'Not Set', '36', 3.87, '56e2e1a0e4b060af97f51f53', 1, 'hwresume/56e2e1a0e4b060af97f51f53.docx', 2147483647, 1463910721, 1, '2016-05-22 09:57:02'),
(730, 421149, 'Rajith kannora bhaskaran', '07559088682', 'rajithkb@rediffmail.com', 'male', 'Ernakulam', 'India', ' Sales', ' Automobile, Customer Service, Sales, Scheme, Planning, null, Payments, Credit, Parts, Lubricants, Road, Cell, COM', ' toyota for ', 'Automotive', '10th', 'AUTOZONE LLC', '36', 3.87, '56e31c4ce4b0c1466b157ecc', 1, 'hwresume/56e31c4ce4b0c1466b157ecc.docx', 2147483647, 1463910721, 0, '0000-00-00 00:00:00'),
(731, 421149, 'R j vijayakumar diploma', '91-7667207284', 'rjvijayakumardae@gmail.com', 'Not Set', 'Not Set', 'Not Set', ' Support, Sales', ' Vehicles, Automobile, Following Up, Management, Workshop, Training, Water, Gmail, COM, Sales, Automotive, Warranty, PDI, Inspection, HCV, Fleet Management, Testing, Autodesk AutoCAD, Education, CTI, System Deployment, Procurement, MIS, Planning, GPS, SAP, Parts, Autodesk Inventor, Road, Customer Satisfaction, Logistics, Quality Assurance, Quality Control, Policy, RF, FMS, DCM', ' toyota for ', 'Glass/Ceramics/Concrete', 'Not Set', 'PURION DISTILLED WATER PVT LTD, CHENNAI.', '36', 3.87, '56e3285fe4b0c1466b15852e', 1, 'hwresume/56e3285fe4b0c1466b15852e.docx', 2147483647, 1463910721, 0, '0000-00-00 00:00:00'),
(732, 421149, 'Lakshmanan srinivasan', '973-36050733', 'Not Set', 'male', 'Toyota', 'Bahrain', ' Operations, Sales', ' Sales, Business', ' toyota for ', 'Automotive', 'Not Set', 'Tenaga', '36', 3.87, '56f113b7e4b0852e05eedefc', 1, 'hwresume/56f113b7e4b0852e05eedefc.docx', 2147483647, 1463910721, 0, '0000-00-00 00:00:00'),
(733, 421149, 'Bruce hancock', '91-1452534794', 'hancockbruce@ymail.com', 'male', 'Hancock', 'United States', ' Sales, Operations', ' Education, Training, COM, Advertising, Management, Marketing, Driving, Product Development, Leadership, Microsoft Excel, Negotiation, CSI, Parts, Recruiting, Policy, Sales, Product Marketing, Team Leadership, Key Account Management, Budgeting, Project management, Mediation', ' toyota for ', 'Automotive', 'Not Set', 'Not Set', '60', 3.69, '56f3ab76e4b0e691de36d8f8', 1, 'hwresume/56f3ab76e4b0e691de36d8f8.docx', 2147483647, 1463910721, 1, '2016-05-22 14:54:39'),
(734, 421149, 'Furqan muhammad khan', '92-3333302915', 'furqan.khan82@yahoo.com', 'male', 'Dubai', 'United Arab Emirates', ' Marketing, Sales', ' GCC, COM, Marketing, Sales, Lunch, Urdu', ' toyota for ', 'Automotive', 'Bachelor, Commerce', 'Toyota - Indus Motor Co.', '48', 3.69, '56f3a454e4b0e691de36d4ec', 1, 'hwresume/56f3a454e4b0e691de36d4ec.docx', 2147483647, 1463910721, 0, '0000-00-00 00:00:00'),
(735, 421149, 'Jayaram j r', '91-8973369910', 'jramrv@yahoo.co.in', 'male', 'Dindigul', 'India', ' Sales, Marketing', ' Planning, Marketing, Automotive, LLC, Management, Sales, Vehicles, Selling, Parts, R, TPM, Analysis, Job Analysis, Scheduling, Retail, Insurance, CNC, Automobile, Manufacturing, Drums, CNC Machine, Drilling, Programming, Road, Construction, Quality Control, Water, Assembly, Training', ' toyota for ', 'Automotive', 'Diploma', 'Magnum Motors', '29', 3.48, '56fcea99e4b055584172cffd', 1, 'hwresume/56fcea99e4b055584172cffd.docx', 2147483647, 1463910721, 0, '0000-00-00 00:00:00'),
(736, 421149, 'I am appending', '07-11-2015', 'chrisjoe187@gmail.com', 'Not Set', 'Dubai', 'United Arab Emirates', ' Sales', ' Sales, Automobile, Marketing, Problem Solving, Hotels, Coordination, Insurance', ' toyota for ', 'Automotive', 'Diploma', 'AW ROSTAMANI GROUP', '24', 3.16, '56f139ebe4b0852e05eeeca1', 1, 'hwresume/56f139ebe4b0852e05eeeca1.docx', 2147483647, 1463910721, 0, '0000-00-00 00:00:00'),
(737, 421149, 'Ayananta bhusan bhattacharya', '968-24476878', 'ayananta@yahoo.com', 'Not Set', 'Muscat', 'Oman', ' Business Analysis, Sales', ' Gas, Packaging, COM, Sales, Www, Automobile, Team Building, Marketing, Workshops, Railway, Oxygen, Pipelines, Management, Construction, Trading, Pricing, Parts, Vehicles, Planning, Rig, PLC', ' toyota for ', 'Automotive', 'Bachelor of Engineering/Technology', 'Not Set', '24', 3.16, '56fcd9b8e4b055584172c798', 1, 'hwresume/56fcd9b8e4b055584172c798.docx', 2147483647, 1463910721, 0, '0000-00-00 00:00:00'),
(738, 421149, 'Sidney barreto', 'Not Set', 'sidneybarreto@yahoo.co.in', 'male', 'Sidney', 'United States', ' Sales', ' Sales, Automotive, Customer Satisfaction, Customer Retention, Autodesk Inventor, Automobile, Sales Operations, Kaizen, Parts, Education, Fax, Problem Solving, Time Management, Customer Service, LESS', ' toyota for ', 'Automotive', 'Not Set', 'Automotive', '24', 3.16, '56e91db1e4b0cef64a9a736e', 1, 'hwresume/56e91db1e4b0cef64a9a736e.docx', 2147483647, 1463910721, 0, '0000-00-00 00:00:00'),
(739, 421149, 'Sanjeev bidari', '968-24617022', 'sanjeev.bidari@gmail.com', 'male', 'Muscat', 'Oman', ' Operations, Sales', ' Automotive, Management, Sales, Planning, HTTP, Www, COM, Vehicles, Parts, Workshops, Renewable Energy, Automobile, Marketing, Leadership, Internal Controls, Mentoring, Coordination, Real Estate, Gas, Tourism, Training, ERP Software, Export, Sourcing, Design, Lubricants, Packaging, Education, Scheduling, Manufacturing', ' toyota for ', 'Automotive', 'Bachelor of Engineering/Technology', 'Muscat Oman', '24', 3.16, '56f3bdd1e4b0e691de36df97', 1, 'hwresume/56f3bdd1e4b0e691de36df97.docx', 2147483647, 1463910721, 0, '0000-00-00 00:00:00'),
(740, 421149, 'David newman', '44-7714633338', 'davidnewman6@hotmail.co.uk', 'male', 'Newman', 'Australia', ' Sales, Marketing', ' Sales, Vehicles, Selling, Road, Key Performance Indicators, People Management, RMA, Automotive, Afghanistan', ' toyota for ', 'Automotive', 'Not Set', 'RMA Group', '24', 3.16, '56fcdd90e4b055584172c97c', 1, 'hwresume/56fcdd90e4b055584172c97c.docx', 2147483647, 1463910721, 0, '0000-00-00 00:00:00'),
(741, 421149, 'Jagadish appat', '971-507197705', 'jagoos5910@yahoo.com', 'male', 'palakkad', 'India', ' Sales, Business Analysis', ' COM, Gmail, Windows XP, Windows, Microsoft Excel, Microsoft Word, Corel Draw, Adobe Photoshop, C++, C', ' toyota for ', 'Automotive', 'Bachelor of Engineering/Technology', 'CVP', '60', 3.1, '56e37593e4b0c1466b15aeb6', 1, 'hwresume/56e37593e4b0c1466b15aeb6.docx', 2147483647, 1463910721, 0, '0000-00-00 00:00:00'),
(742, 421149, 'Boby m mathew', '91-4842633644', 'bobymathews@yahoo.com', 'male', 'ernakulam', 'India', ' Sales', ' Sales, Road, Automotive, LLC, GCC, Vehicles, Electronics, COM, Management, Marketing, Training, Analysis, Key Account Management, Credit', ' toyota for ', 'Automotive', 'Bachelor of Engineering/Technology', 'Al Moayyed Motors', '48', 3.1, '56f3ab67e4b0e691de36d8f0', 1, 'hwresume/56f3ab67e4b0e691de36d8f0.docx', 2147483647, 1463910721, 0, '0000-00-00 00:00:00'),
(743, 421149, 'Rakesh kumar g', '968-98092590', 'sebastianppthy@gamil.com', 'male', 'Cochin', 'India', ' Business Analysis, Sales', ' Gmail, COM, Construction, Heavy Equipment, Warranty, Computer Science, Education, Automobile, Vehicles, Automotive, Real Estate, Gas, Tourism, Troubleshooting', ' toyota for ', 'Automotive', 'Not Set', 'India', '55', 3.1, '571c5669e4b032b3f5fba527', 1, 'hwresume/571c5669e4b032b3f5fba527.docx', 2147483647, 1463910721, 0, '0000-00-00 00:00:00'),
(744, 421149, 'Srinesh krishna', '968-92563773', 'srineshkp@hotmail.com', 'male', 'Ernakulam', 'India', ' Sales', ' Sales, Finance, Road, COM, Project management, Leadership, Problem Solving, Communication Skills, Lotus Notes', ' toyota for ', 'Automotive', 'Not Set', 'SAUD BAHWAN GROUP', '60', 3.1, '56fba3b5e4b055584172bc6b', 1, 'hwresume/56fba3b5e4b055584172bc6b.docx', 2147483647, 1463910721, 0, '0000-00-00 00:00:00'),
(745, 421149, 'Riyadh - ksa', '966-569100201', 'sameheg5@yahoo.com', 'male', 'Not Set', 'Not Set', ' Sales', ' R, Training, Utilization, Planning, CSI, TS, Parts, Strategic planning, Budgeting, Communication, Inspection, IV, Management, Vehicles, Police, Painting, Quality Control, Sh, Warranty, Marketing, C, Sales, Vi, Design, EP', ' toyota for ', 'Automotive', 'Diploma', 'Not Set', '60', 3.1, '56e8ff50e4b0cef64a9a6724', 1, 'hwresume/56e8ff50e4b0cef64a9a6724.docx', 2147483647, 1463910721, 0, '0000-00-00 00:00:00'),
(746, 421149, 'Riyadh - ksa', '90990947', 'Not Set', 'Not Set', 'Not Set', 'Not Set', ' Sales', ' Sales, Finance, GCC, Education, Administration', ' toyota for ', 'Automotive', 'Bachelor, Business administration/management', 'Saud Bahwan Group', '60', 3.1, '56fba3bbe4b055584172bc70', 1, 'hwresume/56fba3bbe4b055584172bc70.docx', 2147483647, 1463910721, 0, '0000-00-00 00:00:00'),
(747, 421149, 'Prashant pande', '971-556740505', 'mripra_2@yahoo.com', 'male', 'Not Set', 'Not Set', ' Sales', ' Sales, Cell, null, Advertising, Training, Customer Satisfaction, Retail, Marketing, Mentoring, SAP, Export, Finance, Automotive, Insurance, Warranty', ' toyota for ', 'Automotive', 'Bachelor, Science', 'AL FUTTAIM MOTORS IMPORTER', '24', 2.83, '56f115c4e4b0852e05eee03d', 1, 'hwresume/56f115c4e4b0852e05eee03d.docx', 2147483647, 1463910721, 0, '0000-00-00 00:00:00'),
(748, 421198, 'Yahya abdallabusiness development managerat ferrara gomma llc', 'Not Set', 'yahyahassan.abdalla@gmail.com', 'male', 'Ferrara', 'Italy', ' Business Development', ' Sales, Marketing, LLC, Education, null, BSC, Project management, Driving, Planning, LESS, Fax, Web Application, Focus Groups, Market research, Newsletters, Posters, Flyers, Automotive, Automobile, Cold calling, Social Media, Advertising, Research, Parts, Vehicles', ' Sales for , Sales for , Sales for , Business Development for , Sales for ', 'Automotive', 'Not Set', 'ALICO, Dubai, UAE', '60', 4.63, '56e8f17ee4b0cef64a9a5785', 1, 'hwresume/56e8f17ee4b0cef64a9a5785.docx', 2147483647, 1466013492, 0, '0000-00-00 00:00:00'),
(749, 421198, 'Attachments', 'Not Set', 'ommakkieh@gmail.com', 'Not Set', 'Omar', 'United States', ' Sales, Business Development', ' Sales, Management, International Business, New Business Development, Finance, Education, Hotels, SLA, Tax, CPA, Financial Services, Leadership, Accounting, Negotiation, Flooring, Business Strategy, Hiring, Marketing, Budgets, Vehicles, Purchasing, Automotive, Options, Air Conditioning, Customer Satisfaction, Parts, LESS, Microsoft Office, Policy Analysis, Planning, Transportation, Insurance', ' Sales for , Sales for , Sales for , Business Development for , Sales for ', 'Automotive', 'Not Set', ' Textiles', '107', 4.63, '57248883e4b0729f0e06282f', 1, 'hwresume/57248883e4b0729f0e06282f.docx', 2147483647, 1466013492, 0, '0000-00-00 00:00:00'),
(750, 421198, 'Attachments', 'Not Set', 'ommakkieh@gmail.com', 'Not Set', 'Omar', 'United States', ' Sales, Business Development', ' Sales, Management, International Business, New Business Development, Finance, Education, Hotels, SLA, Tax, CPA, Financial Services, Leadership, Accounting, Negotiation, Flooring, Business Strategy, Hiring, Marketing, Budgets, Vehicles, Purchasing, Automotive, Options, Air Conditioning, Customer Satisfaction, Parts, LESS, Microsoft Office, Policy Analysis, Planning, Transportation, Insurance', ' Sales for , Sales for , Sales for , Business Development for , Sales for ', 'Automotive', 'Not Set', ' Textiles', '107', 4.63, '57248881e4b0729f0e06282e', 1, 'hwresume/57248881e4b0729f0e06282e.docx', 2147483647, 1466013492, 0, '0000-00-00 00:00:00'),
(751, 421198, 'Suhail tv b tech ( mech', '971-526650770', 'tv.suhail08@gmail.com', 'male', 'kozhikode', 'India', ' Business Development, Business Analysis', ' Sales, Marketing, null, Management, Scheduling, Forecasting, Planning, Order Fulfillment, Coordination, R, Trend Analysis, Analysis, MIS, New Business Development, RFQ, Risk Analysis, Export, Logistics, Transportation, Routing, Air Freight, Financial Planning, Design', ' Sales for , Sales for , Sales for , Business Development for , Sales for ', 'Automotive', '12th', 'Zultec', '53', 4.63, '56e31e0be4b0c1466b157fba', 1, 'hwresume/56e31e0be4b0c1466b157fba.docx', 2147483647, 1466013492, 0, '0000-00-00 00:00:00'),
(752, 421198, 'Puneet singh dadhwal', '91-8146704091', 'dadhwals07@gmail.com', 'male', 'rupnagar', 'India', ' Sales, Business Development', ' Www, Manufacturing, Sales, null, Automobile, New Business Development, Sourcing, Pricing, Cost Efficiency, Management, Road, Cold calling, Lead generation, team performance, Planning', ' Sales for , Sales for , Sales for , Business Development for , Sales for ', 'Automotive', 'Master, Business administration', 'Samrala, Ludhiana,', '60', 4.63, '56cd738ae4b0e4aeb5676218', 1, 'hwresume/56cd738ae4b0e4aeb5676218.docx', 2147483647, 1466013492, 0, '0000-00-00 00:00:00'),
(753, 421198, 'Ishaq ibrahim', 'Not Set', 'Not Set', 'male', 'Not Set', 'Not Set', ' Business Development, Sales', ' Sales, GCC, Automotive, Construction, Banking, null, Problem Solving, Team Management, Communication Skills, Automobile', ' Sales for , Sales for , Sales for , Business Development for , Sales for ', 'Automotive', 'Not Set', '6 Years ', '72', 4.63, '56e2bf81e4b060af97f50c7a', 1, 'hwresume/56e2bf81e4b060af97f50c7a.docx', 2147483647, 1466013492, 0, '0000-00-00 00:00:00'),
(754, 421198, 'Ishaq ibrahim', 'Not Set', 'Not Set', 'male', 'Not Set', 'Not Set', ' Business Development, Sales', ' Sales, GCC, Automotive, Construction, Banking, null, Problem Solving, Team Management, Communication Skills, Automobile', ' Sales for , Sales for , Sales for , Business Development for , Sales for ', 'Automotive', 'Not Set', '6 Years ', '72', 4.63, '56f282f8e4b0a3249dc0100c', 1, 'hwresume/56f282f8e4b0a3249dc0100c.docx', 2147483647, 1466013492, 0, '0000-00-00 00:00:00'),
(755, 421198, 'Syed shaz iqbal', '91-9830278140', 'shaz.cal@gmail.com', 'male', 'Kolkata', 'India', ' Sales, Business Development', ' Marketing, Sales, Brand Management, Key Account Management, CDMA, Retail, Channel Partners, Direct Sales, Road, Analysis, Customer Satisfaction', ' Sales for , Sales for , Sales for , Sales for , Business Development for , Sales for ', 'Automotive', 'Not Set', 'Reliance', '60', 4.63, '571c5768e4b032b3f5fba599', 1, 'hwresume/571c5768e4b032b3f5fba599.docx', 2147483647, 1466013492, 0, '0000-00-00 00:00:00'),
(756, 421198, 'Kannan p r', '+974 5887517', 'kannan.ramachandran@gmail.com', 'male', 'Not Set', 'Not Set', ' Business Development', ' Sales, Marketing, null, Strategic planning, Team Management, Administration, Problem Solving, Relationship Building, Interpersonal Skills, Analytics, R, Business Planning, Analysis, Market research, Consumer Behaviour, Mentoring, Negotiation, Training', ' Sales for , Sales for , Business Development for , Sales for ', 'Automotive', 'Bachelor, Commerce', 'HCL Info Systems', '101', 4.63, '56f11683e4b0852e05eee0aa', 1, 'hwresume/56f11683e4b0852e05eee0aa.docx', 2147483647, 1466013492, 0, '0000-00-00 00:00:00'),
(757, 421198, 'Kotra sunil kumar', '91-8904339046', 'kotrasunil@gmail.com', 'male', 'Anantapur', 'India', ' Business Development, Sales', ' null, Marketing, Sales, Microsoft Dynamics, FMCG, Pricing, Automation, Analytics, Interpersonal Skills, Team Management, Communication, Wind, Retail, Coordination', ' Sales for , Sales for , Sales for , Sales for , Business Development for , Sales for ', 'Automotive', 'Master, Business administration', 'Pine Labs Pvt. Ltd', '60', 4.63, '56dafb64e4b0fb23d2ae23da', 1, 'hwresume/56dafb64e4b0fb23d2ae23da.docx', 2147483647, 1466013492, 0, '0000-00-00 00:00:00'),
(758, 421198, 'Madam', 'Not Set', 'aman1980bhatia@yahoo.com', 'Not Set', 'Reliance', 'United States', ' Sales, Business Development', ' Sales, Cold calling, Finance, Road, Management, Selling, Automotive, LLC, Real Estate, Hospitality, Vehicles, Customer Satisfaction, Training', ' Sales for , Sales for , Sales for , Sales for , Business Development for , Sales for ', 'Automotive', 'Not Set', 'Relinace Communications Ltd', '60', 4.63, '570cd6dae4b0808395ca26d9', 1, 'hwresume/570cd6dae4b0808395ca26d9.docx', 2147483647, 1466013492, 0, '0000-00-00 00:00:00'),
(759, 421198, 'Mahesh pillai', '95330164', 'mahesh.p.pillai@gmail.com', 'male', 'Chandrapur', 'India', ' Business Development, Marketing', ' Road, Brand Management, Management, Testing, AutoCAD, CATIA, Autodesk Inventor', ' Sales for , Sales for , Sales for , Business Development for , Sales for ', 'Automotive', 'Doctorate', 'Automotive', '84', 4.63, '56f3af7fe4b0e691de36dbc5', 1, 'hwresume/56f3af7fe4b0e691de36dbc5.docx', 2147483647, 1466013492, 0, '0000-00-00 00:00:00'),
(760, 421198, 'Rajesh maheshwari', '+91 971501505890', 'maheshwari1977@rediffmail.com', 'male', 'Sharjah', 'United Arab Emirates', ' Sales, Business Development', ' Sales, Marketing, Management, Business, Trading, Forecasting, Strategic planning, Analysis, Negotiation, Framing, Customer Satisfaction, networking, Driving, Team Management, Process Efficiency, Mentoring, Recruiting, HCV, Vehicles', ' Sales for , Sales for , Sales for , Sales for , Business Development for , Sales for ', 'Automotive', 'Master, Business administration', 'Trading Firm, Dubai', '84', 4.63, '56efe7afe4b096f6dd3af233', 1, 'hwresume/56efe7afe4b096f6dd3af233.docx', 2147483647, 1466013492, 0, '0000-00-00 00:00:00'),
(761, 421198, 'Vidhuna viswanathan', 'Not Set', 'vidhuna.viswanathan@gmail.com', 'Not Set', 'Larsen', 'United States', ' Business Development', ' Design, null, Education, Road, SAI, C, Fax, Construction, Project management, Sales, Marketing, Automotive, Project Planning, Scheduling, business requirement, Market Analysis, Functional Specifications, LESS', ' Sales for , Sales for , Business Development for , Sales for ', 'Automotive', 'Not Set', 'Engineering', '48', 4.63, '56e7fe92e4b0cef64a9a5140', 1, 'hwresume/56e7fe92e4b0cef64a9a5140.docx', 2147483647, 1466013492, 0, '0000-00-00 00:00:00'),
(762, 421198, 'Vidhuna viswanathan', 'Not Set', 'vidhuna.viswanathan@gmail.com', 'Not Set', 'Larsen', 'United States', ' Business Development', ' Design, null, Education, Road, SAI, C, Fax, Construction, Project management, Sales, Marketing, Automotive, Project Planning, Scheduling, business requirement, Market Analysis, Functional Specifications, LESS', ' Sales for , Sales for , Business Development for , Sales for ', 'Automotive', 'Not Set', 'Engineering', '48', 4.63, '56e7fe92e4b0cef64a9a5140', 1, 'hwresume/56e7fe92e4b0cef64a9a5140.docx', 2147483647, 1466013492, 0, '0000-00-00 00:00:00'),
(763, 421198, 'Vidhuna viswanathan', '91-9885151806', 'mohammedasif20@live.com', 'Not Set', 'Visakhapatnam', 'India', ' Sales, Business Development', ' Sales, Www, Management, Integration, Negotiation, Communication Skills, Troubleshooting, Skype, Administration, Market Risk, Consulting, Research, Insurance, Customer Experience, Urdu, Writing, BASIC, Science, Leadership, Communication, Policy, Workshops, Customer Satisfaction, Marketing, European Union, Driving', ' Sales for , Sales for , Business Development for , Sales for ', 'Automotive', 'Bachelor, Science', 'Bahrain', '71', 4.63, '56e7ed84e4b0a0130bf74101', 1, 'hwresume/56e7ed84e4b0a0130bf74101.docx', 2147483647, 1466013492, 0, '0000-00-00 00:00:00'),
(764, 421198, 'Vidhuna viswanathan', '91-9885151806', 'mohammedasif20@live.com', 'Not Set', 'Visakhapatnam', 'India', ' Sales, Business Development', ' Sales, Www, Management, Integration, Negotiation, Communication Skills, Troubleshooting, Skype, Administration, Market Risk, Consulting, Research, Insurance, Customer Experience, Urdu, Writing, BASIC, Science, Leadership, Communication, Policy, Workshops, Customer Satisfaction, Marketing, European Union, Driving', ' Sales for , Sales for , Business Development for , Sales for ', 'Automotive', 'Bachelor, Science', 'Bahrain', '71', 4.63, '56e7ed84e4b0a0130bf74101', 1, 'hwresume/56e7ed84e4b0a0130bf74101.docx', 2147483647, 1466013492, 0, '0000-00-00 00:00:00'),
(765, 421198, 'Shafeek abdul salamcustomer relation executiveat', 'Not Set', 'shafeeksalam86@gmail.com', 'male', 'Abu Dhabi', 'United Arab Emirates', ' Business Development', ' Microsoft Excel, LESS, Management, Education, Marketing, Fax, null, Selling, Training, Web Application, AED, Sales, Automobile, Soft Skills, Statistics, Sales Process', ' Sales for , Sales for , Sales for , Business Development for , Sales for ', 'Automotive', 'Doctorate', 'Retail/Wholesale', '78', 4.47, '56e920a8e4b0cef64a9a7673', 1, 'hwresume/56e920a8e4b0cef64a9a7673.docx', 2147483647, 1466013492, 0, '0000-00-00 00:00:00'),
(766, 421198, 'Kamran ansari', '050- 8737287', 'k_saeed2010@yahoo.com', 'male', 'Not Set', 'Not Set', ' Sales, Business Development', ' Sales, Client Relations, Customer Service, New Business Development, Marketing, Direct Sales, Relationship Building, Finance, Banking, null, Credit Cards, Insurance, Road, Administration, Loans, Vehicles, Presentations, Customer Satisfaction, Payroll', ' Sales for , Sales for , Sales for , Sales for , Business Development for , Sales for ', 'Automotive', 'Not Set', 'MERCEDES BENZ (GARGASH ENTERPRISES L.L.C), Dubai,', '96', 4.47, '56f11385e4b0852e05eededa', 1, 'hwresume/56f11385e4b0852e05eededa.docx', 2147483647, 1466013492, 0, '0000-00-00 00:00:00'),
(767, 421198, 'Anshad j', '971-553964476', 'anshad_jb@hotmail.com', 'Not Set', 'Dubai', 'United Arab Emirates', ' Sales, Business Development', ' Sales, null, Marketing, Finance, Writing, Road, Management, Training', ' Sales for , Sales for , Sales for , Sales for , Business Development for , Sales for ', 'Automotive', 'Bachelor, Arts', 'Not Set', '84', 4.47, '56e35663e4b0c1466b159e40', 1, 'hwresume/56e35663e4b0c1466b159e40.docx', 2147483647, 1466013492, 0, '0000-00-00 00:00:00'),
(768, 421198, 'Ashish chaturvedy', '971-506280716', 'ashishchaturvedy@yahoo.com', 'male', 'Sharjah', 'United Arab Emirates', ' Business Development, Marketing', ' Pricing, Marketing, Sales, Communication, Packaging, Advertising, Analysis, Web Application, Corporate Communications, Business Development, Brand Management, CRM, Scheme, Retail, EASA, Management, Brand Awareness, Media Planning, Direct Marketing, Sales Process, Visualization, Design', ' Sales for , Sales for , Sales for , Business Development for , Sales for ', 'Automotive', 'Not Set', 'Al Gurg', '96', 4.47, '570e2771e4b0808395ca2d06', 1, 'hwresume/570e2771e4b0808395ca2d06.docx', 2147483647, 1466013492, 0, '0000-00-00 00:00:00'),
(769, 421198, 'Chhavniwala rubina farid mohd e', '971-502256350', 'ruby_micky@yahoo.com', 'female', 'Not Set', 'Not Set', ' Business Development, Sales', ' LLC, Shipping, Administration, Education, FCL, GCC, LCL, null, Logistics, Sales, Export, Import, Adobe Integrated Runtime, Road, Negotiation, Marketing, Transportation, Microsoft Excel, Outlook Express, Microsoft Word, Windows, Tally ERP, Airlines', ' Sales for , Sales for , Sales for , Sales for , Business Development for , Sales for ', 'Automotive', 'Not Set', 'ROYAL PEARL LOGISTICS & TRANSPORT LLC', '108', 4.47, '56efe79de4b096f6dd3af222', 1, 'hwresume/56efe79de4b096f6dd3af222.docx', 2147483647, 1466013492, 0, '0000-00-00 00:00:00'),
(770, 421198, 'D udhay varma', '966-596053206', 'udhayvarma@gmail.com', 'Not Set', 'Al Khobar', 'Saudi Arabia', ' Support, Business Development', ' Sales, Management, MIS, null, Marketing, Vehicles, Construction, Finance, Sales Operations, Customer Satisfaction, Key Account Management, Customer Service, Retail, Prototype Javascript Framework, Negotiation, Analysis, DG Sets, Welding, Lubricants', ' Sales for , Sales for , Sales for , Sales for , Business Development for , Sales for ', 'Automotive', 'Diploma', 'Team Management', '96', 4.47, '56e2bf91e4b060af97f50c87', 1, 'hwresume/56e2bf91e4b060af97f50c87.docx', 2147483647, 1466013492, 0, '0000-00-00 00:00:00'),
(771, 421198, 'Paramerswaran d', '91-9003632378', 'parameswarmba@gmail.com', 'Not Set', 'Muscat', 'Oman', ' Software, Sales', ' Business, LLC, Tires, Invoicing, Interpersonal Skills, Management, Recruiting, Sales', ' Sales for , Sales for , Sales for , Business Development for , Sales for ', 'Automotive', 'Not Set', 'Not Set', '84', 4.47, '56e30b7ce4b0c1466b15752c', 1, 'hwresume/56e30b7ce4b0c1466b15752c.docx', 2147483647, 1466013492, 0, '0000-00-00 00:00:00'),
(772, 421198, 'Maged mohammed el', '561388998', 'maged.eldakrory@gmail.com', 'male', 'Dubai', 'United Arab Emirates', ' Business Development', ' Aftersales, Marketing, Planning, null, Kaizen, Ion, HTTP, https, Parts, Sales, Management, Key Performance Indicators, Negotiation, Training, Leadership, Analysis, GCC, Sourcing, Pricing, Vehicles, Design, System Deployment, Performance Improvement, Problem Solving, Presentation Skills, Sports, Union, Driving, Communication, Customer Retention, Executive Management, PDCA, CSI, Insurance', ' Sales for , Sales for , Sales for , Business Development for , Sales for ', 'Automotive', 'Bachelor of Engineering/Technology', 'Not Set', '90', 4.47, '56e30d99e4b0c1466b157674', 1, 'hwresume/56e30d99e4b0c1466b157674.docx', 2147483647, 1466013492, 0, '0000-00-00 00:00:00'),
(773, 421198, 'Mohammed faheem javeed', '91-9659677346', 'faheemjaved74@yahoo.com', 'male', 'Safat', 'Kuwait', ' Business Development, Sales', ' Sales, Vehicles, Customer Relations, null, Automobile, Client Relations, Pricing, People Skills, Leadership, Communication, Payments, Public Sector, Trading, Running, Parts, Automotive, Export, Import, Luxury, Warranty, Retail, Finance, Security, Heavy Equipment, Microsoft Excel, Microsoft Word', ' Sales for , Sales for , Sales for , Business Development for , Sales for ', 'Automotive', 'Bachelor, Commerce', 'Not Set', '108', 4.47, '56efe8a9e4b096f6dd3af2b4', 1, 'hwresume/56efe8a9e4b096f6dd3af2b4.docx', 2147483647, 1466013492, 0, '0000-00-00 00:00:00'),
(774, 421198, 'Levente sandor general information', 'Not Set', 'levy_imi@yahoo.com', 'male', 'Bucharest', 'Romania', ' Business Development, Sales', ' Sales, German, Romanian, Vehicles, Product Launch, Marketing, null, Selling, Advertising, Planning, Raw Materials, Manufacturing, Customer Satisfaction, Coaching, Leadership, BASIC, Invoicing, Trade Shows, Workshops, Analysis, Business Strategy, Trading, Acting, Automotive, European Markets, Budgets, Management, Ambulance, Documentation, Go, CRM, Lotus Notes, CATIA, Computer hardware, Driving, ISO 9001', ' Sales for , Sales for , Sales for , Sales for , Business Development for , Sales for ', 'Automotive', 'Bachelor, Arts', 'Not Set', '72', 4.47, '565ea0afe4b065234207d628', 1, 'hwresume/565ea0afe4b065234207d628.docx', 2147483647, 1466013492, 0, '0000-00-00 00:00:00'),
(775, 421198, 'Karthikeyan', '971-557500580', 'karthik3342@gmail.com', 'male', 'Abu Dhabi', 'United Arab Emirates', ' Sales, Business Development', ' Sales, null, CRM, Power Systems, Mining, Construction, Power Generation, Brand Awareness, Direct Sales, Customer Service, New Business Development, Training, Coaching, Negotiation, Management, Forecasting, SNAP, LLC, Comet, UG, ISO, GCC, Customer Retention, Heavy Equipment, Database, Analysis, Utilization, Pricing, Cement', ' Sales for , Sales for , Sales for , Sales for , Business Development for , Sales for ', 'Automotive', 'Not Set', 'Not Set', '76', 4.47, '56db1a9ce4b0dc00729885a9', 1, 'hwresume/56db1a9ce4b0dc00729885a9.docx', 2147483647, 1466013492, 0, '0000-00-00 00:00:00'),
(776, 421198, 'Sumit khurana', '39171411', 'sumkh23@yahoo.com', 'male', 'Faridabad', 'India', ' Business Development, Sales', ' Road', ' Sales for , Sales for , Sales for , Business Development for , Sales for ', 'Automotive', 'Master, Business administration', 'Not Set', '84', 4.47, '56efe78be4b096f6dd3af217', 1, 'hwresume/56efe78be4b096f6dd3af217.docx', 2147483647, 1466013492, 0, '0000-00-00 00:00:00'),
(777, 421198, 'Mahmood yasin', 'Not Set', 'Not Set', 'male', 'Not Set', 'Not Set', ' Sales, Business Development', ' French, Driving, Sales, GCC, Education', ' Sales for , Sales for , Sales for , Sales for , Business Development for , Sales for ', 'Automotive', 'Not Set', '5 Years', '60', 4.47, '56e2b57ce4b060af97f5041f', 1, 'hwresume/56e2b57ce4b060af97f5041f.docx', 2147483647, 1466013492, 0, '0000-00-00 00:00:00'),
(778, 421198, 'Mohammad yasirnational', 'Not Set', 'md.yasir12@gmail.com', 'male', 'Dubai', 'United Arab Emirates', ' Support, Business Development', ' Management, Sales, null, Education, Fax, Web Application, Automotive, LESS, Credit, Sales Process, Trade Shows, Oversight, BASIC', ' Sales for , Sales for , Sales for , Business Development for , Sales for ', 'Automotive', 'Not Set', 'And Productions', '108', 4.47, '56e8f3abe4b0cef64a9a59ce', 1, 'hwresume/56e8f3abe4b0cef64a9a59ce.docx', 2147483647, 1466013492, 0, '0000-00-00 00:00:00'),
(779, 421198, 'Vijay singh sengar', 'Not Set', 'vijaysinghsengar@gmail.com', 'male', 'Not Set', 'Not Set', ' Business Development, Support', ' Sales, Microsoft Excel, Microsoft PowerPoint, Outlook, HRIS, EIS, Microsoft Word, report writing, Lead generation, Brokers, Policy, Testing, Automotive, Research, Buyers, Sellers, Vehicles', ' Sales for , Sales for , Business Development for , Sales for ', 'Automotive', '10th', 'Stallion Group, Lagos', '96', 4.47, '565eabe5e4b065234207e082', 1, 'hwresume/565eabe5e4b065234207e082.docx', 2147483647, 1466013492, 0, '0000-00-00 00:00:00'),
(780, 421198, 'Vladimir', '971-567463284', 'vmiokovic@hotmail.com', 'male', 'Not Set', 'Not Set', ' Business Development, Sales', ' Procurement, Purchasing, CV, Afghanistan, Interpersonal Skills, Ethics, Leadership, null, Sales, Research, Negotiation, Estimates, Market research, networking, Adobe Integrated Runtime, Management, Parts, Autodesk Inventor, Automobile, Customer Satisfaction, GTD, Driving, C, Buyers, Writing, Documentation, Database, Raw Materials, DoD, Supply chain management, Supply Chain, Warehousing, Sourcing, Data Management, Invoicing, Pricing, Logistics, Routing, Transportation', ' Sales for , Sales for , Sales for , Business Development for , Sales for ', 'Automotive', 'Not Set', 'Automotive Service', '58', 4.47, '56e33ad2e4b0c1466b158f16', 1, 'hwresume/56e33ad2e4b0c1466b158f16.docx', 2147483647, 1466013492, 0, '0000-00-00 00:00:00'),
(781, 421198, 'Raouf a ibrahim', '971-506566530', 'raoufibrahim@hotmail.com', 'male', 'Dubai', 'United Arab Emirates', ' Business Development, QA', ' Sales, Purchasing, Storage, Utilities, Hygiene, Planning, Business, Marketing, Statistics, Pricing, Training, Database, Communication, Management, Front Office', ' Sales for , Sales for , Business Development for , Sales for ', 'Automotive', 'Bachelor, Science', 'Not Set', '42', 4.33, '56f11ed7e4b0852e05eee5f6', 1, 'hwresume/56f11ed7e4b0852e05eee5f6.docx', 2147483647, 1466013492, 0, '0000-00-00 00:00:00'),
(782, 421198, 'Mohammed khalil', '20-08-1983', 'm.ariqat@gmail.com', 'male', 'Kuwait', 'Kuwait', ' Sales, Business Development', ' Automotive, Administration, Marketing, Sales, Writing', ' Sales for , Sales for , Business Development for , Sales for ', 'Automotive', 'Master, Business administration', 'Dhafra International Projects Group', '107', 4.14, '571c6247e4b032b3f5fbaa55', 1, 'hwresume/571c6247e4b032b3f5fbaa55.docx', 2147483647, 1466013492, 0, '0000-00-00 00:00:00'),
(783, 421198, 'Fijas ahamed', '056 7402619', 'ufijas@gmail.com', 'Not Set', 'Abu Dhabi', 'United Arab Emirates', ' Marketing, Business Development', ' Training, Driving, Marketing, Sales, Trading, Sales Management, Business, Customer Relations, Analysis, Team Leadership, business analysis, Negotiation', ' Sales for , Sales for , Sales for , Business Development for , Sales for ', 'Automotive', 'Not Set', 'Ebco Pvt Ltd', '36', 4.01, '56e35ffbe4b0c1466b15a35b', 1, 'hwresume/56e35ffbe4b0c1466b15a35b.docx', 2147483647, 1466013492, 0, '0000-00-00 00:00:00'),
(784, 421198, 'Sainuddeen k s', '974-30255492', 'sainuddeenks@gmail.com', 'Not Set', 'Holder', 'United States', ' Business Development', ' Welding, Lighting, Typing, Microsoft Excel, Automobile', ' Sales for , Business Development for , Sales for ', 'Automotive', 'Not Set', 'Not Set', '36', 4.01, '5704c73ae4b039360175d468', 1, 'hwresume/5704c73ae4b039360175d468.docx', 2147483647, 1466013492, 0, '0000-00-00 00:00:00');
INSERT INTO `ch_profile` (`profile_id`, `jobid`, `name`, `phone`, `email`, `gender`, `location`, `country`, `job_function`, `skills`, `match_skills`, `job_industry`, `education`, `curr_company`, `tot_exp`, `rating`, `personid`, `status`, `resumepath`, `date_of_creation`, `last_updated`, `download_status`, `download_date`) VALUES
(785, 421198, 'Adnan majeed', '971-503057919', 'adnanmajeed.01@gmail.com', 'male', 'Not Set', 'Not Set', ' Sales, Business Development', ' Www, Sales, Credit, Manufacturing, Driving, business process, Outsourcing, Payments, Training, Customer Service, Communication, IP', ' Sales for , Sales for , Sales for , Business Development for , Sales for ', 'Automotive', 'Master, Business administration', 'Not Set', '60', 4, '56e35142e4b0c1466b159b72', 1, 'hwresume/56e35142e4b0c1466b159b72.docx', 2147483647, 1466013492, 0, '0000-00-00 00:00:00'),
(786, 421198, 'Ram v chandrasekharan', '973-33417090', 'mannadiyar@hotmail.com', 'male', 'Not Set', 'Not Set', ' Business Development', ' Pricing, Export, Parts, Sales, null, Strategic planning, Marketing, deadline, Problem Solving, Options, Design', ' Sales for , Sales for , Sales for , Business Development for , Sales for ', 'Automotive', 'Master, Business administration', 'Not Set', '35', 3.95, '56e31a5ce4b0c1466b157dd4', 1, 'hwresume/56e31a5ce4b0c1466b157dd4.docx', 2147483647, 1466013492, 0, '0000-00-00 00:00:00'),
(787, 421198, 'A reputed', '91-9738124552', 'raxitr777@gmail.com', 'Not Set', 'Not Set', 'Not Set', ' Business Development, Marketing', ' Vehicles, Customer Support, Automobile, Marketing, Business, Strategic planning, Outlook', ' Sales for , Sales for , Business Development for , Sales for ', 'Automotive', 'Not Set', 'United Toyota', '36', 3.87, '56e2b9e4e4b060af97f507d6', 1, 'hwresume/56e2b9e4e4b060af97f507d6.docx', 2147483647, 1466013492, 0, '0000-00-00 00:00:00'),
(788, 421198, 'Imtiaz ( ian', '91-7875361224', 'ianbhatti@gmail.com', 'male', 'Newcastle Upon Tyne', 'United Kingdom', ' , Business Development', ' Sales, Parts, Sales Operations, Management, Customer Retention, Customer Satisfaction, Leadership, Marketing, Financial Reporting, Wholesale, Selling, Business, Retail, Export, Purchasing, Trading, Japanese, Construction, Communication', ' Sales for , Sales for , Sales for , Sales for , Business Development for , Sales for ', 'Automotive', 'Not Set', 'Career Path', '36', 3.87, '56e38547e4b0c1466b15b694', 1, 'hwresume/56e38547e4b0c1466b15b694.docx', 2147483647, 1466013492, 0, '0000-00-00 00:00:00'),
(789, 421198, 'A nehru nagar', '91-9842002920', 'sujamagi_81@yahoo.co.in', 'male', 'Coimbatore', 'India', ' Business Development, Marketing', ' Sales, Marketing, Management, Leadership, Planning, Organization Skills, Scheme, Drafting, Documentation, Road, Vehicles, Automotive', ' Sales for , Sales for , Sales for , Business Development for , Sales for ', 'Automotive', 'Bachelor, Arts', 'Not Set', '72', 3.82, '56f113e7e4b0852e05eedf19', 1, 'hwresume/56f113e7e4b0852e05eedf19.docx', 2147483647, 1466013492, 0, '0000-00-00 00:00:00'),
(790, 421198, 'Tehseen ahmed qazi', 'Not Set', 'tehseen_144@hotmail.com', 'male', 'Dubai', 'Not Set', ' Sales, Business Development', ' Business, Sales, Marketing, Management, Education, Customer Service, Consulting, Training, Presentations, Team Management, Leadership', ' Sales for , Sales for , Business Development for , Sales for ', 'Automotive', 'Not Set', 'Consulting Services', '99', 3.82, '57413b8fe4b03f31bcdc60e2', 1, 'hwresume/57413b8fe4b03f31bcdc60e2.docx', 2147483647, 1466013492, 0, '0000-00-00 00:00:00'),
(791, 421198, 'Tehseen ahmed qazi', 'Not Set', 'tehseen_144@hotmail.com', 'male', 'Dubai', 'Not Set', ' Sales, Business Development', ' Business, Sales, Marketing, Management, Education, Customer Service, Consulting, Training, Presentations, Team Management, Leadership', ' Sales for , Sales for , Business Development for , Sales for ', 'Automotive', 'Not Set', 'Consulting Services', '99', 3.82, '57413b8fe4b03f31bcdc60e2', 1, 'hwresume/57413b8fe4b03f31bcdc60e2.docx', 2147483647, 1466013492, 0, '0000-00-00 00:00:00'),
(792, 421198, 'Babu ibrahim', '91-7411949748', 'babuibrahime@gmail.com', 'male', 'Not Set', 'Not Set', ' Business Development', ' Trading, LLC, ISM, Event Management, null, Retail, Purchase Management, Administration, Marketing, Management, Sales, RVs, Science, Public Relations, Leadership, Logistics, Training, deadline, New Business Development, Communication Skills, Brand Awareness', ' Sales for , Sales for , Business Development for , Sales for ', 'Automotive', 'Not Set', 'NITSA GENERAL TRADING', '104', 3.82, '56c55303e4b0b6a8c37b6645', 1, 'hwresume/56c55303e4b0b6a8c37b6645.docx', 2147483647, 1466013492, 0, '0000-00-00 00:00:00'),
(793, 421198, 'I ffat tahir', '33666420', 'sultanaiffat@hotmail.com', 'male', 'Karachi', 'Pakistan', ' Business Development', ' Pharmacy, Sales, Communication, Planning, Policy, null, Training, Regulatory Affairs, Quality Assurance, Import, Interpersonal Skills, Medical Terminology, Literature, Analysis, Medicine, Oncology, Quality Control, Manufacturing, HPLC', ' Sales for , Business Development for , Sales for ', 'Automotive', 'Not Set', 'Not Set', '60', 3.82, '56db08b4e4b0dc0072986e6e', 1, 'hwresume/56db08b4e4b0dc0072986e6e.docx', 2147483647, 1466013492, 0, '0000-00-00 00:00:00'),
(794, 421198, 'I ffat tahir', '33666420', 'sultanaiffat@hotmail.com', 'male', 'Karachi', 'Pakistan', ' Business Development', ' Pharmacy, Sales, Communication, Planning, Policy, null, Training, Regulatory Affairs, Quality Assurance, Import, Interpersonal Skills, Medical Terminology, Literature, Analysis, Medicine, Oncology, Quality Control, Manufacturing, HPLC', ' Sales for , Business Development for , Sales for ', 'Automotive', 'Not Set', 'Not Set', '60', 3.82, '56db08b4e4b0dc0072986e6e', 1, 'hwresume/56db08b4e4b0dc0072986e6e.docx', 2147483647, 1466013492, 0, '0000-00-00 00:00:00'),
(795, 421198, 'I ffat tahir', '81378899', 'Not Set', 'Not Set', 'Muscat', 'Oman', ' Business Development, Marketing', ' Marketing, Sales, ATL, Automotive, Research, SBA, LLC, Advertising, GCC, Automobile, Parts, Leadership, Workshops, Management, Market research, Customer Service, Driving, Education, Presentations, Cold calling, Fashion Design', ' Sales for , Sales for , Business Development for , Sales for ', 'Automotive', 'Bachelor of Engineering/Technology', 'Automotive', '84', 3.82, '56f3af7ce4b0e691de36dbc4', 1, 'hwresume/56f3af7ce4b0e691de36dbc4.docx', 2147483647, 1466013492, 0, '0000-00-00 00:00:00'),
(796, 421198, 'Shoury kuttappa', '91-9790317734', 'shoury01@yahoo.co.in', 'Not Set', 'Coimbatore', 'India', ' Business Development, Human Resources', ' Sales, Planning, Management, Human Resource Development, business process, Retail, Organizational Development, null, Marketing, Leadership, Analysis, Tactics, WLL, Key Account Management, Pricing, Road, Functional Specifications, deadline, Sales Operations, Market research, Export, International Business, FMCG, Scheduling, Procurement, EDI, Sourcing, Negotiation', ' Sales for , Sales for , Business Development for , Sales for ', 'Automotive', 'Not Set', 'Pricol Limited, Coimbatore,', '96', 3.69, '56e2cd35e4b060af97f514c1', 1, 'hwresume/56e2cd35e4b060af97f514c1.docx', 2147483647, 1466013492, 0, '0000-00-00 00:00:00'),
(797, 421198, 'L faiyaz ahmed', '0091 4298', 'yours_faiyaz@yahoo.co.in', 'male', 'salem', 'India', ' Business Analysis, Business Development', ' GSM, Business Development, Selling, Sales, Marketing, Export, Pricing, GMI, Operating Systems, Unix, DOS, C++, Nastran, Autodesk AutoCAD, C, Finite Element Analysis, Analysis, Business Planning, Automotive, SAP, Wind, Training, Aluminum', ' Sales for , Sales for , Business Development for , Sales for ', 'Automotive', 'Not Set', 'Saud Bahwan Group ', '28', 3.54, '5716102ae4b0d40740f7b772', 1, 'hwresume/5716102ae4b0d40740f7b772.docx', 2147483647, 1466013492, 0, '0000-00-00 00:00:00'),
(798, 421198, 'Siju george', '91-9961220207', 'sijugeorge44@gmail.com', 'male', 'ernakulam', 'India', ' Marketing, Business Development', ' Sales, null, Security, Vertica, Skype, Management, Field Work, Market research, Payments, Forecasting, CRM, Documentation, Communication, Presentations, Training, Flyers', ' Sales for , Sales for , Sales for , Business Development for , Sales for ', 'Automotive', 'Master, Business administration', 'Career Progression', '30', 3.54, '572cca61e4b0f69d57f065d7', 1, 'hwresume/572cca61e4b0f69d57f065d7.docx', 2147483647, 1466013492, 0, '0000-00-00 00:00:00'),
(799, 421198, 'D imple vishwakarma', '971-508532318', 'dipvishk11@outlook.com', 'Not Set', 'Thane', 'Australia', ' Business Development', ' Water, R, Fashion, Customer Service, Customer Satisfaction, Sales, Management, Automobile, Teamwork, PBX, Troubleshooting, MIS, Customer Support', ' Sales for , Sales for , Business Development for , Sales for ', 'Automotive', 'Not Set', 'AUTOMOBILE CONSULTING SERVICES, LLC', '36', 3.31, '56fce3d9e4b055584172ccaa', 1, 'hwresume/56fce3d9e4b055584172ccaa.docx', 2147483647, 1466013492, 0, '0000-00-00 00:00:00'),
(800, 421198, 'D imple vishwakarma', '971-508532318', 'dipvishk11@outlook.com', 'Not Set', 'Thane', 'Australia', ' Business Development', ' Water, R, Fashion, Customer Service, Customer Satisfaction, Sales, Management, Automobile, Teamwork, PBX, Troubleshooting, MIS, Customer Support', ' Sales for , Sales for , Business Development for , Sales for ', 'Automotive', 'Not Set', 'AUTOMOBILE CONSULTING SERVICES, LLC', '36', 3.31, '56fce3d9e4b055584172ccaa', 1, 'hwresume/56fce3d9e4b055584172ccaa.docx', 2147483647, 1466013492, 0, '0000-00-00 00:00:00'),
(801, 421198, 'M adhur prabhakar', '91-9560605222', 'madhurprabhakar@gmail.com', 'male', 'Faridabad', 'India', ' Business Development, Marketing', ' KRAs, Analytics, Marketing, Business Strategy, Retail, International Trade, Zinc, Pricing, Product Development, Waste, Options, NGOs, Coordination, Management, Business Transformation, Marketing strategy, Channel Partners, Sourcing, CDM, Trading, Facilitation, Sales, Finance, Japanese, Utilities, Leadership, Climate Change, Renewable Energy, Sustainability, Vi, Consulting, International Relations', ' Sales for , Sales for , Business Development for , Sales for ', 'Automotive', '10th', 'Not Set', '24', 3.27, '56e2cd50e4b060af97f514d1', 1, 'hwresume/56e2cd50e4b060af97f514d1.docx', 2147483647, 1466013492, 0, '0000-00-00 00:00:00'),
(802, 421198, 'Venancious irudayaraj p o box - 20010, dubai uae', '050-9811378', 'venancious2@yahoo.co.in', 'Not Set', 'Dubai', 'United Arab Emirates', ' Business Development, Marketing', ' Automobile, Sales, Warranty, Analysis, Policy, Software Installation, Quality Control, Communication Skills, Problem Solving, null, Overhaul, Vehicles, Marketing, Training', ' Sales for , Business Development for , Sales for ', 'Automotive', '10th', 'Not Set', '60', 3.21, '56f120e0e4b0852e05eee747', 1, 'hwresume/56f120e0e4b0852e05eee747.docx', 2147483647, 1466013492, 0, '0000-00-00 00:00:00'),
(803, 421198, 'Venancious irudayaraj p o box - 20010, dubai uae', '050-9811378', 'venancious2@yahoo.co.in', 'Not Set', 'Dubai', 'United Arab Emirates', ' Business Development, Marketing', ' Automobile, Sales, Warranty, Analysis, Policy, Software Installation, Quality Control, Communication Skills, Problem Solving, null, Overhaul, Vehicles, Marketing, Training', ' Sales for , Business Development for , Sales for ', 'Automotive', '10th', 'Not Set', '60', 3.21, '56f120e0e4b0852e05eee747', 1, 'hwresume/56f120e0e4b0852e05eee747.docx', 2147483647, 1466013492, 0, '0000-00-00 00:00:00');

-- --------------------------------------------------------

--
